{"id":92825,"date":"2026-03-10T17:00:16","date_gmt":"2026-03-10T16:00:16","guid":{"rendered":"https:\/\/www.hkarchitekten.at\/?post_type=aktivitaet&#038;p=92825"},"modified":"2026-03-10T17:00:18","modified_gmt":"2026-03-10T16:00:18","slug":"mikado-artikel-rathausquartier-wohnungen-in-hohenems","status":"publish","type":"aktivitaet","link":"https:\/\/www.hkarchitekten.at\/de\/aktivitaet\/mikado-artikel-rathausquartier-wohnungen-in-hohenems\/","title":{"rendered":"Mikado Artikel &#8218;In zweiter Reihe lebt sich`s gut&#8216; \u2013 Projekt Rathausquartier in Hohenems"},"content":{"rendered":"\n<p>In der aktuellen Ausgabe 03\/2026 der Fachzeitschrift mikado wird \u00fcber unser Projekt im Rathausquartier in Hohenems berichtet. Erg\u00e4nzend dazu enth\u00e4lt der Artikel ein Interview mit dem Projektleiter Thomas Fu\u00dfenegger, der Einblicke in die Planung und die Herausforderungen des Bauens gibt. <br><br><strong>Schon seit 1996 steht das j\u00fcdische Viertel Hohenems gr\u00f6\u00dftenteils unter Denkmalschutz. 2010 wurde die historische Alpenrheinstadt um zahlreiche Geb\u00e4ude erweitert. Das neue Rathausquartier \u2013 darin zwei neue Mieth\u00e4user mit farbig gestalteten Holzfassaden \u2013 setzt die Stadtentwicklungsinitiative nun fort<\/strong>.<br><\/p>\n\n\n\n<p>[mikado, 03\/2026]<br><\/p>\n","protected":false},"excerpt":{"rendered":"<p>In der aktuellen Ausgabe 03\/2026 der Fachzeitschrift mikado wird \u00fcber unser Projekt im Rathausquartier in Hohenems berichtet. Erg\u00e4nzend dazu enth\u00e4lt der Artikel ein Interview mit dem Projektleiter Thomas Fu\u00dfenegger, der Einblicke in die Planung und die Herausforderungen des Bauens gibt. Schon seit 1996 steht das j\u00fcdische Viertel Hohenems gr\u00f6\u00dftenteils unter Denkmalschutz. 2010 wurde die historische [&hellip;]<\/p>\n","protected":false},"author":9,"featured_media":92496,"template":"","tags":[],"aktivitaeten-kategorie":[1189,1085],"class_list":["post-92825","aktivitaet","type-aktivitaet","status-publish","has-post-thumbnail","hentry","aktivitaeten-kategorie-artikel","aktivitaeten-kategorie-publikation"],"acf":[],"_links":{"self":[{"href":"https:\/\/www.hkarchitekten.at\/de\/wp-json\/wp\/v2\/aktivitaet\/92825","targetHints":{"allow":["GET"]}}],"collection":[{"href":"https:\/\/www.hkarchitekten.at\/de\/wp-json\/wp\/v2\/aktivitaet"}],"about":[{"href":"https:\/\/www.hkarchitekten.at\/de\/wp-json\/wp\/v2\/types\/aktivitaet"}],"author":[{"embeddable":true,"href":"https:\/\/www.hkarchitekten.at\/de\/wp-json\/wp\/v2\/users\/9"}],"version-history":[{"count":0,"href":"https:\/\/www.hkarchitekten.at\/de\/wp-json\/wp\/v2\/aktivitaet\/92825\/revisions"}],"wp:featuredmedia":[{"embeddable":true,"href":"https:\/\/www.hkarchitekten.at\/de\/wp-json\/wp\/v2\/media\/92496"}],"wp:attachment":[{"href":"https:\/\/www.hkarchitekten.at\/de\/wp-json\/wp\/v2\/media?parent=92825"}],"wp:term":[{"taxonomy":"post_tag","embeddable":true,"href":"https:\/\/www.hkarchitekten.at\/de\/wp-json\/wp\/v2\/tags?post=92825"},{"taxonomy":"aktivitaeten-kategorie","embeddable":true,"href":"https:\/\/www.hkarchitekten.at\/de\/wp-json\/wp\/v2\/aktivitaeten-kategorie?post=92825"}],"curies":[{"name":"wp","href":"https:\/\/api.w.org\/{rel}","templated":true}]}}

<p>In der aktuellen Ausgabe 03/2026 der Fachzeitschrift mikado wird über unser Projekt im Rathausquartier in Hohenems berichtet. Ergänzend dazu enthält der Artikel ein Interview mit dem Projektleiter Thomas Fußenegger, der Einblicke in die Planung und die Herausforderungen des Bauens gibt. <br><br><strong>Schon seit 1996 steht das jüdische Viertel Hohenems größtenteils unter Denkmalschutz. 2010 wurde die historische Alpenrheinstadt um zahlreiche Gebäude erweitert. Das neue Rathausquartier – darin zwei neue Miethäuser mit farbig gestalteten Holzfassaden – setzt die Stadtentwicklungsinitiative nun fort</strong>.<br></p>



<p>[mikado, 03/2026]<br></p>

<p>In der aktuellen Ausgabe 03/2026 der Fachzeitschrift mikado wird über unser Projekt im Rathausquartier in Hohenems berichtet. Ergänzend dazu enthält der Artikel ein Interview mit dem Projektleiter Thomas Fußenegger, der Einblicke in die Planung und die Herausforderungen des Bauens gibt. Schon seit 1996 steht das jüdische Viertel Hohenems größtenteils unter Denkmalschutz. 2010 wurde die historische [&hellip;]</p>
