{"id":25486,"date":"2016-05-11T12:28:05","date_gmt":"2016-05-11T10:28:05","guid":{"rendered":"http:\/\/www.elmar-schmidinger.at\/hk5\/projekt\/sutterluety-kathrin-u-juergen\/"},"modified":"2025-07-28T17:04:47","modified_gmt":"2025-07-28T15:04:47","slug":"sutterluety-kathrin-u-juergen","status":"publish","type":"projekt","link":"https:\/\/www.hkarchitekten.at\/de\/projekt\/sutterluety-kathrin-u-juergen\/","title":{"rendered":"Sutterl\u00fcty J, Egg"},"content":{"rendered":"<p><strong>Offen, hell und luftig.<\/strong><\/p>\n<p>Gro\u00dfes, fast villenartiges Raumprogramm, in Reaktion auf das nach Westen und Norden abfallende, von Bach und Baumgruppen ges\u00e4umte Gel\u00e4nde kreuzf\u00f6rmig organisiert.<\/p>\n<p>Der s\u00fcdseitige Eingang er\u00f6ffnet zugleich den Durchblick auf den Wald hinter dem Haus \u2013 durch das in der Achse direkt unter die B\u00e4ume und \u00fcber den Bach hinausgeschobene, ganz verglaste Stiegenhaus.<\/p>\n<p>Die ebenerdigen Wohnbereiche strahlen von einer Kamingruppe und dem offene Galeriegescho\u00df nach drei Seiten aus: nach S\u00fcden mit einer gedeckten Terrasse, nach Westen mit dem \u00fcber den Hang auskragenden Sitzbereich, der zugleich die Garagenzufahrt und den Nebeneingang \u00fcberdacht und nach Nordwest mit einem eigenen Arbeitsraum im Sockel und dem gro\u00dfen, nach Westen verglasten Essplatz dar\u00fcber.<\/p>\n","protected":false},"excerpt":{"rendered":"<p>Gro\u00dfes, fast villenartiges Raumprogramm, in Reaktion auf das nach Westen und Norden abfallende, von Bach und Baumgruppen ges\u00e4umte Gel\u00e4nde kreuzf\u00f6rmig organisiert. Der s\u00fcdseitige Eingang er\u00f6ffnet zugleich den Durchblick auf den Wald hinter dem Haus &#8211; durch das in der Achse direkt unter die B\u00e4ume und \u00fcber den Bach hinausgeschobene, ganz verglaste Stiegenhaus.<\/p>\n","protected":false},"featured_media":31725,"template":"","tags":[318],"publik":[975],"projekt-art":[957],"projekt-land":[938],"projekt-status":[943],"projekt-kategorie":[930,919],"projektphase":[],"class_list":["post-25486","projekt","type-projekt","status-publish","has-post-thumbnail","hentry","tag-efh","publik-projektbeschreibung","projekt-art-neubau","projekt-land-oesterreich","projekt-status-fertiggestellt","projekt-kategorie-einfamilienhaus","projekt-kategorie-wohnen","projektkategorie-einfamilienhaus"],"acf":[],"_links":{"self":[{"href":"https:\/\/www.hkarchitekten.at\/de\/wp-json\/wp\/v2\/projekt\/25486","targetHints":{"allow":["GET"]}}],"collection":[{"href":"https:\/\/www.hkarchitekten.at\/de\/wp-json\/wp\/v2\/projekt"}],"about":[{"href":"https:\/\/www.hkarchitekten.at\/de\/wp-json\/wp\/v2\/types\/projekt"}],"wp:featuredmedia":[{"embeddable":true,"href":"https:\/\/www.hkarchitekten.at\/de\/wp-json\/wp\/v2\/media\/31725"}],"wp:attachment":[{"href":"https:\/\/www.hkarchitekten.at\/de\/wp-json\/wp\/v2\/media?parent=25486"}],"wp:term":[{"taxonomy":"post_tag","embeddable":true,"href":"https:\/\/www.hkarchitekten.at\/de\/wp-json\/wp\/v2\/tags?post=25486"},{"taxonomy":"publik","embeddable":true,"href":"https:\/\/www.hkarchitekten.at\/de\/wp-json\/wp\/v2\/publik?post=25486"},{"taxonomy":"projekt-art","embeddable":true,"href":"https:\/\/www.hkarchitekten.at\/de\/wp-json\/wp\/v2\/projekt-art?post=25486"},{"taxonomy":"projekt-land","embeddable":true,"href":"https:\/\/www.hkarchitekten.at\/de\/wp-json\/wp\/v2\/projekt-land?post=25486"},{"taxonomy":"projekt-status","embeddable":true,"href":"https:\/\/www.hkarchitekten.at\/de\/wp-json\/wp\/v2\/projekt-status?post=25486"},{"taxonomy":"projekt-kategorie","embeddable":true,"href":"https:\/\/www.hkarchitekten.at\/de\/wp-json\/wp\/v2\/projekt-kategorie?post=25486"},{"taxonomy":"projektphase","embeddable":true,"href":"https:\/\/www.hkarchitekten.at\/de\/wp-json\/wp\/v2\/projektphase?post=25486"}],"curies":[{"name":"wp","href":"https:\/\/api.w.org\/{rel}","templated":true}]}}

Sutterlüty J, Egg

<p><strong>Offen, hell und luftig.</strong></p>
<p>Großes, fast villenartiges Raumprogramm, in Reaktion auf das nach Westen und Norden abfallende, von Bach und Baumgruppen gesäumte Gelände kreuzförmig organisiert.</p>
<p>Der südseitige Eingang eröffnet zugleich den Durchblick auf den Wald hinter dem Haus – durch das in der Achse direkt unter die Bäume und über den Bach hinausgeschobene, ganz verglaste Stiegenhaus.</p>
<p>Die ebenerdigen Wohnbereiche strahlen von einer Kamingruppe und dem offene Galeriegeschoß nach drei Seiten aus: nach Süden mit einer gedeckten Terrasse, nach Westen mit dem über den Hang auskragenden Sitzbereich, der zugleich die Garagenzufahrt und den Nebeneingang überdacht und nach Nordwest mit einem eigenen Arbeitsraum im Sockel und dem großen, nach Westen verglasten Essplatz darüber.</p>

<p>Großes, fast villenartiges Raumprogramm, in Reaktion auf das nach Westen und Norden abfallende, von Bach und Baumgruppen gesäumte Gelände kreuzförmig organisiert. Der südseitige Eingang eröffnet zugleich den Durchblick auf den Wald hinter dem Haus &#8211; durch das in der Achse direkt unter die Bäume und über den Bach hinausgeschobene, ganz verglaste Stiegenhaus.</p>
