{"id":83925,"date":"2025-05-06T17:14:04","date_gmt":"2025-05-06T15:14:04","guid":{"rendered":"https:\/\/www.hkarchitekten.at\/v74\/?post_type=aktivitaet&#038;p=83925"},"modified":"2025-07-24T09:18:41","modified_gmt":"2025-07-24T07:18:41","slug":"architektur-in-vorarlberg","status":"publish","type":"aktivitaet","link":"https:\/\/www.hkarchitekten.at\/v80\/de\/aktivitaet\/architektur-in-vorarlberg\/","title":{"rendered":"Architektur in Vorarlberg"},"content":{"rendered":"\n<p>Architektur und Baukultur in Vorarlberg erfahren international gro\u00dfe Wertsch\u00e4tzung. Besonders ihr \u00f6kologischer Anspruch und ihre kulturelle Wirkung setzen Ma\u00dfst\u00e4be. Dieses Buch versammelt architektonische Positionen und die spannendsten Geb\u00e4ude aus den Jahren seit 2000. Es gibt einen umfassenden \u00dcberblick \u00fcber die Fortf\u00fchrung einer Entwicklung, die ab den 1960er- Jahren in Vorarlberg eingesetzt hat. Dokumentiert werden 50 herausragende Projekte \u2013 von Dornbirn bis ins Montafon und vom Bregenzerwald bis ins Rheintal. Die Vielfalt der Typologien reicht dabei vom Biomasseheizwerk zur Bergkapelle und vom gef\u00f6rderten Wohnungsbau zur Schule in Holzbauweise. Essays beleuchten die Hintergr\u00fcnde der Vorarlberger Baukultur.<\/p>\n","protected":false},"excerpt":{"rendered":"<p>Architektur und Baukultur in Vorarlberg erfahren international gro\u00dfe Wertsch\u00e4tzung. Besonders ihr \u00f6kologischer Anspruch und ihre kulturelle Wirkung setzen Ma\u00dfst\u00e4be. Dieses Buch versammelt architektonische Positionen und die spannendsten Geb\u00e4ude aus den Jahren seit 2000. Es gibt einen umfassenden \u00dcberblick \u00fcber die Fortf\u00fchrung einer Entwicklung, die ab den 1960er- Jahren in Vorarlberg eingesetzt hat. Dokumentiert werden 50 [&hellip;]<\/p>\n","protected":false},"author":9,"featured_media":83926,"template":"","tags":[],"aktivitaeten-kategorie":[1252,1085],"class_list":["post-83925","aktivitaet","type-aktivitaet","status-publish","has-post-thumbnail","hentry","aktivitaeten-kategorie-buch-2","aktivitaeten-kategorie-publikation"],"acf":[],"_links":{"self":[{"href":"https:\/\/www.hkarchitekten.at\/v80\/de\/wp-json\/wp\/v2\/aktivitaet\/83925","targetHints":{"allow":["GET"]}}],"collection":[{"href":"https:\/\/www.hkarchitekten.at\/v80\/de\/wp-json\/wp\/v2\/aktivitaet"}],"about":[{"href":"https:\/\/www.hkarchitekten.at\/v80\/de\/wp-json\/wp\/v2\/types\/aktivitaet"}],"author":[{"embeddable":true,"href":"https:\/\/www.hkarchitekten.at\/v80\/de\/wp-json\/wp\/v2\/users\/9"}],"version-history":[{"count":0,"href":"https:\/\/www.hkarchitekten.at\/v80\/de\/wp-json\/wp\/v2\/aktivitaet\/83925\/revisions"}],"wp:featuredmedia":[{"embeddable":true,"href":"https:\/\/www.hkarchitekten.at\/v80\/de\/wp-json\/wp\/v2\/media\/83926"}],"wp:attachment":[{"href":"https:\/\/www.hkarchitekten.at\/v80\/de\/wp-json\/wp\/v2\/media?parent=83925"}],"wp:term":[{"taxonomy":"post_tag","embeddable":true,"href":"https:\/\/www.hkarchitekten.at\/v80\/de\/wp-json\/wp\/v2\/tags?post=83925"},{"taxonomy":"aktivitaeten-kategorie","embeddable":true,"href":"https:\/\/www.hkarchitekten.at\/v80\/de\/wp-json\/wp\/v2\/aktivitaeten-kategorie?post=83925"}],"curies":[{"name":"wp","href":"https:\/\/api.w.org\/{rel}","templated":true}]}}

<p>Architektur und Baukultur in Vorarlberg erfahren international große Wertschätzung. Besonders ihr ökologischer Anspruch und ihre kulturelle Wirkung setzen Maßstäbe. Dieses Buch versammelt architektonische Positionen und die spannendsten Gebäude aus den Jahren seit 2000. Es gibt einen umfassenden Überblick über die Fortführung einer Entwicklung, die ab den 1960er- Jahren in Vorarlberg eingesetzt hat. Dokumentiert werden 50 herausragende Projekte – von Dornbirn bis ins Montafon und vom Bregenzerwald bis ins Rheintal. Die Vielfalt der Typologien reicht dabei vom Biomasseheizwerk zur Bergkapelle und vom geförderten Wohnungsbau zur Schule in Holzbauweise. Essays beleuchten die Hintergründe der Vorarlberger Baukultur.</p>

<p>Architektur und Baukultur in Vorarlberg erfahren international große Wertschätzung. Besonders ihr ökologischer Anspruch und ihre kulturelle Wirkung setzen Maßstäbe. Dieses Buch versammelt architektonische Positionen und die spannendsten Gebäude aus den Jahren seit 2000. Es gibt einen umfassenden Überblick über die Fortführung einer Entwicklung, die ab den 1960er- Jahren in Vorarlberg eingesetzt hat. Dokumentiert werden 50 [&hellip;]</p>
