{"id":25284,"date":"2016-05-11T12:20:20","date_gmt":"2016-05-11T10:20:20","guid":{"rendered":"http:\/\/www.elmar-schmidinger.at\/hk5\/projekt\/sutterluety-markt-weiler\/"},"modified":"2025-10-20T12:12:23","modified_gmt":"2025-10-20T10:12:23","slug":"sutterluety-markt-weiler","status":"publish","type":"projekt","link":"https:\/\/ip217-154-147-205.pbiaas.com\/v80\/de\/projekt\/sutterluety-markt-weiler\/","title":{"rendered":"Sutterl\u00fcty, Weiler"},"content":{"rendered":"<p><strong>Eine Supermarktkette baut neue Filialen \u2013 Holz in avancierter Konstruktion gibt Waren und Kunden ein lichtes, helles Etui, formt Hallenr\u00e4ume besonderer Art.<\/strong><\/p>\n<p>Der in Vorarlberg bereits gut positionierte Nahversorger startete eine Reihe neuer M\u00e4rkte, die im Angebot wie im Raumtypus neue Wege gehen: statt der \u00fcblichen Regalkorridore platz\u00e4hnliche Raumverh\u00e4ltnisse mit marktartigen St\u00e4nden und Caf\u00e9-Bar, mit viel \u00dcbersicht, lokalen, frischen Produkten und klarer Einbindung in die \u00f6rtliche\u00a0 Umgebung.<\/p>\n<h4>\u00bbKaufmann hat das gesamte System nat\u00fcrlich auch f\u00fcr und aus dem \u00f6rtlichen Kontext optimiert. Weitere Sutterl\u00fctys dieser Art, lokal ma\u00dfgeschneidert, sind in Planung.\u00ab<\/h4>\n<h5>proHolz 2010<\/h5>\n<p>Sutterl\u00fcty suchte nach einer Raumstruktur, nach einem Materialkonzept, das optimale Flexibilit\u00e4t gibt, mit wenigen Elementen f\u00fcr verschiedene Standorte variiert werden kann \u2013 eine Konstruktionsart, die \u00f6konomisch ist und nachhaltig, die dem \u201eoptischen Auftritt\u201c des Warenbereichs einen starken Rahmen und Hintergrund bietet. In Weiler entwarf Hermann Kaufmann aus all diesen Gr\u00fcnden die Hallendecke \u2013 die dominierende Raumfl\u00e4che \u2013 in spezieller Holzbauweise als stimmungsgebenden \u201eFonds\u201d des Ganzen.<br \/>\n~<\/p>\n<p>Die 47 cm starke Dachplatte, 1500 m<sup>2<\/sup> gro\u00df, \u00fcber deckt in 5 m H\u00f6he den Innenraum wie auch \u2013 mit Auskragungen an der Nordseite (Eingang) und S\u00fcdseite (Anlieferung) \u2013 den Au\u00dfenraum. Diese Platte ist ein Gef\u00fcge aus Fichten-Hohlkastenelementen, gespannt zwischen den Au\u00dfenw\u00e4nden und Haupttr\u00e4gern aus Brettschichtholz, die \u00fcber wenige Stahl-Pendelst\u00fctzen die Last auch im Innenraum abtragen. |Die Spannweite der Hohlk\u00e4sten ist 14m; die 1,85 m breit vorgefertigten Teile sind beidseitig mit Drei schichtplatten beplankt, die untere Platte ist die fertige Deckenuntersicht. Um diese helle Decke in Fichte m\u00f6glichst homogen zu erhalten, sind auch die bis zu 72 cm breiten Haupttr\u00e4ger in die Deckenh\u00f6he integriert.<\/p>\n<p>F\u00fcr die Installationen wurden aus der unteren Beplankung Streifen ausgespart und diese nach erfolgter Verrohrung mit Dreischichtplatten geschlossen. Die Beleuchtung ist von der Decke abgeh\u00e4ngt und direkt der Ladenzone zugeordnet. Neben der schnellen Montage und der speziellen Materialwirkung hat diese Holz-Dachplatte den Vorteil, dass sie keine K\u00e4ltebr\u00fccke bildet und kontinuierlich durch die Verglasung der Stirnfronten in die Auskragung der Vord\u00e4cher \u00fcbergehen kann. Die schon rein optisch \u201emonolithische\u201c Dachplatte hat als weitere konkrete Aufgabe die Funktion als statische Scheibe zur Aussteifung des ganzen Geb\u00e4udes. Die seitlichen L\u00e4ngsw\u00e4nde sind<\/p>\n<p>Holzrahmenkonstruktionen mit innerer Beplankung aus OSB-Platten (farblich abgestimmt mit der rot durchgef\u00e4rbten Bodenverg\u00fctung) und einer \u00e4u\u00dferen Schicht aus diffusionsoffenen Holzwerkstoffplatten. Die zur Stra\u00dfe geschlossene Westfassade hat als Au\u00dfenverkleidung vertikal montierte Akazienbretter in der subtilen \u201eZufalls-Textur\u201c der vom Werk verschieden gelieferten Formate.<\/p>\n","protected":false},"excerpt":{"rendered":"<p>Eine Supermarktkette baut neue Filialen \u2013 Holz in avancierter<br \/>\nKonstruktion gibt Waren und Kunden ein lichtes,<br \/>\nhelles Etui, formt Hallenr\u00e4ume besonderer Art.<\/p>\n","protected":false},"featured_media":66784,"template":"","tags":[243],"publik":[975],"projekt-art":[957],"projekt-land":[938],"projekt-status":[943],"projekt-kategorie":[946],"projektphase":[],"class_list":["post-25284","projekt","type-projekt","status-publish","has-post-thumbnail","hentry","tag-handel","publik-projektbeschreibung","projekt-art-neubau","projekt-land-oesterreich","projekt-status-fertiggestellt","projekt-kategorie-handel","projektkategorie-gewerbe-handel","projektkategorie-verwaltung"],"acf":[],"_links":{"self":[{"href":"https:\/\/ip217-154-147-205.pbiaas.com\/v80\/de\/wp-json\/wp\/v2\/projekt\/25284","targetHints":{"allow":["GET"]}}],"collection":[{"href":"https:\/\/ip217-154-147-205.pbiaas.com\/v80\/de\/wp-json\/wp\/v2\/projekt"}],"about":[{"href":"https:\/\/ip217-154-147-205.pbiaas.com\/v80\/de\/wp-json\/wp\/v2\/types\/projekt"}],"wp:featuredmedia":[{"embeddable":true,"href":"https:\/\/ip217-154-147-205.pbiaas.com\/v80\/de\/wp-json\/wp\/v2\/media\/66784"}],"wp:attachment":[{"href":"https:\/\/ip217-154-147-205.pbiaas.com\/v80\/de\/wp-json\/wp\/v2\/media?parent=25284"}],"wp:term":[{"taxonomy":"post_tag","embeddable":true,"href":"https:\/\/ip217-154-147-205.pbiaas.com\/v80\/de\/wp-json\/wp\/v2\/tags?post=25284"},{"taxonomy":"publik","embeddable":true,"href":"https:\/\/ip217-154-147-205.pbiaas.com\/v80\/de\/wp-json\/wp\/v2\/publik?post=25284"},{"taxonomy":"projekt-art","embeddable":true,"href":"https:\/\/ip217-154-147-205.pbiaas.com\/v80\/de\/wp-json\/wp\/v2\/projekt-art?post=25284"},{"taxonomy":"projekt-land","embeddable":true,"href":"https:\/\/ip217-154-147-205.pbiaas.com\/v80\/de\/wp-json\/wp\/v2\/projekt-land?post=25284"},{"taxonomy":"projekt-status","embeddable":true,"href":"https:\/\/ip217-154-147-205.pbiaas.com\/v80\/de\/wp-json\/wp\/v2\/projekt-status?post=25284"},{"taxonomy":"projekt-kategorie","embeddable":true,"href":"https:\/\/ip217-154-147-205.pbiaas.com\/v80\/de\/wp-json\/wp\/v2\/projekt-kategorie?post=25284"},{"taxonomy":"projektphase","embeddable":true,"href":"https:\/\/ip217-154-147-205.pbiaas.com\/v80\/de\/wp-json\/wp\/v2\/projektphase?post=25284"}],"curies":[{"name":"wp","href":"https:\/\/api.w.org\/{rel}","templated":true}]}}

Sutterlüty, Weiler

<p><strong>Eine Supermarktkette baut neue Filialen – Holz in avancierter Konstruktion gibt Waren und Kunden ein lichtes, helles Etui, formt Hallenräume besonderer Art.</strong></p>
<p>Der in Vorarlberg bereits gut positionierte Nahversorger startete eine Reihe neuer Märkte, die im Angebot wie im Raumtypus neue Wege gehen: statt der üblichen Regalkorridore platzähnliche Raumverhältnisse mit marktartigen Ständen und Café-Bar, mit viel Übersicht, lokalen, frischen Produkten und klarer Einbindung in die örtliche  Umgebung.</p>
<h4>»Kaufmann hat das gesamte System natürlich auch für und aus dem örtlichen Kontext optimiert. Weitere Sutterlütys dieser Art, lokal maßgeschneidert, sind in Planung.«</h4>
<h5>proHolz 2010</h5>
<p>Sutterlüty suchte nach einer Raumstruktur, nach einem Materialkonzept, das optimale Flexibilität gibt, mit wenigen Elementen für verschiedene Standorte variiert werden kann – eine Konstruktionsart, die ökonomisch ist und nachhaltig, die dem „optischen Auftritt“ des Warenbereichs einen starken Rahmen und Hintergrund bietet. In Weiler entwarf Hermann Kaufmann aus all diesen Gründen die Hallendecke – die dominierende Raumfläche – in spezieller Holzbauweise als stimmungsgebenden „Fonds” des Ganzen.<br />
~</p>
<p>Die 47 cm starke Dachplatte, 1500 m<sup>2</sup> groß, über deckt in 5 m Höhe den Innenraum wie auch – mit Auskragungen an der Nordseite (Eingang) und Südseite (Anlieferung) – den Außenraum. Diese Platte ist ein Gefüge aus Fichten-Hohlkastenelementen, gespannt zwischen den Außenwänden und Hauptträgern aus Brettschichtholz, die über wenige Stahl-Pendelstützen die Last auch im Innenraum abtragen. |Die Spannweite der Hohlkästen ist 14m; die 1,85 m breit vorgefertigten Teile sind beidseitig mit Drei schichtplatten beplankt, die untere Platte ist die fertige Deckenuntersicht. Um diese helle Decke in Fichte möglichst homogen zu erhalten, sind auch die bis zu 72 cm breiten Hauptträger in die Deckenhöhe integriert.</p>
<p>Für die Installationen wurden aus der unteren Beplankung Streifen ausgespart und diese nach erfolgter Verrohrung mit Dreischichtplatten geschlossen. Die Beleuchtung ist von der Decke abgehängt und direkt der Ladenzone zugeordnet. Neben der schnellen Montage und der speziellen Materialwirkung hat diese Holz-Dachplatte den Vorteil, dass sie keine Kältebrücke bildet und kontinuierlich durch die Verglasung der Stirnfronten in die Auskragung der Vordächer übergehen kann. Die schon rein optisch „monolithische“ Dachplatte hat als weitere konkrete Aufgabe die Funktion als statische Scheibe zur Aussteifung des ganzen Gebäudes. Die seitlichen Längswände sind</p>
<p>Holzrahmenkonstruktionen mit innerer Beplankung aus OSB-Platten (farblich abgestimmt mit der rot durchgefärbten Bodenvergütung) und einer äußeren Schicht aus diffusionsoffenen Holzwerkstoffplatten. Die zur Straße geschlossene Westfassade hat als Außenverkleidung vertikal montierte Akazienbretter in der subtilen „Zufalls-Textur“ der vom Werk verschieden gelieferten Formate.</p>

<p>Eine Supermarktkette baut neue Filialen – Holz in avancierter<br />
Konstruktion gibt Waren und Kunden ein lichtes,<br />
helles Etui, formt Hallenräume besonderer Art.</p>
