{"id":25463,"date":"2016-05-11T12:27:12","date_gmt":"2016-05-11T10:27:12","guid":{"rendered":"http:\/\/www.elmar-schmidinger.at\/hk5\/projekt\/schule-bizau\/"},"modified":"2025-10-21T08:34:37","modified_gmt":"2025-10-21T06:34:37","slug":"schule-bizau","status":"publish","type":"projekt","link":"https:\/\/www.hkarchitekten.at\/v80\/de\/projekt\/schule-bizau\/","title":{"rendered":"Volksschule, Bizau"},"content":{"rendered":"<p><strong>Alt-Neu als Duett archetypischer Formen: Satteldach versus Flachdach, Lochfassade versus Bandfenster, Schindelpanzer versus Horizontalschalung.<\/strong><\/p>\n<p>Durch ein intensives B\u00fcrgerbeteiligungsverfahren und einen offenen Diskussionsprozess kam man in der Gemeinde zu dem Schluss, Schule und Gemeindesaal am urspr\u00fcnglichen Standort zu belassen, jedoch neu zu interpretieren.<\/p>\n<p>Die bestehende vierklassige Volksschule gen\u00fcgte zwar in der Klassenzahl und -gr\u00f6\u00dfe, die n\u00f6tigen Nebenr\u00e4umlichkeiten fehlten aber g\u00e4nzlich. Der bestehende Saal war ebenfalls funktional sehr mangelhaft. Deshalb wurde das Geb\u00e4ude bis auf die Klassen abgetragen. Um die gemauerten, mit Holzdecken versehenen Klassenr\u00e4ume wurden eine neue H\u00fclle und neue stra\u00dfenseitige Raumschichten in Holz wieder aufgebaut, wobei die \u00e4u\u00dfere Erscheinung in den Proportionen ziemlich erhalten blieb.<\/p>\n<p>Wegen der kurzen Bauzeit kam auch f\u00fcr den Neubau des Saales nur Holz infrage. Er wurde als flachgedeckter Kubus quer an den steilgedeckten Schulteil angesetzt und unter dessen Traufe bis zur Stra\u00dfe \u201edurchgeschoben\u201c. In einer \u201erepetition different\u201c zur Schindelung des Bestandes ist der Saal mit horizontaler L\u00e4rchenverschalung ausgef\u00fchrt; Wand- und Deckenelemente bestehen aus Tannenholz von den lokalen Gemeindew\u00e4ldern, die Fassaden aus L\u00e4rchenholz. Die Stirn wand ist als thermischer Kollektor ausgebildet, Energie wird in Pufferspeicher und in die massive Kellerdecke eingespeichert, was ann\u00e4hernd dem Niedrigenergiestandard entspricht.<\/p>\n","protected":false},"excerpt":{"rendered":"<p>Durch ein intensives B\u00fcrgerbeteiligungsverfahren und<br \/>\neinen offenen Diskussionsprozess kam man in der Gemeinde<br \/>\nzu dem Schluss, Schule und Gemeindesaal am urspr\u00fcng &#8211;<br \/>\nlichen Standort zu belassen, jedoch neu zu interpretieren.<br \/>\nDie bestehende vierklassige Volksschule gen\u00fcgte zwar in<br \/>\nder Klassenzahl und -gr\u00f6\u00dfe, die n\u00f6tigen Nebenr\u00e4umlichkeiten<br \/>\nfehlten aber g\u00e4nzlich. Der bestehende Saal war<br \/>\nebenfalls funktional sehr mangelhaft. Deshalb wurde das<br \/>\nGeb\u00e4ude bis auf die Klassen abgetragen. Um die gemauerten,<br \/>\nmit Holzdecken versehenen Klassenr\u00e4ume wurden<br \/>\neine neue H\u00fclle und neue stra\u00dfenseitige Raumschichten<br \/>\nin Holz wieder aufgebaut, wobei die \u00e4u\u00dfere Erscheinung<br \/>\nin den Proportionen ziemlich erhalten blieb. Wegen der<br \/>\nkurzen Bauzeit kam auch f\u00fcr den Neubau des Saales nur<br \/>\nHolz infrage. Er wurde als flachgedeckter Kubus quer an<br \/>\nden steilgedeckten Schulteil angesetzt und unter dessen<br \/>\nTraufe bis zur Stra\u00dfe \u201edurchgeschoben\u201c.<\/p>\n","protected":false},"featured_media":38617,"template":"","tags":[298],"publik":[975],"projekt-art":[958],"projekt-land":[938],"projekt-status":[943],"projekt-kategorie":[918],"projektphase":[],"class_list":["post-25463","projekt","type-projekt","status-publish","has-post-thumbnail","hentry","tag-schule","publik-projektbeschreibung","projekt-art-bauen-im-bestand","projekt-land-oesterreich","projekt-status-fertiggestellt","projekt-kategorie-bildung","projektkategorie-bildung","projektkategorie-oeffentlich","projektkategorie-sport","projektkategorie-umbauten"],"acf":[],"_links":{"self":[{"href":"https:\/\/www.hkarchitekten.at\/v80\/de\/wp-json\/wp\/v2\/projekt\/25463","targetHints":{"allow":["GET"]}}],"collection":[{"href":"https:\/\/www.hkarchitekten.at\/v80\/de\/wp-json\/wp\/v2\/projekt"}],"about":[{"href":"https:\/\/www.hkarchitekten.at\/v80\/de\/wp-json\/wp\/v2\/types\/projekt"}],"wp:featuredmedia":[{"embeddable":true,"href":"https:\/\/www.hkarchitekten.at\/v80\/de\/wp-json\/wp\/v2\/media\/38617"}],"wp:attachment":[{"href":"https:\/\/www.hkarchitekten.at\/v80\/de\/wp-json\/wp\/v2\/media?parent=25463"}],"wp:term":[{"taxonomy":"post_tag","embeddable":true,"href":"https:\/\/www.hkarchitekten.at\/v80\/de\/wp-json\/wp\/v2\/tags?post=25463"},{"taxonomy":"publik","embeddable":true,"href":"https:\/\/www.hkarchitekten.at\/v80\/de\/wp-json\/wp\/v2\/publik?post=25463"},{"taxonomy":"projekt-art","embeddable":true,"href":"https:\/\/www.hkarchitekten.at\/v80\/de\/wp-json\/wp\/v2\/projekt-art?post=25463"},{"taxonomy":"projekt-land","embeddable":true,"href":"https:\/\/www.hkarchitekten.at\/v80\/de\/wp-json\/wp\/v2\/projekt-land?post=25463"},{"taxonomy":"projekt-status","embeddable":true,"href":"https:\/\/www.hkarchitekten.at\/v80\/de\/wp-json\/wp\/v2\/projekt-status?post=25463"},{"taxonomy":"projekt-kategorie","embeddable":true,"href":"https:\/\/www.hkarchitekten.at\/v80\/de\/wp-json\/wp\/v2\/projekt-kategorie?post=25463"},{"taxonomy":"projektphase","embeddable":true,"href":"https:\/\/www.hkarchitekten.at\/v80\/de\/wp-json\/wp\/v2\/projektphase?post=25463"}],"curies":[{"name":"wp","href":"https:\/\/api.w.org\/{rel}","templated":true}]}}

<p><strong>Alt-Neu als Duett archetypischer Formen: Satteldach versus Flachdach, Lochfassade versus Bandfenster, Schindelpanzer versus Horizontalschalung.</strong></p>
<p>Durch ein intensives Bürgerbeteiligungsverfahren und einen offenen Diskussionsprozess kam man in der Gemeinde zu dem Schluss, Schule und Gemeindesaal am ursprünglichen Standort zu belassen, jedoch neu zu interpretieren.</p>
<p>Die bestehende vierklassige Volksschule genügte zwar in der Klassenzahl und -größe, die nötigen Nebenräumlichkeiten fehlten aber gänzlich. Der bestehende Saal war ebenfalls funktional sehr mangelhaft. Deshalb wurde das Gebäude bis auf die Klassen abgetragen. Um die gemauerten, mit Holzdecken versehenen Klassenräume wurden eine neue Hülle und neue straßenseitige Raumschichten in Holz wieder aufgebaut, wobei die äußere Erscheinung in den Proportionen ziemlich erhalten blieb.</p>
<p>Wegen der kurzen Bauzeit kam auch für den Neubau des Saales nur Holz infrage. Er wurde als flachgedeckter Kubus quer an den steilgedeckten Schulteil angesetzt und unter dessen Traufe bis zur Straße „durchgeschoben“. In einer „repetition different“ zur Schindelung des Bestandes ist der Saal mit horizontaler Lärchenverschalung ausgeführt; Wand- und Deckenelemente bestehen aus Tannenholz von den lokalen Gemeindewäldern, die Fassaden aus Lärchenholz. Die Stirn wand ist als thermischer Kollektor ausgebildet, Energie wird in Pufferspeicher und in die massive Kellerdecke eingespeichert, was annähernd dem Niedrigenergiestandard entspricht.</p>

<p>Durch ein intensives Bürgerbeteiligungsverfahren und<br />
einen offenen Diskussionsprozess kam man in der Gemeinde<br />
zu dem Schluss, Schule und Gemeindesaal am ursprüng &#8211;<br />
lichen Standort zu belassen, jedoch neu zu interpretieren.<br />
Die bestehende vierklassige Volksschule genügte zwar in<br />
der Klassenzahl und -größe, die nötigen Nebenräumlichkeiten<br />
fehlten aber gänzlich. Der bestehende Saal war<br />
ebenfalls funktional sehr mangelhaft. Deshalb wurde das<br />
Gebäude bis auf die Klassen abgetragen. Um die gemauerten,<br />
mit Holzdecken versehenen Klassenräume wurden<br />
eine neue Hülle und neue straßenseitige Raumschichten<br />
in Holz wieder aufgebaut, wobei die äußere Erscheinung<br />
in den Proportionen ziemlich erhalten blieb. Wegen der<br />
kurzen Bauzeit kam auch für den Neubau des Saales nur<br />
Holz infrage. Er wurde als flachgedeckter Kubus quer an<br />
den steilgedeckten Schulteil angesetzt und unter dessen<br />
Traufe bis zur Straße „durchgeschoben“.</p>
