{"id":25709,"date":"2016-05-11T12:37:18","date_gmt":"2016-05-11T10:37:18","guid":{"rendered":"http:\/\/www.elmar-schmidinger.at\/hk5\/projekt\/elma-alp\/"},"modified":"2025-10-20T11:40:03","modified_gmt":"2025-10-20T09:40:03","slug":"elma-alp","status":"publish","type":"projekt","link":"https:\/\/www.hkarchitekten.at\/v80\/de\/projekt\/elma-alp\/","title":{"rendered":"Elma Alp, Mellau"},"content":{"rendered":"<p><strong>In den Bergen ein Feriendomizil, schlicht wie eine Almh\u00fctte, pur und durch und durch aus Massivholz, modern in Konstruktion und Detail. <\/strong><\/p>\n<p>Aus der im Bregenzerwald in drei saisonalen Etappen gegliederten Viehwirtschaft entstand das \u201eVors\u00e4\u00df\u201c, ein Bereich der Almen auf rund 1000 m H\u00f6he, der zweimal j\u00e4hrlich, im Fr\u00fchling und Herbst, jeweils vier bis f\u00fcnf Wochen von Mensch und Tier besiedelt wurde. Da die Bauern fr\u00fcher maximal zehn Rinder hatten, waren die typischen Vors\u00e4\u00dfh\u00fctten sehr klein bemessen und spartanischauf die kurze Aufenthaltsdauer zugeschnitten.<\/p>\n<h4>\u00bbFormal lehnt sich das Haus an die traditionellen Bauformen an und versucht durch Neuinterpretationen von einzelnen Details wie das traditionelle Schiebefenster, der Einf\u00fchrung von Schiebel\u00e4den sowie der gro\u00dfz\u00fcgigen Verglasungen im Wohnbereich trotzdem Modernit\u00e4t zu zeigen.\u00ab<\/h4>\n<h5>Univ.-Prof. Arch. DI Hermann Kaufmann<\/h5>\n<p>Gerade diese Beschr\u00e4nkung auf das Notwendige pr\u00e4gte die Eigenheit dieser Bauten und ihre ebenso strenge wie unbelastete, naturnahe Atmosph\u00e4re macht sie heute zu beliebten Ferienh\u00e4usern.<\/p>\n<p>~<\/p>\n<p>Beim Bau der H\u00fctte im Elma, einem Vors\u00e4\u00df im Mellental, galt es, diese Atmosph\u00e4re neu zu finden. Sie wird durch eine sehr konsequente Holzbauweise erreicht, durch die Minimierung der Raumproportionen sowie durch die lapidare Grundrisstypologie mit dem Ofen im Zentrum. Der Bau ist ohne zus\u00e4tzliche W\u00e4rmed\u00e4mmung pur aus massiven Balken \u201egestrickt\u201c, das Dach ebenfalls aus massiven Dielen gef\u00fcgt. Formal lehnt sich das Haus an Traditionelles an, kann aber durch die Neuinterpretation einzelner Aspekte und Details \u2013 die horizontalen Schiebefenster, die gro\u00dfen Verglasungen im Wohnbereich, den offenen Raumquerschnitt \u2013 auch ganz Modernes, Heutiges zeigen. |<\/p>\n<p>Die Konstruktion im Erdgeschoss und Aufenthaltsbereich ist mit vertikalen H\u00f6lzern \u201estehend\u201c gef\u00fcgt, um Setzungen zu vermeiden, die gerade f\u00fcr die Schiebefenster nachteilig w\u00e4ren. Das Obergeschoss mit den Schlafbereichen ist \u201eliegend\u201c gestrickt, wobei die Eckverbindungen modernisiert sind \u2013 mit einer CNC-Fr\u00e4se in verdeckten Schwalbenschwanzverbindungen hergestellt. So mussten die Balken nicht wie im tradierten Strickbau versetzt werden, sondern laufen \u00fcber Eck durch: Es ist kein Hirnholz der Bewitterung ausgesetzt. Auf vordergr\u00fcndigen&nbsp; \u201eKomfort der Pflegeleichtigkeit\u201c wurde bewusst verzichtet. Es gibt keine Lacke oder sonstigen Beschichtungen, keine Fliesen oder Bodenbel\u00e4ge. Vom First bis zum M\u00f6bel ist hier alles aus regionalem, naturbelassenem Massivholz.Bodenbel\u00e4ge. Vom First bis zum M\u00f6bel ist hier alles aus regionalem, naturbelassenem Massivholz.<\/p>\n","protected":false},"excerpt":{"rendered":"<p>Aus der im Bregenzerwald in drei saisonalen Etappen<br \/>\ngegliederten Viehwirtschaft entstand das \u201eVors\u00e4\u00df\u201c, ein<br \/>\nBereich der Almen auf rund 1000 m H\u00f6he, der zweimal<br \/>\nj\u00e4hrlich, im Fr\u00fchling und Herbst, jeweils vier bis f\u00fcnf<br \/>\nWochen von Mensch und Tier besiedelt wurde. Da die<br \/>\nBauern fr\u00fcher maximal zehn Rinder hatten, waren die<br \/>\ntypischen Vors\u00e4\u00dfh\u00fctten sehr klein bemessen und spartanisch<br \/>\nauf die kurze Aufenthaltsdauer zugeschnitten.<br \/>\nGerade diese Beschr\u00e4nkung auf das Notwendige pr\u00e4gte<br \/>\ndie Eigenheit dieser Bauten und ihre ebenso strenge wie<br \/>\nunbelastete, naturnahe Atmosph\u00e4re macht sie heute zu<br \/>\nbeliebten Ferienh\u00e4usern.<\/p>\n","protected":false},"featured_media":66637,"template":"","tags":[387],"publik":[975],"projekt-art":[957],"projekt-land":[938],"projekt-status":[943],"projekt-kategorie":[1257],"projektphase":[],"class_list":["post-25709","projekt","type-projekt","status-publish","has-post-thumbnail","hentry","tag-vorsaess","publik-projektbeschreibung","projekt-art-neubau","projekt-land-oesterreich","projekt-status-fertiggestellt","projekt-kategorie-landwirtschaft","projektkategorie-einfamilienhaus"],"acf":[],"_links":{"self":[{"href":"https:\/\/www.hkarchitekten.at\/v80\/de\/wp-json\/wp\/v2\/projekt\/25709","targetHints":{"allow":["GET"]}}],"collection":[{"href":"https:\/\/www.hkarchitekten.at\/v80\/de\/wp-json\/wp\/v2\/projekt"}],"about":[{"href":"https:\/\/www.hkarchitekten.at\/v80\/de\/wp-json\/wp\/v2\/types\/projekt"}],"wp:featuredmedia":[{"embeddable":true,"href":"https:\/\/www.hkarchitekten.at\/v80\/de\/wp-json\/wp\/v2\/media\/66637"}],"wp:attachment":[{"href":"https:\/\/www.hkarchitekten.at\/v80\/de\/wp-json\/wp\/v2\/media?parent=25709"}],"wp:term":[{"taxonomy":"post_tag","embeddable":true,"href":"https:\/\/www.hkarchitekten.at\/v80\/de\/wp-json\/wp\/v2\/tags?post=25709"},{"taxonomy":"publik","embeddable":true,"href":"https:\/\/www.hkarchitekten.at\/v80\/de\/wp-json\/wp\/v2\/publik?post=25709"},{"taxonomy":"projekt-art","embeddable":true,"href":"https:\/\/www.hkarchitekten.at\/v80\/de\/wp-json\/wp\/v2\/projekt-art?post=25709"},{"taxonomy":"projekt-land","embeddable":true,"href":"https:\/\/www.hkarchitekten.at\/v80\/de\/wp-json\/wp\/v2\/projekt-land?post=25709"},{"taxonomy":"projekt-status","embeddable":true,"href":"https:\/\/www.hkarchitekten.at\/v80\/de\/wp-json\/wp\/v2\/projekt-status?post=25709"},{"taxonomy":"projekt-kategorie","embeddable":true,"href":"https:\/\/www.hkarchitekten.at\/v80\/de\/wp-json\/wp\/v2\/projekt-kategorie?post=25709"},{"taxonomy":"projektphase","embeddable":true,"href":"https:\/\/www.hkarchitekten.at\/v80\/de\/wp-json\/wp\/v2\/projektphase?post=25709"}],"curies":[{"name":"wp","href":"https:\/\/api.w.org\/{rel}","templated":true}]}}

<p><strong>In den Bergen ein Feriendomizil, schlicht wie eine Almhütte, pur und durch und durch aus Massivholz, modern in Konstruktion und Detail. </strong></p>
<p>Aus der im Bregenzerwald in drei saisonalen Etappen gegliederten Viehwirtschaft entstand das „Vorsäß“, ein Bereich der Almen auf rund 1000 m Höhe, der zweimal jährlich, im Frühling und Herbst, jeweils vier bis fünf Wochen von Mensch und Tier besiedelt wurde. Da die Bauern früher maximal zehn Rinder hatten, waren die typischen Vorsäßhütten sehr klein bemessen und spartanischauf die kurze Aufenthaltsdauer zugeschnitten.</p>
<h4>»Formal lehnt sich das Haus an die traditionellen Bauformen an und versucht durch Neuinterpretationen von einzelnen Details wie das traditionelle Schiebefenster, der Einführung von Schiebeläden sowie der großzügigen Verglasungen im Wohnbereich trotzdem Modernität zu zeigen.«</h4>
<h5>Univ.-Prof. Arch. DI Hermann Kaufmann</h5>
<p>Gerade diese Beschränkung auf das Notwendige prägte die Eigenheit dieser Bauten und ihre ebenso strenge wie unbelastete, naturnahe Atmosphäre macht sie heute zu beliebten Ferienhäusern.</p>
<p>~</p>
<p>Beim Bau der Hütte im Elma, einem Vorsäß im Mellental, galt es, diese Atmosphäre neu zu finden. Sie wird durch eine sehr konsequente Holzbauweise erreicht, durch die Minimierung der Raumproportionen sowie durch die lapidare Grundrisstypologie mit dem Ofen im Zentrum. Der Bau ist ohne zusätzliche Wärmedämmung pur aus massiven Balken „gestrickt“, das Dach ebenfalls aus massiven Dielen gefügt. Formal lehnt sich das Haus an Traditionelles an, kann aber durch die Neuinterpretation einzelner Aspekte und Details – die horizontalen Schiebefenster, die großen Verglasungen im Wohnbereich, den offenen Raumquerschnitt – auch ganz Modernes, Heutiges zeigen. |</p>
<p>Die Konstruktion im Erdgeschoss und Aufenthaltsbereich ist mit vertikalen Hölzern „stehend“ gefügt, um Setzungen zu vermeiden, die gerade für die Schiebefenster nachteilig wären. Das Obergeschoss mit den Schlafbereichen ist „liegend“ gestrickt, wobei die Eckverbindungen modernisiert sind – mit einer CNC-Fräse in verdeckten Schwalbenschwanzverbindungen hergestellt. So mussten die Balken nicht wie im tradierten Strickbau versetzt werden, sondern laufen über Eck durch: Es ist kein Hirnholz der Bewitterung ausgesetzt. Auf vordergründigen&nbsp; „Komfort der Pflegeleichtigkeit“ wurde bewusst verzichtet. Es gibt keine Lacke oder sonstigen Beschichtungen, keine Fliesen oder Bodenbeläge. Vom First bis zum Möbel ist hier alles aus regionalem, naturbelassenem Massivholz.Bodenbeläge. Vom First bis zum Möbel ist hier alles aus regionalem, naturbelassenem Massivholz.</p>

<p>Aus der im Bregenzerwald in drei saisonalen Etappen<br />
gegliederten Viehwirtschaft entstand das „Vorsäß“, ein<br />
Bereich der Almen auf rund 1000 m Höhe, der zweimal<br />
jährlich, im Frühling und Herbst, jeweils vier bis fünf<br />
Wochen von Mensch und Tier besiedelt wurde. Da die<br />
Bauern früher maximal zehn Rinder hatten, waren die<br />
typischen Vorsäßhütten sehr klein bemessen und spartanisch<br />
auf die kurze Aufenthaltsdauer zugeschnitten.<br />
Gerade diese Beschränkung auf das Notwendige prägte<br />
die Eigenheit dieser Bauten und ihre ebenso strenge wie<br />
unbelastete, naturnahe Atmosphäre macht sie heute zu<br />
beliebten Ferienhäusern.</p>
