{"id":25724,"date":"2016-05-11T12:38:00","date_gmt":"2016-05-11T10:38:00","guid":{"rendered":"http:\/\/www.elmar-schmidinger.at\/hk5\/projekt\/interpark-focus-impulszentrum\/"},"modified":"2025-10-20T11:02:33","modified_gmt":"2025-10-20T09:02:33","slug":"interpark-focus-impulszentrum","status":"publish","type":"projekt","link":"https:\/\/ip217-154-147-205.pbiaas.com\/v80\/de\/projekt\/interpark-focus-impulszentrum\/","title":{"rendered":"Interpark Focus &#8211; Impulszentrum, R\u00f6this"},"content":{"rendered":"<p><strong>Ein weithin sichtbarer Turm, ein vorgelagerter Platz und gemeinsam nutzbare Einrichtungen \u2013 das Impulszentrum Interpark-Focus ist der neue verwaltungstechnische und architektonische Mittelpunkt eines Gewerbegebietes in Feldkirch-R\u00f6this.<\/strong><\/p>\n<p>Der \u201eInterpark Focus\u201c \u2013 eine von PRISMA Zentrum f\u00fcr Standort- und Regionalentwicklung GmbH, der Gemeinde R\u00f6this und dem Land Vorarlberg betriebene, strukturierte Ansiedlung von Unternehmen auf einem ca. 120.000 m\u00b2 gro\u00dfem Areal im Vorarlberger Rheintal \u2013 erhielt mit dem am Zufahrtspunkt zum Gewerbepark errichteten \u201eImpulszentrum\u201c seinen klar definierten Mittelpunkt. Ein sechsgeschossiger Turmbauk\u00f6rper mit ca. 2.700 m\u00b2 vermietbarer B\u00fcrofl\u00e4che und ein dreigeschossiger L\u00e4ngstrakt f\u00fcr die Firma calimax sind durch eine Glasspange verbunden, in der sich der Haupteingang befindet. \u00dcber ein lichtdurchflutetes Foyer sind die gemeinsam von den hier angesiedelten Unternehmen nutzbaren Seminarr\u00e4umlichkeiten und ein ebenerdig im Turmbau untergebrachtes Restaurant erschlossen. Die kubischen Bauk\u00f6rper wurden aus dreischaligen Stahlbeton-Fertigteilen realisiert, die mit wenigen Stahlst\u00fctzen im Inneren die Stahlbetondecken tragen und damit eine freie Grundrisseinteilung und eine hohe Flexibilit\u00e4t in der Nutzung gew\u00e4hrleisten. Indem diese Fertigteile geschossweise zueinander versetzt sind, werden die Fassaden rhythmisch strukturiert und den Bauk\u00f6rpern ein charakteristisches Erscheinungsbild verliehen, das in Dialog zu dem benachbarten, ebenfalls vom B\u00fcro Hermann Kaufmann ausgef\u00fchrten Betriebsgeb\u00e4ude der Firma Jura (\u201eInterpark Focus 1\u201c) tritt. Der die umgebende Bebauung \u00fcberragende Turm ist das weithin sichtbare, identifikationsstiftende Wahrzeichen des Gewerbeparks und gleichzeitig durch die hier situierten Infrastruktureinrichtungen und den vorgelagerten Platz wesentlicher Ort des Treffens und Kommunizierens.<\/p>\n","protected":false},"excerpt":{"rendered":"<p>Ein weithin sichtbarer Turm, ein vorgelagerter Platz und gemeinsam nutzbare Einrichtungen \u2013 das Impulszentrum Interpark-Focus ist der neue verwaltungstechnische und architektonische Mittelpunkt eines Gewerbegebietes in Feldkirch-R\u00f6this. Der \u201eInterpark Focus\u201c \u2013 eine von PRISMA Zentrum f\u00fcr Standort- und Regionalentwicklung GmbH, der Gemeinde R\u00f6this und dem Land Vorarlberg betriebene, strukturierte Ansiedlung von Unternehmen auf einem ca. 120.000 m2 gro\u00dfem Areal im Vorarlberger Rheintal \u2013 erhielt mit dem am Zufahrtspunkt zum Gewerbepark errichteten \u201eImpulszentrum\u201c seinen klar definierten Mittelpunkt. Ein sechsgeschossiger Turmbauk\u00f6rper mit ca. 2.700 m2 vermietbarer B\u00fcrofl\u00e4che und ein dreigeschossiger L\u00e4ngstrakt f\u00fcr die Firma calimax sind durch eine Glasspange verbunden, in der sich der Haupteingang befindet.  \u00dcber ein lichtdurchflutetes Foyer sind die gemeinsam von den hier angesiedelten Unternehmen nutzbaren Seminarr\u00e4umlichkeiten und ein ebenerdig im Turmbau untergebrachtes Restaurant erschlossen.<\/p>\n","protected":false},"featured_media":37237,"template":"","tags":[237],"publik":[975],"projekt-art":[957],"projekt-land":[938],"projekt-status":[943],"projekt-kategorie":[920,949],"projektphase":[],"class_list":["post-25724","projekt","type-projekt","status-publish","has-post-thumbnail","hentry","tag-buero","publik-projektbeschreibung","projekt-art-neubau","projekt-land-oesterreich","projekt-status-fertiggestellt","projekt-kategorie-arbeit","projekt-kategorie-buero","projektkategorie-gewerbe-handel","projektkategorie-verwaltung"],"acf":[],"_links":{"self":[{"href":"https:\/\/ip217-154-147-205.pbiaas.com\/v80\/de\/wp-json\/wp\/v2\/projekt\/25724","targetHints":{"allow":["GET"]}}],"collection":[{"href":"https:\/\/ip217-154-147-205.pbiaas.com\/v80\/de\/wp-json\/wp\/v2\/projekt"}],"about":[{"href":"https:\/\/ip217-154-147-205.pbiaas.com\/v80\/de\/wp-json\/wp\/v2\/types\/projekt"}],"wp:featuredmedia":[{"embeddable":true,"href":"https:\/\/ip217-154-147-205.pbiaas.com\/v80\/de\/wp-json\/wp\/v2\/media\/37237"}],"wp:attachment":[{"href":"https:\/\/ip217-154-147-205.pbiaas.com\/v80\/de\/wp-json\/wp\/v2\/media?parent=25724"}],"wp:term":[{"taxonomy":"post_tag","embeddable":true,"href":"https:\/\/ip217-154-147-205.pbiaas.com\/v80\/de\/wp-json\/wp\/v2\/tags?post=25724"},{"taxonomy":"publik","embeddable":true,"href":"https:\/\/ip217-154-147-205.pbiaas.com\/v80\/de\/wp-json\/wp\/v2\/publik?post=25724"},{"taxonomy":"projekt-art","embeddable":true,"href":"https:\/\/ip217-154-147-205.pbiaas.com\/v80\/de\/wp-json\/wp\/v2\/projekt-art?post=25724"},{"taxonomy":"projekt-land","embeddable":true,"href":"https:\/\/ip217-154-147-205.pbiaas.com\/v80\/de\/wp-json\/wp\/v2\/projekt-land?post=25724"},{"taxonomy":"projekt-status","embeddable":true,"href":"https:\/\/ip217-154-147-205.pbiaas.com\/v80\/de\/wp-json\/wp\/v2\/projekt-status?post=25724"},{"taxonomy":"projekt-kategorie","embeddable":true,"href":"https:\/\/ip217-154-147-205.pbiaas.com\/v80\/de\/wp-json\/wp\/v2\/projekt-kategorie?post=25724"},{"taxonomy":"projektphase","embeddable":true,"href":"https:\/\/ip217-154-147-205.pbiaas.com\/v80\/de\/wp-json\/wp\/v2\/projektphase?post=25724"}],"curies":[{"name":"wp","href":"https:\/\/api.w.org\/{rel}","templated":true}]}}

Interpark Focus &#8211; Impulszentrum, Röthis

<p><strong>Ein weithin sichtbarer Turm, ein vorgelagerter Platz und gemeinsam nutzbare Einrichtungen – das Impulszentrum Interpark-Focus ist der neue verwaltungstechnische und architektonische Mittelpunkt eines Gewerbegebietes in Feldkirch-Röthis.</strong></p>
<p>Der „Interpark Focus“ – eine von PRISMA Zentrum für Standort- und Regionalentwicklung GmbH, der Gemeinde Röthis und dem Land Vorarlberg betriebene, strukturierte Ansiedlung von Unternehmen auf einem ca. 120.000 m² großem Areal im Vorarlberger Rheintal – erhielt mit dem am Zufahrtspunkt zum Gewerbepark errichteten „Impulszentrum“ seinen klar definierten Mittelpunkt. Ein sechsgeschossiger Turmbaukörper mit ca. 2.700 m² vermietbarer Bürofläche und ein dreigeschossiger Längstrakt für die Firma calimax sind durch eine Glasspange verbunden, in der sich der Haupteingang befindet. Über ein lichtdurchflutetes Foyer sind die gemeinsam von den hier angesiedelten Unternehmen nutzbaren Seminarräumlichkeiten und ein ebenerdig im Turmbau untergebrachtes Restaurant erschlossen. Die kubischen Baukörper wurden aus dreischaligen Stahlbeton-Fertigteilen realisiert, die mit wenigen Stahlstützen im Inneren die Stahlbetondecken tragen und damit eine freie Grundrisseinteilung und eine hohe Flexibilität in der Nutzung gewährleisten. Indem diese Fertigteile geschossweise zueinander versetzt sind, werden die Fassaden rhythmisch strukturiert und den Baukörpern ein charakteristisches Erscheinungsbild verliehen, das in Dialog zu dem benachbarten, ebenfalls vom Büro Hermann Kaufmann ausgeführten Betriebsgebäude der Firma Jura („Interpark Focus 1“) tritt. Der die umgebende Bebauung überragende Turm ist das weithin sichtbare, identifikationsstiftende Wahrzeichen des Gewerbeparks und gleichzeitig durch die hier situierten Infrastruktureinrichtungen und den vorgelagerten Platz wesentlicher Ort des Treffens und Kommunizierens.</p>

<p>Ein weithin sichtbarer Turm, ein vorgelagerter Platz und gemeinsam nutzbare Einrichtungen – das Impulszentrum Interpark-Focus ist der neue verwaltungstechnische und architektonische Mittelpunkt eines Gewerbegebietes in Feldkirch-Röthis. Der „Interpark Focus“ – eine von PRISMA Zentrum für Standort- und Regionalentwicklung GmbH, der Gemeinde Röthis und dem Land Vorarlberg betriebene, strukturierte Ansiedlung von Unternehmen auf einem ca. 120.000 m2 großem Areal im Vorarlberger Rheintal – erhielt mit dem am Zufahrtspunkt zum Gewerbepark errichteten „Impulszentrum“ seinen klar definierten Mittelpunkt. Ein sechsgeschossiger Turmbaukörper mit ca. 2.700 m2 vermietbarer Bürofläche und ein dreigeschossiger Längstrakt für die Firma calimax sind durch eine Glasspange verbunden, in der sich der Haupteingang befindet.  Über ein lichtdurchflutetes Foyer sind die gemeinsam von den hier angesiedelten Unternehmen nutzbaren Seminarräumlichkeiten und ein ebenerdig im Turmbau untergebrachtes Restaurant erschlossen.</p>
