{"id":25756,"date":"2016-05-11T12:39:29","date_gmt":"2016-05-11T10:39:29","guid":{"rendered":"http:\/\/www.elmar-schmidinger.at\/hk5\/projekt\/schule-schnepfau\/"},"modified":"2025-10-20T11:36:26","modified_gmt":"2025-10-20T09:36:26","slug":"schule-schnepfau","status":"publish","type":"projekt","link":"https:\/\/ip217-154-147-205.pbiaas.com\/v80\/de\/projekt\/schule-schnepfau\/","title":{"rendered":"Volksschule, Schnepfau"},"content":{"rendered":"<p><strong>Weiterbauen, aktualisieren, weiterdenken \u2013 auch den Bestand der regionalen Architekturmoderne aus der Aufbruchsphase der 1960er-Jahre.<\/strong><\/p>\n<p>Das 1968 errichtete Geb\u00e4ude bildet im Trio mit Kirche und Gemeindehaus die Mitte dieser Gemeinde im Zentrum des Bregenzerwaldes. Von Jakob Albrecht geplant, vereinte der Bau Schule, Kindergarten und Mehrzwecksaal unter einer bewegten, funktionsbedingten Staffelung von flachen Satteld\u00e4chern und Pultd\u00e4chern, zur Lichtf\u00fchrung zum Teil asymmetrisch aufgebrochen und gegeneinander verschoben.<\/p>\n<p>Mit ihrer strengen Materialsprache und den modularen Holz-Glas-Rastern der Fensterpartien harmonierte das gegliederte Volumen mit den lokalen Ma\u00dfst\u00e4ben, ohne direkt Anleihen bei den Bauernh\u00e4usern zu nehmen. Der Bau wurde nun technisch und funktional auf den neuesten Stand gebracht.<\/p>\n<p>Die Au\u00dfenh\u00fclle \u2013 Dach, Fassade und Fenster \u2013 und die Haustechnik wurden grundlegend saniert sowie die Innenausstattung samt M\u00f6blierung erneuert. Der Schulbereich erhielt an der Nordecke eine Verl\u00e4ngerung des Obergeschosses, wo ein neuer Werkraum sowie Sanit\u00e4rbereiche und Garderoben f\u00fcr den Turn- und Veranstaltungssaal hinzukamen.<\/p>\n<p>Der vorher gegebene Rhythmus von wei\u00dfen, massiven Querw\u00e4nden und dazwischen eingespannten, dunklen Holz-Glas-Fronten hat sich gewandelt in die Dualit\u00e4t des b\u00fcndig verschalten, auskragenden Holz-K\u00f6rpers mit dem formal ebenfalls gestrafften Sockel des Erdgeschosses aus wei\u00dfen Wandscheiben und raumhohen Verglasungen.<\/p>\n","protected":false},"excerpt":{"rendered":"<p>Weiterbauen, aktualisieren, weiterdenken \u2013 auch den<br \/>\nBestand der regionalen Architekturmoderne aus der<br \/>\nAufbruchsphase der 1960er-Jahre.<\/p>\n","protected":false},"featured_media":38461,"template":"","tags":[298],"publik":[975],"projekt-art":[958],"projekt-land":[938],"projekt-status":[943],"projekt-kategorie":[918],"projektphase":[],"class_list":["post-25756","projekt","type-projekt","status-publish","has-post-thumbnail","hentry","tag-schule","publik-projektbeschreibung","projekt-art-bauen-im-bestand","projekt-land-oesterreich","projekt-status-fertiggestellt","projekt-kategorie-bildung","projektkategorie-bildung","projektkategorie-oeffentlich","projektkategorie-umbauten"],"acf":[],"_links":{"self":[{"href":"https:\/\/ip217-154-147-205.pbiaas.com\/v80\/de\/wp-json\/wp\/v2\/projekt\/25756","targetHints":{"allow":["GET"]}}],"collection":[{"href":"https:\/\/ip217-154-147-205.pbiaas.com\/v80\/de\/wp-json\/wp\/v2\/projekt"}],"about":[{"href":"https:\/\/ip217-154-147-205.pbiaas.com\/v80\/de\/wp-json\/wp\/v2\/types\/projekt"}],"wp:featuredmedia":[{"embeddable":true,"href":"https:\/\/ip217-154-147-205.pbiaas.com\/v80\/de\/wp-json\/wp\/v2\/media\/38461"}],"wp:attachment":[{"href":"https:\/\/ip217-154-147-205.pbiaas.com\/v80\/de\/wp-json\/wp\/v2\/media?parent=25756"}],"wp:term":[{"taxonomy":"post_tag","embeddable":true,"href":"https:\/\/ip217-154-147-205.pbiaas.com\/v80\/de\/wp-json\/wp\/v2\/tags?post=25756"},{"taxonomy":"publik","embeddable":true,"href":"https:\/\/ip217-154-147-205.pbiaas.com\/v80\/de\/wp-json\/wp\/v2\/publik?post=25756"},{"taxonomy":"projekt-art","embeddable":true,"href":"https:\/\/ip217-154-147-205.pbiaas.com\/v80\/de\/wp-json\/wp\/v2\/projekt-art?post=25756"},{"taxonomy":"projekt-land","embeddable":true,"href":"https:\/\/ip217-154-147-205.pbiaas.com\/v80\/de\/wp-json\/wp\/v2\/projekt-land?post=25756"},{"taxonomy":"projekt-status","embeddable":true,"href":"https:\/\/ip217-154-147-205.pbiaas.com\/v80\/de\/wp-json\/wp\/v2\/projekt-status?post=25756"},{"taxonomy":"projekt-kategorie","embeddable":true,"href":"https:\/\/ip217-154-147-205.pbiaas.com\/v80\/de\/wp-json\/wp\/v2\/projekt-kategorie?post=25756"},{"taxonomy":"projektphase","embeddable":true,"href":"https:\/\/ip217-154-147-205.pbiaas.com\/v80\/de\/wp-json\/wp\/v2\/projektphase?post=25756"}],"curies":[{"name":"wp","href":"https:\/\/api.w.org\/{rel}","templated":true}]}}

<p><strong>Weiterbauen, aktualisieren, weiterdenken – auch den Bestand der regionalen Architekturmoderne aus der Aufbruchsphase der 1960er-Jahre.</strong></p>
<p>Das 1968 errichtete Gebäude bildet im Trio mit Kirche und Gemeindehaus die Mitte dieser Gemeinde im Zentrum des Bregenzerwaldes. Von Jakob Albrecht geplant, vereinte der Bau Schule, Kindergarten und Mehrzwecksaal unter einer bewegten, funktionsbedingten Staffelung von flachen Satteldächern und Pultdächern, zur Lichtführung zum Teil asymmetrisch aufgebrochen und gegeneinander verschoben.</p>
<p>Mit ihrer strengen Materialsprache und den modularen Holz-Glas-Rastern der Fensterpartien harmonierte das gegliederte Volumen mit den lokalen Maßstäben, ohne direkt Anleihen bei den Bauernhäusern zu nehmen. Der Bau wurde nun technisch und funktional auf den neuesten Stand gebracht.</p>
<p>Die Außenhülle – Dach, Fassade und Fenster – und die Haustechnik wurden grundlegend saniert sowie die Innenausstattung samt Möblierung erneuert. Der Schulbereich erhielt an der Nordecke eine Verlängerung des Obergeschosses, wo ein neuer Werkraum sowie Sanitärbereiche und Garderoben für den Turn- und Veranstaltungssaal hinzukamen.</p>
<p>Der vorher gegebene Rhythmus von weißen, massiven Querwänden und dazwischen eingespannten, dunklen Holz-Glas-Fronten hat sich gewandelt in die Dualität des bündig verschalten, auskragenden Holz-Körpers mit dem formal ebenfalls gestrafften Sockel des Erdgeschosses aus weißen Wandscheiben und raumhohen Verglasungen.</p>
