{"id":25776,"date":"2016-05-11T12:40:37","date_gmt":"2016-05-11T10:40:37","guid":{"rendered":"http:\/\/www.elmar-schmidinger.at\/hk5\/projekt\/mesmer-stall\/"},"modified":"2025-10-20T11:58:52","modified_gmt":"2025-10-20T09:58:52","slug":"mesmer-stall","status":"publish","type":"projekt","link":"https:\/\/ip217-154-147-205.pbiaas.com\/v80\/de\/projekt\/mesmer-stall\/","title":{"rendered":"Heimatmuseum, Alberschwende"},"content":{"rendered":"<p><strong>Transformation eines landwirtschaftlichen Nutzbaus in einen stimmungsvollen Raum f\u00fcr festliche Anl\u00e4sse,zur Dokumentation der lokalen Geschichte.<\/strong><\/p>\n<p>Alberschwende ist eine Gemeinde am \u00dcbergang vom Bregenzerwald zum Rheintal, hat 3000 Einwohner, liegt auf \u00fcber 700 m Seeh\u00f6he. Der charakteristische Dorfkern mit Kirche, Rathaus, Gasthaus und Wohnh\u00e4usern samt Scheunen und St\u00e4llen ist noch erhalten. Allerdings sind gerade die landwirtschaftlichen Nebengeb\u00e4ude in den D\u00f6rfern oft l\u00e4ngst stillgelegt, ihre Erhaltung und Neunutzung ist dennoch f\u00fcr die Identit\u00e4t der Siedlungsstruktur wesentlich.<\/p>\n<p>Der alte Stall in Alberschwende geh\u00f6rte zum so genannten Mesmerhaus und steht in zweiter Reihe zum Dorfkern. Die Gemeinde unter B\u00fcrgermeister Walter R\u00fcf beschloss, den Bau als kleines landwirtschaftliches Museum sowie als speziellen Ort f\u00fcr kleine Veranstaltungen, Tagungen, Konzerte, Feste neu zu nutzen. Bei der Adaptierung wurde m\u00f6glichst viel von der Bausubstanz erhalten, f\u00fcr die n\u00f6tigen Erg\u00e4nzungen und Einbauten benutzte man lokale Wei\u00dftanne. So entstand auch eine selbstverst\u00e4ndliche Erweiterung der Form- und Materialsprache des Ortes, ein Dialog zwischen den abstrahierenden Details der neuen Konstruktionen und den alten Bauteilen mit ihren rohen Oberfl\u00e4chen, die von der Handwerkstradition und den einst viel h\u00e4rteren Lebensbedingungen zeugen. Die neue Nutzung wird vor allem durch zwei gro\u00dfe Licht\u00f6ffnungen und die breite Zugangsbr\u00fccke signalisiert.<\/p>\n","protected":false},"excerpt":{"rendered":"<p>Transformation eines landwirtschaftlichen Nutzbaus<br \/>\nin einen stimmungsvollen Raum f\u00fcr festliche Anl\u00e4sse,<br \/>\nzur Dokumentation der lokalen Geschichte.<\/p>\n","protected":false},"featured_media":38488,"template":"","tags":[347],"publik":[975],"projekt-art":[958],"projekt-land":[938],"projekt-status":[943],"projekt-kategorie":[922],"projektphase":[],"class_list":["post-25776","projekt","type-projekt","status-publish","has-post-thumbnail","hentry","tag-museum","publik-projektbeschreibung","projekt-art-bauen-im-bestand","projekt-land-oesterreich","projekt-status-fertiggestellt","projekt-kategorie-kultur","projektkategorie-oeffentlich","projektkategorie-sanierung","projektkategorie-umbauten"],"acf":[],"_links":{"self":[{"href":"https:\/\/ip217-154-147-205.pbiaas.com\/v80\/de\/wp-json\/wp\/v2\/projekt\/25776","targetHints":{"allow":["GET"]}}],"collection":[{"href":"https:\/\/ip217-154-147-205.pbiaas.com\/v80\/de\/wp-json\/wp\/v2\/projekt"}],"about":[{"href":"https:\/\/ip217-154-147-205.pbiaas.com\/v80\/de\/wp-json\/wp\/v2\/types\/projekt"}],"wp:featuredmedia":[{"embeddable":true,"href":"https:\/\/ip217-154-147-205.pbiaas.com\/v80\/de\/wp-json\/wp\/v2\/media\/38488"}],"wp:attachment":[{"href":"https:\/\/ip217-154-147-205.pbiaas.com\/v80\/de\/wp-json\/wp\/v2\/media?parent=25776"}],"wp:term":[{"taxonomy":"post_tag","embeddable":true,"href":"https:\/\/ip217-154-147-205.pbiaas.com\/v80\/de\/wp-json\/wp\/v2\/tags?post=25776"},{"taxonomy":"publik","embeddable":true,"href":"https:\/\/ip217-154-147-205.pbiaas.com\/v80\/de\/wp-json\/wp\/v2\/publik?post=25776"},{"taxonomy":"projekt-art","embeddable":true,"href":"https:\/\/ip217-154-147-205.pbiaas.com\/v80\/de\/wp-json\/wp\/v2\/projekt-art?post=25776"},{"taxonomy":"projekt-land","embeddable":true,"href":"https:\/\/ip217-154-147-205.pbiaas.com\/v80\/de\/wp-json\/wp\/v2\/projekt-land?post=25776"},{"taxonomy":"projekt-status","embeddable":true,"href":"https:\/\/ip217-154-147-205.pbiaas.com\/v80\/de\/wp-json\/wp\/v2\/projekt-status?post=25776"},{"taxonomy":"projekt-kategorie","embeddable":true,"href":"https:\/\/ip217-154-147-205.pbiaas.com\/v80\/de\/wp-json\/wp\/v2\/projekt-kategorie?post=25776"},{"taxonomy":"projektphase","embeddable":true,"href":"https:\/\/ip217-154-147-205.pbiaas.com\/v80\/de\/wp-json\/wp\/v2\/projektphase?post=25776"}],"curies":[{"name":"wp","href":"https:\/\/api.w.org\/{rel}","templated":true}]}}

<p><strong>Transformation eines landwirtschaftlichen Nutzbaus in einen stimmungsvollen Raum für festliche Anlässe,zur Dokumentation der lokalen Geschichte.</strong></p>
<p>Alberschwende ist eine Gemeinde am Übergang vom Bregenzerwald zum Rheintal, hat 3000 Einwohner, liegt auf über 700 m Seehöhe. Der charakteristische Dorfkern mit Kirche, Rathaus, Gasthaus und Wohnhäusern samt Scheunen und Ställen ist noch erhalten. Allerdings sind gerade die landwirtschaftlichen Nebengebäude in den Dörfern oft längst stillgelegt, ihre Erhaltung und Neunutzung ist dennoch für die Identität der Siedlungsstruktur wesentlich.</p>
<p>Der alte Stall in Alberschwende gehörte zum so genannten Mesmerhaus und steht in zweiter Reihe zum Dorfkern. Die Gemeinde unter Bürgermeister Walter Rüf beschloss, den Bau als kleines landwirtschaftliches Museum sowie als speziellen Ort für kleine Veranstaltungen, Tagungen, Konzerte, Feste neu zu nutzen. Bei der Adaptierung wurde möglichst viel von der Bausubstanz erhalten, für die nötigen Ergänzungen und Einbauten benutzte man lokale Weißtanne. So entstand auch eine selbstverständliche Erweiterung der Form- und Materialsprache des Ortes, ein Dialog zwischen den abstrahierenden Details der neuen Konstruktionen und den alten Bauteilen mit ihren rohen Oberflächen, die von der Handwerkstradition und den einst viel härteren Lebensbedingungen zeugen. Die neue Nutzung wird vor allem durch zwei große Lichtöffnungen und die breite Zugangsbrücke signalisiert.</p>

<p>Transformation eines landwirtschaftlichen Nutzbaus<br />
in einen stimmungsvollen Raum für festliche Anlässe,<br />
zur Dokumentation der lokalen Geschichte.</p>
