{"id":25789,"date":"2016-05-11T12:41:12","date_gmt":"2016-05-11T10:41:12","guid":{"rendered":"http:\/\/www.elmar-schmidinger.at\/hk5\/projekt\/moosmann-petra\/"},"modified":"2025-10-20T12:14:25","modified_gmt":"2025-10-20T10:14:25","slug":"moosmann-petra","status":"publish","type":"projekt","link":"https:\/\/ip217-154-147-205.pbiaas.com\/v80\/de\/projekt\/moosmann-petra\/","title":{"rendered":"Moosmann, Lauterach"},"content":{"rendered":"<p><strong>Anwendung von leichter und vorgefertigter Holzbauweise zur ma\u00dfgeschneiderten Nachverdichtung von Restfl\u00e4chen in Siedlungsgebieten.<\/strong><\/p>\n<p>Die Herausforderung dieses Projektes bestand darin, eine \u00e4u\u00dferst beengte, eigentlich nicht f\u00fcr bebaubar gehaltene Situation zwischen bestehenden Einfamilienh\u00e4usern zur Schaffung von Wohn- und Arbeitsraum f\u00fcr eine junge Familie zu n\u00fctzen.<\/p>\n<p>Im ostseitigen Altbau leben die Eltern der Bauherrin, mit denen die Positionierung des neuen Geb\u00e4udes und eine beide Familien betreffende L\u00f6sung der Eingangssituation gemeinsam erarbeitet wurde. Der s\u00fcdw\u00e4rts abfallende Hang erlaubte stra\u00dfenseitig den direkten Zugang zur neuen Wohnebene; in den Garten f\u00fchrt eine kurze Au\u00dfentreppe. Ein massives Sockelgeschoss ist gerade so in den Hang eingeschoben und eingesenkt, dass darin eine ausreichend belichtete Schlafebene samt Sanit\u00e4rbereichen Platz fand, aber auch der Abstand zu den westlichen Nachbarn noch eingehalten werden konnte.<\/p>\n<p>F\u00fcr die technische und gestalterische Einpassung des haupts\u00e4chlich in Erscheinung tretenden Volumens der Wohnetage (nur circa 4 m breit) bot die vorgefertigte Holzbauweise in jeder Hinsicht optimale M\u00f6glichkeiten. Die H\u00fclle des schlanken Bauk\u00f6rpers ist hochged\u00e4mmt und wirkt zugleich in der Dimensionierung und formalen \u201eRaumverdr\u00e4ngung&#8220; minimal. Durch Komfortl\u00fcftung mit W\u00e4rmer\u00fcckgewinnung erreicht das Haus fast Passivhauswerte.<\/p>\n","protected":false},"excerpt":{"rendered":"<p>Die Herausforderung dieses Projektes bestand darin, eine<br \/>\n\u00e4u\u00dferst beengte, eigentlich nicht f\u00fcr bebaubar gehaltene<br \/>\nSituation zwischen bestehenden Einfamilienh\u00e4usern zur<br \/>\nSchaffung von Wohn- und Arbeitsraum f\u00fcr eine junge<br \/>\nFamilie zu n\u00fctzen. Im ostseitigen Altbau leben die Eltern<br \/>\nder Bauherrin, mit denen die Positionierung des neuen<br \/>\nGeb\u00e4udes und eine beide Familien betreffende L\u00f6sung der<br \/>\nEingangssituation gemeinsam erarbeitet wurde. Der s\u00fcdw\u00e4rts<br \/>\nabfallende Hang erlaubte stra\u00dfenseitig den direkten<br \/>\nZugang zur neuen Wohnebene; in den Garten f\u00fchrt eine<br \/>\nkurze Au\u00dfentreppe.<\/p>\n","protected":false},"featured_media":66763,"template":"","tags":[318],"publik":[975],"projekt-art":[957],"projekt-land":[938],"projekt-status":[943],"projekt-kategorie":[930,919],"projektphase":[],"class_list":["post-25789","projekt","type-projekt","status-publish","has-post-thumbnail","hentry","tag-efh","publik-projektbeschreibung","projekt-art-neubau","projekt-land-oesterreich","projekt-status-fertiggestellt","projekt-kategorie-einfamilienhaus","projekt-kategorie-wohnen","projektkategorie-einfamilienhaus"],"acf":[],"_links":{"self":[{"href":"https:\/\/ip217-154-147-205.pbiaas.com\/v80\/de\/wp-json\/wp\/v2\/projekt\/25789","targetHints":{"allow":["GET"]}}],"collection":[{"href":"https:\/\/ip217-154-147-205.pbiaas.com\/v80\/de\/wp-json\/wp\/v2\/projekt"}],"about":[{"href":"https:\/\/ip217-154-147-205.pbiaas.com\/v80\/de\/wp-json\/wp\/v2\/types\/projekt"}],"wp:featuredmedia":[{"embeddable":true,"href":"https:\/\/ip217-154-147-205.pbiaas.com\/v80\/de\/wp-json\/wp\/v2\/media\/66763"}],"wp:attachment":[{"href":"https:\/\/ip217-154-147-205.pbiaas.com\/v80\/de\/wp-json\/wp\/v2\/media?parent=25789"}],"wp:term":[{"taxonomy":"post_tag","embeddable":true,"href":"https:\/\/ip217-154-147-205.pbiaas.com\/v80\/de\/wp-json\/wp\/v2\/tags?post=25789"},{"taxonomy":"publik","embeddable":true,"href":"https:\/\/ip217-154-147-205.pbiaas.com\/v80\/de\/wp-json\/wp\/v2\/publik?post=25789"},{"taxonomy":"projekt-art","embeddable":true,"href":"https:\/\/ip217-154-147-205.pbiaas.com\/v80\/de\/wp-json\/wp\/v2\/projekt-art?post=25789"},{"taxonomy":"projekt-land","embeddable":true,"href":"https:\/\/ip217-154-147-205.pbiaas.com\/v80\/de\/wp-json\/wp\/v2\/projekt-land?post=25789"},{"taxonomy":"projekt-status","embeddable":true,"href":"https:\/\/ip217-154-147-205.pbiaas.com\/v80\/de\/wp-json\/wp\/v2\/projekt-status?post=25789"},{"taxonomy":"projekt-kategorie","embeddable":true,"href":"https:\/\/ip217-154-147-205.pbiaas.com\/v80\/de\/wp-json\/wp\/v2\/projekt-kategorie?post=25789"},{"taxonomy":"projektphase","embeddable":true,"href":"https:\/\/ip217-154-147-205.pbiaas.com\/v80\/de\/wp-json\/wp\/v2\/projektphase?post=25789"}],"curies":[{"name":"wp","href":"https:\/\/api.w.org\/{rel}","templated":true}]}}

<p><strong>Anwendung von leichter und vorgefertigter Holzbauweise zur maßgeschneiderten Nachverdichtung von Restflächen in Siedlungsgebieten.</strong></p>
<p>Die Herausforderung dieses Projektes bestand darin, eine äußerst beengte, eigentlich nicht für bebaubar gehaltene Situation zwischen bestehenden Einfamilienhäusern zur Schaffung von Wohn- und Arbeitsraum für eine junge Familie zu nützen.</p>
<p>Im ostseitigen Altbau leben die Eltern der Bauherrin, mit denen die Positionierung des neuen Gebäudes und eine beide Familien betreffende Lösung der Eingangssituation gemeinsam erarbeitet wurde. Der südwärts abfallende Hang erlaubte straßenseitig den direkten Zugang zur neuen Wohnebene; in den Garten führt eine kurze Außentreppe. Ein massives Sockelgeschoss ist gerade so in den Hang eingeschoben und eingesenkt, dass darin eine ausreichend belichtete Schlafebene samt Sanitärbereichen Platz fand, aber auch der Abstand zu den westlichen Nachbarn noch eingehalten werden konnte.</p>
<p>Für die technische und gestalterische Einpassung des hauptsächlich in Erscheinung tretenden Volumens der Wohnetage (nur circa 4 m breit) bot die vorgefertigte Holzbauweise in jeder Hinsicht optimale Möglichkeiten. Die Hülle des schlanken Baukörpers ist hochgedämmt und wirkt zugleich in der Dimensionierung und formalen „Raumverdrängung&#8220; minimal. Durch Komfortlüftung mit Wärmerückgewinnung erreicht das Haus fast Passivhauswerte.</p>

<p>Die Herausforderung dieses Projektes bestand darin, eine<br />
äußerst beengte, eigentlich nicht für bebaubar gehaltene<br />
Situation zwischen bestehenden Einfamilienhäusern zur<br />
Schaffung von Wohn- und Arbeitsraum für eine junge<br />
Familie zu nützen. Im ostseitigen Altbau leben die Eltern<br />
der Bauherrin, mit denen die Positionierung des neuen<br />
Gebäudes und eine beide Familien betreffende Lösung der<br />
Eingangssituation gemeinsam erarbeitet wurde. Der südwärts<br />
abfallende Hang erlaubte straßenseitig den direkten<br />
Zugang zur neuen Wohnebene; in den Garten führt eine<br />
kurze Außentreppe.</p>
