{"id":25873,"date":"2016-05-11T12:45:18","date_gmt":"2016-05-11T10:45:18","guid":{"rendered":"http:\/\/www.elmar-schmidinger.at\/hk5\/projekt\/mayr-melnhof-kaufmann\/"},"modified":"2025-07-28T17:09:24","modified_gmt":"2025-07-28T15:09:24","slug":"mayr-melnhof-kaufmann","status":"publish","type":"projekt","link":"https:\/\/www.hkarchitekten.at\/v80\/de\/projekt\/mayr-melnhof-kaufmann\/","title":{"rendered":"Stallinger, St. Georgen im Attergau"},"content":{"rendered":"<p><strong>Holzwerkstoffe aus eigener Produktion, umgesetzt in vorgefertigte, massive Tragstrukturen, die keine Verkleidungen ben\u00f6tigen.<\/strong><\/p>\n<p>Die B\u00fcrozentrale dieses Holz verarbeitenden Betriebes, der in \u00d6sterreich, der Schweiz und Deutschland pr\u00e4sent ist, zeigt eine neuartige, extrem wirtschaftliche und flexible Konstruktion mit Fichten-Brettschichtholz aus eigener Produktion. Die Architektur wurde so konzipiert, dass einerseits ein Minimum unterschiedlicher Bauelemente, andererseits ein Optimum an Massivholzteilen eingesetzt wurde. Zielvorstellung war ein sehr \u201eeinfaches\u201c Geb\u00e4ude mit wenigen Schichten in der Au\u00dfenwand, zugleich die Maximierung der thermischen Speicherf\u00e4higkeit der Holzkonstruktion und nicht zuletzt die r\u00e4umliche und funktionelle Polyvalenz des Hauses.<\/p>\n<h4>\u00bbDas Geb\u00e4ude zeigt durch eine \u00fcberzeugende Umsetzung die m\u00f6glichen Qualit\u00e4ten des gew\u00e4hlten Konstruktionssystems auf, die Klarheit des Konzepts macht es zu einem au\u00dfergew\u00f6hnlichen Beispiel f\u00fcr funktionalen Rationalismus und umgesetzte Effizienz.\u00ab<\/h4>\n<h5>The International Prize for Sustainable Architecture 2011<\/h5>\n<p>Auf den Beton-Sockelbau wurde mit weiten Auskragungen der zweigeschossige Hauptbau aufgesetzt. Ein struktureller Raster von 2,58 m bringt konstruktive und funktionelle Kriterien zur \u00dcbereinstimmung. |<\/p>\n<p>Innen folgen die BSH-St\u00fctzen dem Raster, entlang der \u201ePeripherie\u201c der Au\u00dfenw\u00e4nde stehen 86 cm breite, scheibenartige BSH-Pfeiler (ein Drittel des Rasterma\u00dfes) mit Holzfaserd\u00e4mmung, darauf lagern BSH-Unterz\u00fcge und darauf wieder 86 cm breite BSH-Deckenelemente, die das doppelte Achsma\u00df spannen. Der st\u00fctzenfreie Konferenzraum (vier mal vier Achsen) auf der Hauptetage wird im Obergeschoss durch ein raumhohes Fachwerk \u00fcberbr\u00fcckt. Das Pultdach des zentralen, zweigeschossigen Atriums hat BSH-Rippen, 8 cm schmal und bis zu 1,80 m hoch. Die archaisch simple Architektur aus gro\u00dfformatigen Teilen mit homogenen Holzoberfl\u00e4chen hat rundum einen \u201eMantel\u201c aus Vord\u00e4chern und Balkonen in Brettsperrholz, im Raster mit Stahlb\u00e4ndern angeh\u00e4ngt. Diese \u00e4u\u00dfere Schicht bildet den Puffer zu den Stra\u00dfen, tr\u00e4gt die mobile Beschattung, sch\u00fctzt die unbehandelten Holzfassaden, erlaubt von allen R\u00e4umen den Austritt ins Freie.<\/p>\n","protected":false},"excerpt":{"rendered":"<p>Der Bau ist im Prinzip ein Regenmantel aus Holz, so ausgef&uuml;hrt, dass diese H&uuml;lle Luft und Sonnenlicht durchl&auml;sst, starke Winde aber gebrochen werden.<\/p>\n<p>\n","protected":false},"featured_media":36257,"template":"","tags":[239],"publik":[975],"projekt-art":[957],"projekt-land":[938],"projekt-status":[],"projekt-kategorie":[920,949],"projektphase":[],"class_list":["post-25873","projekt","type-projekt","status-publish","has-post-thumbnail","hentry","tag-gewerbe","publik-projektbeschreibung","projekt-art-neubau","projekt-land-oesterreich","projekt-kategorie-arbeit","projekt-kategorie-buero","projektkategorie-gewerbe-handel","projektkategorie-verwaltung"],"acf":[],"_links":{"self":[{"href":"https:\/\/www.hkarchitekten.at\/v80\/de\/wp-json\/wp\/v2\/projekt\/25873","targetHints":{"allow":["GET"]}}],"collection":[{"href":"https:\/\/www.hkarchitekten.at\/v80\/de\/wp-json\/wp\/v2\/projekt"}],"about":[{"href":"https:\/\/www.hkarchitekten.at\/v80\/de\/wp-json\/wp\/v2\/types\/projekt"}],"wp:featuredmedia":[{"embeddable":true,"href":"https:\/\/www.hkarchitekten.at\/v80\/de\/wp-json\/wp\/v2\/media\/36257"}],"wp:attachment":[{"href":"https:\/\/www.hkarchitekten.at\/v80\/de\/wp-json\/wp\/v2\/media?parent=25873"}],"wp:term":[{"taxonomy":"post_tag","embeddable":true,"href":"https:\/\/www.hkarchitekten.at\/v80\/de\/wp-json\/wp\/v2\/tags?post=25873"},{"taxonomy":"publik","embeddable":true,"href":"https:\/\/www.hkarchitekten.at\/v80\/de\/wp-json\/wp\/v2\/publik?post=25873"},{"taxonomy":"projekt-art","embeddable":true,"href":"https:\/\/www.hkarchitekten.at\/v80\/de\/wp-json\/wp\/v2\/projekt-art?post=25873"},{"taxonomy":"projekt-land","embeddable":true,"href":"https:\/\/www.hkarchitekten.at\/v80\/de\/wp-json\/wp\/v2\/projekt-land?post=25873"},{"taxonomy":"projekt-status","embeddable":true,"href":"https:\/\/www.hkarchitekten.at\/v80\/de\/wp-json\/wp\/v2\/projekt-status?post=25873"},{"taxonomy":"projekt-kategorie","embeddable":true,"href":"https:\/\/www.hkarchitekten.at\/v80\/de\/wp-json\/wp\/v2\/projekt-kategorie?post=25873"},{"taxonomy":"projektphase","embeddable":true,"href":"https:\/\/www.hkarchitekten.at\/v80\/de\/wp-json\/wp\/v2\/projektphase?post=25873"}],"curies":[{"name":"wp","href":"https:\/\/api.w.org\/{rel}","templated":true}]}}

<p><strong>Holzwerkstoffe aus eigener Produktion, umgesetzt in vorgefertigte, massive Tragstrukturen, die keine Verkleidungen benötigen.</strong></p>
<p>Die Bürozentrale dieses Holz verarbeitenden Betriebes, der in Österreich, der Schweiz und Deutschland präsent ist, zeigt eine neuartige, extrem wirtschaftliche und flexible Konstruktion mit Fichten-Brettschichtholz aus eigener Produktion. Die Architektur wurde so konzipiert, dass einerseits ein Minimum unterschiedlicher Bauelemente, andererseits ein Optimum an Massivholzteilen eingesetzt wurde. Zielvorstellung war ein sehr „einfaches“ Gebäude mit wenigen Schichten in der Außenwand, zugleich die Maximierung der thermischen Speicherfähigkeit der Holzkonstruktion und nicht zuletzt die räumliche und funktionelle Polyvalenz des Hauses.</p>
<h4>»Das Gebäude zeigt durch eine überzeugende Umsetzung die möglichen Qualitäten des gewählten Konstruktionssystems auf, die Klarheit des Konzepts macht es zu einem außergewöhnlichen Beispiel für funktionalen Rationalismus und umgesetzte Effizienz.«</h4>
<h5>The International Prize for Sustainable Architecture 2011</h5>
<p>Auf den Beton-Sockelbau wurde mit weiten Auskragungen der zweigeschossige Hauptbau aufgesetzt. Ein struktureller Raster von 2,58 m bringt konstruktive und funktionelle Kriterien zur Übereinstimmung. |</p>
<p>Innen folgen die BSH-Stützen dem Raster, entlang der „Peripherie“ der Außenwände stehen 86 cm breite, scheibenartige BSH-Pfeiler (ein Drittel des Rastermaßes) mit Holzfaserdämmung, darauf lagern BSH-Unterzüge und darauf wieder 86 cm breite BSH-Deckenelemente, die das doppelte Achsmaß spannen. Der stützenfreie Konferenzraum (vier mal vier Achsen) auf der Hauptetage wird im Obergeschoss durch ein raumhohes Fachwerk überbrückt. Das Pultdach des zentralen, zweigeschossigen Atriums hat BSH-Rippen, 8 cm schmal und bis zu 1,80 m hoch. Die archaisch simple Architektur aus großformatigen Teilen mit homogenen Holzoberflächen hat rundum einen „Mantel“ aus Vordächern und Balkonen in Brettsperrholz, im Raster mit Stahlbändern angehängt. Diese äußere Schicht bildet den Puffer zu den Straßen, trägt die mobile Beschattung, schützt die unbehandelten Holzfassaden, erlaubt von allen Räumen den Austritt ins Freie.</p>
