{"id":25879,"date":"2016-05-11T12:45:43","date_gmt":"2016-05-11T10:45:43","guid":{"rendered":"http:\/\/www.elmar-schmidinger.at\/hk5\/projekt\/untere-aue-ba-2\/"},"modified":"2025-03-07T19:53:55","modified_gmt":"2025-03-07T18:53:55","slug":"untere-aue-ba-2","status":"publish","type":"projekt","link":"https:\/\/www.hkarchitekten.at\/v80\/de\/projekt\/untere-aue-ba-2\/","title":{"rendered":"Untere Aue &#8211; BA 2, Lustenau"},"content":{"rendered":"","protected":false},"excerpt":{"rendered":"<p>Das Projekt der Vogewosi in Lustenau \u2013 im Endausbau drei Wohnh\u00e4user umfassend \u2013 liegt im Wohngebiet Hasenfeld am Grindelkanal in Lustenau.<br \/>\nDie dreigeschossigen Geb\u00e4ude mit je 16 behindertengerechten Wohnungen sind aus massiven Decken und einem Erschlie\u00dfungsbereich aus Sichtbeton sowie einer hoch w\u00e4rmeged\u00e4mmten Geb\u00e4udeh\u00fclle aus Holzelementen konstruiert. Jeder Wohnung ist ein Freibereich in Form eines Privatgartens bzw. eines Balkons zugeordnet.<\/p>\n<p>Der 2. Bauabschnitt wird nach den PHPP-Richtlinien als Passivhaus errichtet, der Gesamtenergieverbrauch der Anlage liegt somit unter 15 kWh\/m2a. Zur Heizungsunterst\u00fctzung und Warmwasserbereitung wird eine Solaranlage mit 56 m2 Kollektorfl\u00e4che errichtet. Der Restw\u00e4rmebedarf wird durch eine kondensierende Erdgastherme abgedeckt.<\/p>\n","protected":false},"featured_media":0,"template":"","tags":[231],"publik":[976],"projekt-art":[957],"projekt-land":[938],"projekt-status":[943],"projekt-kategorie":[],"projektphase":[],"class_list":["post-25879","projekt","type-projekt","status-publish","hentry","tag-wohnanlage","publik-werkliste","projekt-art-neubau","projekt-land-oesterreich","projekt-status-fertiggestellt","projektkategorie-mehrfamilienhaus"],"acf":[],"_links":{"self":[{"href":"https:\/\/www.hkarchitekten.at\/v80\/de\/wp-json\/wp\/v2\/projekt\/25879","targetHints":{"allow":["GET"]}}],"collection":[{"href":"https:\/\/www.hkarchitekten.at\/v80\/de\/wp-json\/wp\/v2\/projekt"}],"about":[{"href":"https:\/\/www.hkarchitekten.at\/v80\/de\/wp-json\/wp\/v2\/types\/projekt"}],"wp:attachment":[{"href":"https:\/\/www.hkarchitekten.at\/v80\/de\/wp-json\/wp\/v2\/media?parent=25879"}],"wp:term":[{"taxonomy":"post_tag","embeddable":true,"href":"https:\/\/www.hkarchitekten.at\/v80\/de\/wp-json\/wp\/v2\/tags?post=25879"},{"taxonomy":"publik","embeddable":true,"href":"https:\/\/www.hkarchitekten.at\/v80\/de\/wp-json\/wp\/v2\/publik?post=25879"},{"taxonomy":"projekt-art","embeddable":true,"href":"https:\/\/www.hkarchitekten.at\/v80\/de\/wp-json\/wp\/v2\/projekt-art?post=25879"},{"taxonomy":"projekt-land","embeddable":true,"href":"https:\/\/www.hkarchitekten.at\/v80\/de\/wp-json\/wp\/v2\/projekt-land?post=25879"},{"taxonomy":"projekt-status","embeddable":true,"href":"https:\/\/www.hkarchitekten.at\/v80\/de\/wp-json\/wp\/v2\/projekt-status?post=25879"},{"taxonomy":"projekt-kategorie","embeddable":true,"href":"https:\/\/www.hkarchitekten.at\/v80\/de\/wp-json\/wp\/v2\/projekt-kategorie?post=25879"},{"taxonomy":"projektphase","embeddable":true,"href":"https:\/\/www.hkarchitekten.at\/v80\/de\/wp-json\/wp\/v2\/projektphase?post=25879"}],"curies":[{"name":"wp","href":"https:\/\/api.w.org\/{rel}","templated":true}]}}

<p>Das Projekt der Vogewosi in Lustenau – im Endausbau drei Wohnhäuser umfassend – liegt im Wohngebiet Hasenfeld am Grindelkanal in Lustenau.<br />
Die dreigeschossigen Gebäude mit je 16 behindertengerechten Wohnungen sind aus massiven Decken und einem Erschließungsbereich aus Sichtbeton sowie einer hoch wärmegedämmten Gebäudehülle aus Holzelementen konstruiert. Jeder Wohnung ist ein Freibereich in Form eines Privatgartens bzw. eines Balkons zugeordnet.</p>
<p>Der 2. Bauabschnitt wird nach den PHPP-Richtlinien als Passivhaus errichtet, der Gesamtenergieverbrauch der Anlage liegt somit unter 15 kWh/m2a. Zur Heizungsunterstützung und Warmwasserbereitung wird eine Solaranlage mit 56 m2 Kollektorfläche errichtet. Der Restwärmebedarf wird durch eine kondensierende Erdgastherme abgedeckt.</p>
