{"id":25898,"date":"2016-05-11T12:46:39","date_gmt":"2016-05-11T10:46:39","guid":{"rendered":"http:\/\/www.elmar-schmidinger.at\/hk5\/projekt\/raiffeisenbank-egg-2\/"},"modified":"2025-10-20T10:43:27","modified_gmt":"2025-10-20T08:43:27","slug":"raiffeisenbank-egg-2","status":"publish","type":"projekt","link":"https:\/\/www.hkarchitekten.at\/v80\/de\/projekt\/raiffeisenbank-egg-2\/","title":{"rendered":"Raiffeisenbank, Egg"},"content":{"rendered":"<p><strong>Neubau Zentrale der Raiffeisenbank Mittelbregenzerwald.<\/strong><\/p>\n<p>Inmitten des Ortszentrums von Egg im Bregenzerwald entsteht in ca. eineinhalb-j\u00e4hriger Bauzeit die neue Zentrale der Raiffeisenbank Mittelbregenzerwald.<\/p>\n<p>Ziele des Neubaues sind unter anderem, ein schlichtes aber funktionelles Geb\u00e4ude mit starkem Bezug zur Region Bregenzerwald zu errichten.<\/p>\n<h4>\u00bbWenn vom Bregenzerwald die Rede ist, fallen oft W\u00f6rter wie schlicht und einfach. Das ist zunehmend falsch. Tats\u00e4chlich sollt man zum Bregenzerwald \u2013 nicht nur, was die Architektur betrifft \u2013 eher gro\u00dfartig, unglaublich, raffiniert sagen. Auf die Bankbox in Egg zum Beispiel trifft dies auf jeden Fall zu.\u00ab<\/h4>\n<h5>\u00a0Best of Austria 2010\/2011<\/h5>\n<p>Geplant wurde ein 4-geschossiges Bankgeb\u00e4ude in kompletter Holzbauweise mit einer Gesamtnutzfl\u00e4che von \u00fcber 1.400 m\u00b2.<\/p>\n<p>Die einzelnen Geschosse wurden den jeweiligen Gesch\u00e4ftsabl\u00e4ufen zugeordnet: Das Erdgeschoss bedient das Segment der Privatkundenbetreuung in einer gro\u00dfz\u00fcgig bemessenen Kundenhalle. Das 1. Obergeschoss beherbergt die Firmenkundenbetreuung und den Vorstand, w\u00e4hrend im 2. Obergeschoss die Verwaltung Platz findet. Das 3. Obergeschoss wurde als Sozial-Bereich f\u00fcr die Mitarbeiter bzw. f\u00fcr Schulungen vorgesehen, eine gro\u00dfz\u00fcgige Dachterrasse bietet einen weitl\u00e4ufigen Rundumblick auf Egg.<\/p>\n<p>Die Obergeschosse sind \u00fcber gro\u00dfz\u00fcgige Luftr\u00e4ume verbunden, die das Licht aus dem Dachgeschoss in die Geb\u00e4udemitte lenken. |<br \/>\n~<\/p>\n<p>Die Fassade ist gr\u00f6\u00dftenteils in unbehandelter L\u00e4rchen-Schindelung ausgef\u00fchrt. Die insgesamt \u00fcber 40 cm dicken Holzau\u00dfenw\u00e4nde sind mit Zellulose isoliert, im Innenbereich wurde entweder Hanf oder wo es brandschutztechnisch notwendig war Mineralwolle verwendet.<\/p>\n<p>Im Sinne der Nachhaltigkeit bilden auch bei der Innenraumgestaltung heimische H\u00f6lzer den Schwerpunkt: Unbehandelte heimische Wei\u00dftanne f\u00fcr W\u00e4nde, Einbauten, T\u00fcren, als Erg\u00e4nzung dazu akzentuiert eingesetzte Eichen-M\u00f6bel.<\/p>\n<p>Ein weiterer Schwerpunkt war, ein nachhaltiges und energetisch hochwertiges Geb\u00e4ude mit Vorbildcharakter zu errichten. Durch die Verwendung einer Photovoltaik-Anlage sowie den Anschluss an das Nahw\u00e4rmenetz wird ein prim\u00e4renergetisch ausgeglichener Energiebedarf erzielt, sodass das Geb\u00e4ude \u00fcber das Jahr gesehen emissionsfrei ist.<\/p>\n<p>Ein insgesamt sehr ausgekl\u00fcgeltes Energiekonzept reduziert den Energieaufwand auf ein Minimum, sodass nahezu Passivhaus-Standard erreicht wird.<\/p>\n<p>Die Wertsch\u00f6pfung f\u00fcr die Region Bregenzerwald ergibt sich aus der Tatsache, dass ca. 85% der Ausf\u00fchrungsarbeiten an Bregenzerw\u00e4lder Handwerker bzw. hauseigene Kunden vergeben wurden.<\/p>\n","protected":false},"excerpt":{"rendered":"<p>Inmitten des Ortszentrums von Egg im Bregenzerwald entsteht in ca. eineinhalb-j\u00e4hriger Bauzeit die neue Zentrale der Raiffeisenbank Mittelbregenzerwald. <br \/>\nZiele des Neubaues sind unter anderem, ein schlichtes aber funktionelles Geb\u00e4ude mit starkem Bezug zur Region Bregenzerwald zu errichten. <\/p>\n<p>Geplant wurde ein 4-geschossiges Bankgeb\u00e4ude in kompletter Holzbauweise mit einer Gesamtnutzfl\u00e4che von \u00fcber 1.400 m2.<br \/>\nDie einzelnen Geschosse wurden den jeweiligen Gesch\u00e4ftsabl\u00e4ufen zugeordnet: Das Erdgeschoss bedient das Segment der Privatkundenbetreuung in einer gro\u00dfz\u00fcgig bemessenen Kundenhalle. Das 1. Obergeschoss beherbergt die Firmenkundenbetreuung und den Vorstand, w\u00e4hrend im 2. Obergeschoss die Verwaltung Platz findet. Das 3. Obergeschoss wurde als Sozial-Bereich f\u00fcr die Mitarbeiter bzw. f\u00fcr Schulungen vorgesehen, eine gro\u00dfz\u00fcgige Dachterrasse bietet einen weitl\u00e4ufigen Rundumblick auf Egg.<br \/>\nDie Obergeschosse sind \u00fcber gro\u00dfz\u00fcgige Luftr\u00e4ume verbunden, die das Licht aus dem Dachgeschoss in die Geb\u00e4udemitte lenken.<\/p>\n<p>Die Fassade ist gr\u00f6\u00dftenteils in unbehandelter L\u00e4rchen-Schindelung ausgef\u00fchrt. Die insgesamt \u00fcber 40 cm dicken Holzau\u00dfenw\u00e4nde sind mit Zellulose isoliert, im Innenbereich wurde entweder Hanf oder wo es brandschutztechnisch notwendig war Mineralwolle verwendet.<br \/>\nIm Sinne der Nachhaltigkeit bilden auch bei der Innenraumgestaltung heimische H\u00f6lzer den Schwerpunkt: Unbehandelte heimische Wei\u00dftanne f\u00fcr W\u00e4nde, Einbauten, T\u00fcren, als Erg\u00e4nzung dazu akzentuiert eingesetzte Eichen-M\u00f6bel.<\/p>\n","protected":false},"featured_media":35857,"template":"","tags":[],"publik":[975],"projekt-art":[957],"projekt-land":[938],"projekt-status":[943],"projekt-kategorie":[920,949],"projektphase":[],"class_list":["post-25898","projekt","type-projekt","status-publish","has-post-thumbnail","hentry","publik-projektbeschreibung","projekt-art-neubau","projekt-land-oesterreich","projekt-status-fertiggestellt","projekt-kategorie-arbeit","projekt-kategorie-buero","projektkategorie-gewerbe-handel","projektkategorie-passivhaeuser","projektkategorie-verwaltung"],"acf":[],"_links":{"self":[{"href":"https:\/\/www.hkarchitekten.at\/v80\/de\/wp-json\/wp\/v2\/projekt\/25898","targetHints":{"allow":["GET"]}}],"collection":[{"href":"https:\/\/www.hkarchitekten.at\/v80\/de\/wp-json\/wp\/v2\/projekt"}],"about":[{"href":"https:\/\/www.hkarchitekten.at\/v80\/de\/wp-json\/wp\/v2\/types\/projekt"}],"wp:featuredmedia":[{"embeddable":true,"href":"https:\/\/www.hkarchitekten.at\/v80\/de\/wp-json\/wp\/v2\/media\/35857"}],"wp:attachment":[{"href":"https:\/\/www.hkarchitekten.at\/v80\/de\/wp-json\/wp\/v2\/media?parent=25898"}],"wp:term":[{"taxonomy":"post_tag","embeddable":true,"href":"https:\/\/www.hkarchitekten.at\/v80\/de\/wp-json\/wp\/v2\/tags?post=25898"},{"taxonomy":"publik","embeddable":true,"href":"https:\/\/www.hkarchitekten.at\/v80\/de\/wp-json\/wp\/v2\/publik?post=25898"},{"taxonomy":"projekt-art","embeddable":true,"href":"https:\/\/www.hkarchitekten.at\/v80\/de\/wp-json\/wp\/v2\/projekt-art?post=25898"},{"taxonomy":"projekt-land","embeddable":true,"href":"https:\/\/www.hkarchitekten.at\/v80\/de\/wp-json\/wp\/v2\/projekt-land?post=25898"},{"taxonomy":"projekt-status","embeddable":true,"href":"https:\/\/www.hkarchitekten.at\/v80\/de\/wp-json\/wp\/v2\/projekt-status?post=25898"},{"taxonomy":"projekt-kategorie","embeddable":true,"href":"https:\/\/www.hkarchitekten.at\/v80\/de\/wp-json\/wp\/v2\/projekt-kategorie?post=25898"},{"taxonomy":"projektphase","embeddable":true,"href":"https:\/\/www.hkarchitekten.at\/v80\/de\/wp-json\/wp\/v2\/projektphase?post=25898"}],"curies":[{"name":"wp","href":"https:\/\/api.w.org\/{rel}","templated":true}]}}

<p><strong>Neubau Zentrale der Raiffeisenbank Mittelbregenzerwald.</strong></p>
<p>Inmitten des Ortszentrums von Egg im Bregenzerwald entsteht in ca. eineinhalb-jähriger Bauzeit die neue Zentrale der Raiffeisenbank Mittelbregenzerwald.</p>
<p>Ziele des Neubaues sind unter anderem, ein schlichtes aber funktionelles Gebäude mit starkem Bezug zur Region Bregenzerwald zu errichten.</p>
<h4>»Wenn vom Bregenzerwald die Rede ist, fallen oft Wörter wie schlicht und einfach. Das ist zunehmend falsch. Tatsächlich sollt man zum Bregenzerwald – nicht nur, was die Architektur betrifft – eher großartig, unglaublich, raffiniert sagen. Auf die Bankbox in Egg zum Beispiel trifft dies auf jeden Fall zu.«</h4>
<h5> Best of Austria 2010/2011</h5>
<p>Geplant wurde ein 4-geschossiges Bankgebäude in kompletter Holzbauweise mit einer Gesamtnutzfläche von über 1.400 m².</p>
<p>Die einzelnen Geschosse wurden den jeweiligen Geschäftsabläufen zugeordnet: Das Erdgeschoss bedient das Segment der Privatkundenbetreuung in einer großzügig bemessenen Kundenhalle. Das 1. Obergeschoss beherbergt die Firmenkundenbetreuung und den Vorstand, während im 2. Obergeschoss die Verwaltung Platz findet. Das 3. Obergeschoss wurde als Sozial-Bereich für die Mitarbeiter bzw. für Schulungen vorgesehen, eine großzügige Dachterrasse bietet einen weitläufigen Rundumblick auf Egg.</p>
<p>Die Obergeschosse sind über großzügige Lufträume verbunden, die das Licht aus dem Dachgeschoss in die Gebäudemitte lenken. |<br />
~</p>
<p>Die Fassade ist größtenteils in unbehandelter Lärchen-Schindelung ausgeführt. Die insgesamt über 40 cm dicken Holzaußenwände sind mit Zellulose isoliert, im Innenbereich wurde entweder Hanf oder wo es brandschutztechnisch notwendig war Mineralwolle verwendet.</p>
<p>Im Sinne der Nachhaltigkeit bilden auch bei der Innenraumgestaltung heimische Hölzer den Schwerpunkt: Unbehandelte heimische Weißtanne für Wände, Einbauten, Türen, als Ergänzung dazu akzentuiert eingesetzte Eichen-Möbel.</p>
<p>Ein weiterer Schwerpunkt war, ein nachhaltiges und energetisch hochwertiges Gebäude mit Vorbildcharakter zu errichten. Durch die Verwendung einer Photovoltaik-Anlage sowie den Anschluss an das Nahwärmenetz wird ein primärenergetisch ausgeglichener Energiebedarf erzielt, sodass das Gebäude über das Jahr gesehen emissionsfrei ist.</p>
<p>Ein insgesamt sehr ausgeklügeltes Energiekonzept reduziert den Energieaufwand auf ein Minimum, sodass nahezu Passivhaus-Standard erreicht wird.</p>
<p>Die Wertschöpfung für die Region Bregenzerwald ergibt sich aus der Tatsache, dass ca. 85% der Ausführungsarbeiten an Bregenzerwälder Handwerker bzw. hauseigene Kunden vergeben wurden.</p>

<p>Inmitten des Ortszentrums von Egg im Bregenzerwald entsteht in ca. eineinhalb-jähriger Bauzeit die neue Zentrale der Raiffeisenbank Mittelbregenzerwald. <br />
Ziele des Neubaues sind unter anderem, ein schlichtes aber funktionelles Gebäude mit starkem Bezug zur Region Bregenzerwald zu errichten. </p>
<p>Geplant wurde ein 4-geschossiges Bankgebäude in kompletter Holzbauweise mit einer Gesamtnutzfläche von über 1.400 m2.<br />
Die einzelnen Geschosse wurden den jeweiligen Geschäftsabläufen zugeordnet: Das Erdgeschoss bedient das Segment der Privatkundenbetreuung in einer großzügig bemessenen Kundenhalle. Das 1. Obergeschoss beherbergt die Firmenkundenbetreuung und den Vorstand, während im 2. Obergeschoss die Verwaltung Platz findet. Das 3. Obergeschoss wurde als Sozial-Bereich für die Mitarbeiter bzw. für Schulungen vorgesehen, eine großzügige Dachterrasse bietet einen weitläufigen Rundumblick auf Egg.<br />
Die Obergeschosse sind über großzügige Lufträume verbunden, die das Licht aus dem Dachgeschoss in die Gebäudemitte lenken.</p>
<p>Die Fassade ist größtenteils in unbehandelter Lärchen-Schindelung ausgeführt. Die insgesamt über 40 cm dicken Holzaußenwände sind mit Zellulose isoliert, im Innenbereich wurde entweder Hanf oder wo es brandschutztechnisch notwendig war Mineralwolle verwendet.<br />
Im Sinne der Nachhaltigkeit bilden auch bei der Innenraumgestaltung heimische Hölzer den Schwerpunkt: Unbehandelte heimische Weißtanne für Wände, Einbauten, Türen, als Ergänzung dazu akzentuiert eingesetzte Eichen-Möbel.</p>
