{"id":25958,"date":"2016-05-11T12:49:07","date_gmt":"2016-05-11T10:49:07","guid":{"rendered":"http:\/\/www.elmar-schmidinger.at\/hk5\/projekt\/wohnanlage-pfarrhof-warth\/"},"modified":"2025-10-20T09:18:03","modified_gmt":"2025-10-20T07:18:03","slug":"wohnanlage-pfarrhof-warth","status":"publish","type":"projekt","link":"https:\/\/www.hkarchitekten.at\/v80\/de\/projekt\/wohnanlage-pfarrhof-warth\/","title":{"rendered":"Dorf, Warth"},"content":{"rendered":"<p><strong>Prototyp f\u00fcr die Alpen.<\/strong><\/p>\n<p>Der Erfolg der Wintersportorte hat f\u00fcr die Einheimischen auch Schattenseiten: Die Preise f\u00fcr Wohnungen und Grundst\u00fccke steigen an, junge Menschen k\u00f6nnen sich kaum eine Wohnung oder gar Eigentum in ihrem Heimatort leisten. Als Folge ziehen sie weg und kommen nur selten wieder zur\u00fcck \u2013 der Ort vergreist. Um den Jungen eine Perspektive zu bieten, hat die Vorarlberger gemeinn\u00fctzige Wohnungsbau- und Siedlungsgesellschaft (VOGEWOSI) in Warth auf Initiative der Gemeinde ein Mehrfamilienhaus erstellt. Was im Flachland gang und g\u00e4be ist, bedingt im alpinen Raum ein Pionierprojekt \u2013 denn es gibt f\u00fcr diese Aufgabe keine Vorbilder.<\/p>\n<p>Doch wie sieht dieser Prototyp f\u00fcr den gef\u00f6rderten Wohnbau in den Bergen aus? Die Grundaufgabe bleibt die gleiche: Effiziente Grundrisse nutzen den begrenzten Raum, die \u00dcberlagerung von Funktionen bietet Flexibilit\u00e4t und Anpassungsf\u00e4higkeit, ein einfaches Tragwerk h\u00e4lt die Kosten tief. Das Besondere an der Aufgabe sind einerseits die erh\u00f6hten Anforderungen an die Statik aufgrund der \u2013 oft asymmetrischen \u2013Belastung durch Schneelasten, andererseits die Geb\u00e4udeform, die sich an den kleinteiligen historischen Strukturen orientieren muss und nicht zuletzt ein kritischer und auf den Ort angepasster Umgang mit Bed\u00fcrfnissen und Standards. Das Mehrfamilienhaus in Warth bietet der Jungend in den Alpen eine Perspektive und versucht, ein Modell f\u00fcr diese Bauaufgabe zu finden.<\/p>\n<p>~<\/p>\n<p>Das Mehrfamilienhaus in Warth untersucht zwei Probleme, die typisch sind f\u00fcr touristisch gepr\u00e4gte Orte in den Alpen: Ein Thema ist, dass die Jungen aus den Siedlungen abwandern. Sie k\u00f6nnen sich die teuren Wohnungen schlicht nicht leisten, und wenn sie einmal in die Stadt gezogen sind, kommen sie nicht mehr zur\u00fcck. Das zweite Ph\u00e4nomen ist, dass Neubauten in den Bergen meistens zu gro\u00df ausfallen.\u00a0| Um wirtschaftlich zu sein, sprengen Ferienanlagen und Mehrfamilienh\u00e4user \u2013 oft in einem \u201eregionalen Stil\u201c fragw\u00fcrdiger Herkunft \u2013 die K\u00f6rnung der Ortschaften und ver\u00e4ndern dadurch ihren Charakter.<\/p>\n<p>Das Haus in Warth bot Gelegenheit, diese beiden Herausforderungen anzugehen und einen Geb\u00e4udetyp in die historische Siedlung einzuf\u00fcgen, f\u00fcr den es in den Alpen noch kein befriedigendes Vorbild gibt: ein zeitgen\u00f6ssisches Mehrfamilienhaus ohne Anbiederung.<\/p>\n<p>Da es sich um einen gef\u00f6rderten Wohnbau handelt, waren die Voraussetzungen vergleichbar mit den Bedingungen, wie sie die Walser vorgefunden hatten, als sie die Ortschaft Warth gr\u00fcndeten: Sie mussten gen\u00fcgsam und findig sein \u2013 und das kostbare Baumaterial sparsam einsetzen.<\/p>\n<p>Die Grundstruktur des Geb\u00e4udes bildet ein einfaches und effizientes Tragewerk aus Holz mit maximalen Spannweiten von 3,25 m. Das Haus ist in die klassischen Segmente eines Dreisp\u00e4nners aufgeteilt: Zwischen den beiden \u00e4u\u00dferen Geb\u00e4udeteilen liegt ein Abschnitt mit Erschlie\u00dfung und einer einseitig orientierten Wohnung. Diese Aufteilung erlaubt es, pro Geschoss entweder drei 3-Zimmer-Wohnungen (\u00e0 49 m<sup>2<\/sup>) oder zwei 4-Zimmer-Wohnungen (\u00e0 76 m<sup>2<\/sup>) zu erstellen. Der Prototyp in Warth bietet acht Wohnungen: sechs 3-Zimmer-Wohnungen im 1. und 2. Obergeschoss und zwei 4-Zimmer-Wohnungen im 3. Obergeschoss.<\/p>\n<p>Die Grundrisse mussten kompakt bleiben. Den Eingang markiert eine Diele, \u00fcber die Badezimmer und Abstellkammer erschlossen sind. In der 4-Zimmer-Wohnung sind \u00fcber diesem Eingangsbereich auch die zwei Schlafzimmer zu erreichen. Die K\u00fcche ist in einem Winkel angeordnet \u2013 als Erg\u00e4nzung ist eine Eckbank vorgesehen. Sie bietet bei kleinen Abmessungen Platz f\u00fcr bis zu acht Personen: Manchmal f\u00fchrt der Weg in die Zukunft zur\u00fcck zu bew\u00e4hrten Traditionen.<\/p>\n<p>|Eine Besonderheit bilden auch die lediglich 3.0 m tiefen Wohnzimmer. Der Grund liegt in ver\u00e4nderten Sehgewohnheiten: moderne Flatscreens brauchen weniger Raumtiefe wie die analogen R\u00f6hrenbildschirme, auf die Wohnzimmer traditionell zugeschnitten waren. Im gef\u00f6rderten Wohnbau z\u00e4hlt jeder Zentimeter und dank dieser \u00dcberlegungen konnten im Wohnzimmer entscheidende Fl\u00e4chen eingespart werden.<\/p>\n<p>Eine weitere Erkenntnis bildet der Umgang mit Balkonen. In den Bergen k\u00f6nnen Au\u00dfenr\u00e4ume nur selten genutzt werden, denn das Klima spielt meist nicht mit. Und an den Tagen, an denen dies m\u00f6glich ist, befindet man sich kaum zu Hause: Das sch\u00f6ne Wetter lockt in die Natur. Deshalb sind die eingezogenen Balkone lediglich 5 m<sup>2<\/sup> gro\u00df \u2013 der Au\u00dfenraum bekommt in den Bergen eine andere Funktion wie im Flachland. Die Loggien sind in erster Linie als r\u00e4umliche Erweiterung der dahinter liegenden R\u00e4ume gedacht. |Ihre Br\u00fcstung erlaubt es, raumhohe Fenster einzubauen: Ein Gestaltungselement, das eher in die Stadt passt, und das die Bewohner in diesem Umfeld als franz\u00f6sisches Fenster zu sehr ausstellen w\u00fcrde. So werden die mit stehenden Latten verkleideten Fassaden nicht durch gro\u00dfe \u00d6ffnungen unterbrochen. Das Haus passt sich in den Ort ein ohne seine Eigenst\u00e4ndigkeit preiszugeben.<\/p>\n<p>Das Geb\u00e4ude deckt offensichtlich ein wichtiges Bed\u00fcrfnis in Warth ab: Unmittelbar nach Fertigstellung waren die Wohnungen bereits vergeben. Auf der gleichen Parzelle ist bereits ein zweites Haus geplant \u2013 der Prototyp hat seine erste Probe bestanden.<\/p>\n","protected":false},"excerpt":{"rendered":"<p>Prototyp f\u00fcr die Alpen. Der Erfolg der Wintersportorte hat f\u00fcr die Einheimischen auch Schattenseiten: Die Preise f\u00fcr Wohnungen und Grundst\u00fccke steigen an, junge Menschen k\u00f6nnen sich kaum eine Wohnung oder gar Eigentum in ihrem Heimatort leisten. Als Folge ziehen sie weg und kommen nur selten wieder zur\u00fcck \u2013 der Ort vergreist. Um den Jungen eine [&hellip;]<\/p>\n","protected":false},"featured_media":32718,"template":"","tags":[],"publik":[975],"projekt-art":[957],"projekt-land":[938],"projekt-status":[943],"projekt-kategorie":[929,919],"projektphase":[],"class_list":["post-25958","projekt","type-projekt","status-publish","has-post-thumbnail","hentry","publik-projektbeschreibung","projekt-art-neubau","projekt-land-oesterreich","projekt-status-fertiggestellt","projekt-kategorie-mehrfamilienhaus","projekt-kategorie-wohnen","projektkategorie-mehrfamilienhaus"],"acf":[],"_links":{"self":[{"href":"https:\/\/www.hkarchitekten.at\/v80\/de\/wp-json\/wp\/v2\/projekt\/25958","targetHints":{"allow":["GET"]}}],"collection":[{"href":"https:\/\/www.hkarchitekten.at\/v80\/de\/wp-json\/wp\/v2\/projekt"}],"about":[{"href":"https:\/\/www.hkarchitekten.at\/v80\/de\/wp-json\/wp\/v2\/types\/projekt"}],"wp:featuredmedia":[{"embeddable":true,"href":"https:\/\/www.hkarchitekten.at\/v80\/de\/wp-json\/wp\/v2\/media\/32718"}],"wp:attachment":[{"href":"https:\/\/www.hkarchitekten.at\/v80\/de\/wp-json\/wp\/v2\/media?parent=25958"}],"wp:term":[{"taxonomy":"post_tag","embeddable":true,"href":"https:\/\/www.hkarchitekten.at\/v80\/de\/wp-json\/wp\/v2\/tags?post=25958"},{"taxonomy":"publik","embeddable":true,"href":"https:\/\/www.hkarchitekten.at\/v80\/de\/wp-json\/wp\/v2\/publik?post=25958"},{"taxonomy":"projekt-art","embeddable":true,"href":"https:\/\/www.hkarchitekten.at\/v80\/de\/wp-json\/wp\/v2\/projekt-art?post=25958"},{"taxonomy":"projekt-land","embeddable":true,"href":"https:\/\/www.hkarchitekten.at\/v80\/de\/wp-json\/wp\/v2\/projekt-land?post=25958"},{"taxonomy":"projekt-status","embeddable":true,"href":"https:\/\/www.hkarchitekten.at\/v80\/de\/wp-json\/wp\/v2\/projekt-status?post=25958"},{"taxonomy":"projekt-kategorie","embeddable":true,"href":"https:\/\/www.hkarchitekten.at\/v80\/de\/wp-json\/wp\/v2\/projekt-kategorie?post=25958"},{"taxonomy":"projektphase","embeddable":true,"href":"https:\/\/www.hkarchitekten.at\/v80\/de\/wp-json\/wp\/v2\/projektphase?post=25958"}],"curies":[{"name":"wp","href":"https:\/\/api.w.org\/{rel}","templated":true}]}}

<p><strong>Prototyp für die Alpen.</strong></p>
<p>Der Erfolg der Wintersportorte hat für die Einheimischen auch Schattenseiten: Die Preise für Wohnungen und Grundstücke steigen an, junge Menschen können sich kaum eine Wohnung oder gar Eigentum in ihrem Heimatort leisten. Als Folge ziehen sie weg und kommen nur selten wieder zurück – der Ort vergreist. Um den Jungen eine Perspektive zu bieten, hat die Vorarlberger gemeinnützige Wohnungsbau- und Siedlungsgesellschaft (VOGEWOSI) in Warth auf Initiative der Gemeinde ein Mehrfamilienhaus erstellt. Was im Flachland gang und gäbe ist, bedingt im alpinen Raum ein Pionierprojekt – denn es gibt für diese Aufgabe keine Vorbilder.</p>
<p>Doch wie sieht dieser Prototyp für den geförderten Wohnbau in den Bergen aus? Die Grundaufgabe bleibt die gleiche: Effiziente Grundrisse nutzen den begrenzten Raum, die Überlagerung von Funktionen bietet Flexibilität und Anpassungsfähigkeit, ein einfaches Tragwerk hält die Kosten tief. Das Besondere an der Aufgabe sind einerseits die erhöhten Anforderungen an die Statik aufgrund der – oft asymmetrischen –Belastung durch Schneelasten, andererseits die Gebäudeform, die sich an den kleinteiligen historischen Strukturen orientieren muss und nicht zuletzt ein kritischer und auf den Ort angepasster Umgang mit Bedürfnissen und Standards. Das Mehrfamilienhaus in Warth bietet der Jungend in den Alpen eine Perspektive und versucht, ein Modell für diese Bauaufgabe zu finden.</p>
<p>~</p>
<p>Das Mehrfamilienhaus in Warth untersucht zwei Probleme, die typisch sind für touristisch geprägte Orte in den Alpen: Ein Thema ist, dass die Jungen aus den Siedlungen abwandern. Sie können sich die teuren Wohnungen schlicht nicht leisten, und wenn sie einmal in die Stadt gezogen sind, kommen sie nicht mehr zurück. Das zweite Phänomen ist, dass Neubauten in den Bergen meistens zu groß ausfallen. | Um wirtschaftlich zu sein, sprengen Ferienanlagen und Mehrfamilienhäuser – oft in einem „regionalen Stil“ fragwürdiger Herkunft – die Körnung der Ortschaften und verändern dadurch ihren Charakter.</p>
<p>Das Haus in Warth bot Gelegenheit, diese beiden Herausforderungen anzugehen und einen Gebäudetyp in die historische Siedlung einzufügen, für den es in den Alpen noch kein befriedigendes Vorbild gibt: ein zeitgenössisches Mehrfamilienhaus ohne Anbiederung.</p>
<p>Da es sich um einen geförderten Wohnbau handelt, waren die Voraussetzungen vergleichbar mit den Bedingungen, wie sie die Walser vorgefunden hatten, als sie die Ortschaft Warth gründeten: Sie mussten genügsam und findig sein – und das kostbare Baumaterial sparsam einsetzen.</p>
<p>Die Grundstruktur des Gebäudes bildet ein einfaches und effizientes Tragewerk aus Holz mit maximalen Spannweiten von 3,25 m. Das Haus ist in die klassischen Segmente eines Dreispänners aufgeteilt: Zwischen den beiden äußeren Gebäudeteilen liegt ein Abschnitt mit Erschließung und einer einseitig orientierten Wohnung. Diese Aufteilung erlaubt es, pro Geschoss entweder drei 3-Zimmer-Wohnungen (à 49 m<sup>2</sup>) oder zwei 4-Zimmer-Wohnungen (à 76 m<sup>2</sup>) zu erstellen. Der Prototyp in Warth bietet acht Wohnungen: sechs 3-Zimmer-Wohnungen im 1. und 2. Obergeschoss und zwei 4-Zimmer-Wohnungen im 3. Obergeschoss.</p>
<p>Die Grundrisse mussten kompakt bleiben. Den Eingang markiert eine Diele, über die Badezimmer und Abstellkammer erschlossen sind. In der 4-Zimmer-Wohnung sind über diesem Eingangsbereich auch die zwei Schlafzimmer zu erreichen. Die Küche ist in einem Winkel angeordnet – als Ergänzung ist eine Eckbank vorgesehen. Sie bietet bei kleinen Abmessungen Platz für bis zu acht Personen: Manchmal führt der Weg in die Zukunft zurück zu bewährten Traditionen.</p>
<p>|Eine Besonderheit bilden auch die lediglich 3.0 m tiefen Wohnzimmer. Der Grund liegt in veränderten Sehgewohnheiten: moderne Flatscreens brauchen weniger Raumtiefe wie die analogen Röhrenbildschirme, auf die Wohnzimmer traditionell zugeschnitten waren. Im geförderten Wohnbau zählt jeder Zentimeter und dank dieser Überlegungen konnten im Wohnzimmer entscheidende Flächen eingespart werden.</p>
<p>Eine weitere Erkenntnis bildet der Umgang mit Balkonen. In den Bergen können Außenräume nur selten genutzt werden, denn das Klima spielt meist nicht mit. Und an den Tagen, an denen dies möglich ist, befindet man sich kaum zu Hause: Das schöne Wetter lockt in die Natur. Deshalb sind die eingezogenen Balkone lediglich 5 m<sup>2</sup> groß – der Außenraum bekommt in den Bergen eine andere Funktion wie im Flachland. Die Loggien sind in erster Linie als räumliche Erweiterung der dahinter liegenden Räume gedacht. |Ihre Brüstung erlaubt es, raumhohe Fenster einzubauen: Ein Gestaltungselement, das eher in die Stadt passt, und das die Bewohner in diesem Umfeld als französisches Fenster zu sehr ausstellen würde. So werden die mit stehenden Latten verkleideten Fassaden nicht durch große Öffnungen unterbrochen. Das Haus passt sich in den Ort ein ohne seine Eigenständigkeit preiszugeben.</p>
<p>Das Gebäude deckt offensichtlich ein wichtiges Bedürfnis in Warth ab: Unmittelbar nach Fertigstellung waren die Wohnungen bereits vergeben. Auf der gleichen Parzelle ist bereits ein zweites Haus geplant – der Prototyp hat seine erste Probe bestanden.</p>

<p>Prototyp für die Alpen. Der Erfolg der Wintersportorte hat für die Einheimischen auch Schattenseiten: Die Preise für Wohnungen und Grundstücke steigen an, junge Menschen können sich kaum eine Wohnung oder gar Eigentum in ihrem Heimatort leisten. Als Folge ziehen sie weg und kommen nur selten wieder zurück – der Ort vergreist. Um den Jungen eine [&hellip;]</p>
