{"id":25978,"date":"2016-05-11T12:50:19","date_gmt":"2016-05-11T10:50:19","guid":{"rendered":"http:\/\/www.elmar-schmidinger.at\/hk5\/projekt\/naturhotel-chalet-umbau-haus-franziska\/"},"modified":"2026-02-04T15:08:05","modified_gmt":"2026-02-04T14:08:05","slug":"naturhotel-chalet-umbau-haus-franziska","status":"publish","type":"projekt","link":"https:\/\/ip217-154-147-205.pbiaas.com\/v80\/de\/projekt\/naturhotel-chalet-umbau-haus-franziska\/","title":{"rendered":"Naturhotel Chesa Valisa &#8211; Umbau Chalet, Hirschegg"},"content":{"rendered":"<p><strong>Alte Mauern filigran umh\u00fcllt.<\/strong><\/p>\n<p>Im S\u00fcdosten des Stammhauses wurde in den 1950-er Jahren das freistehende G\u00e4stehaus Franziska errichtet. Nach Abbruch der oberen Stockwerke des Bestandes erfuhr das Geb\u00e4ude nun eine grundlegende Sanierung und Erweiterung. Ein Zubau auf der Talseite erg\u00e4nzt die beiden massiv ausgef\u00fchrten Sockelgeschosse, um Raum f\u00fcr eine gro\u00dfz\u00fcgig angelegte Privatwohnung mit gedeckter Terrasse und Zugang zum Obstgarten zu schaffen. Die beiden oberen Etagen konnten in Holzbauweise komplett neu ausgef\u00fchrt werden, hier entstanden 14 qualit\u00e4tsvoll ausgestattete G\u00e4stezimmer, die sich \u00fcber tiefe Loggien zur Morgen- oder Abendsonne \u00f6ffnen. In gestalterischer Anlehnung an den bereits sanierten Zimmertrakt des weitl\u00e4ufigen Ensembles sind die Fassaden mit einer Horizontalschalung aus filigranen Fichtenbrettern belegt. Wie in der gesamten Hotelanlage wurde auch bei der Ausstattung der Innenr\u00e4ume besonderer Wert auf die Verwendung hochwertiger nat\u00fcrlicher Materialien gelegt.<\/p>\n","protected":false},"excerpt":{"rendered":"<p>Alte Mauern filigran umh\u00fcllt. Im S\u00fcdosten des Stammhauses wurde in den 1950-er Jahren das freistehende G\u00e4stehaus Franziska errichtet. Nach Abbruch der oberen Stockwerke des Bestandes erfuhr das Geb\u00e4ude nun eine grundlegende Sanierung und Erweiterung. Ein Zubau auf der Talseite erg\u00e4nzt die beiden massiv ausgef\u00fchrten Sockelgeschosse, um Raum f\u00fcr eine gro\u00dfz\u00fcgig angelegte Privatwohnung mit gedeckter Terrasse [&hellip;]<\/p>\n","protected":false},"featured_media":33713,"template":"","tags":[],"publik":[975],"projekt-art":[958],"projekt-land":[938],"projekt-status":[943],"projekt-kategorie":[925],"projektphase":[502],"class_list":["post-25978","projekt","type-projekt","status-publish","has-post-thumbnail","hentry","publik-projektbeschreibung","projekt-art-bauen-im-bestand","projekt-land-oesterreich","projekt-status-fertiggestellt","projekt-kategorie-tourismus","projektkategorie-auswahl","projektkategorie-gewerbe-handel","projektkategorie-tourismus","projektkategorie-umbauten","projektphase-chesa-valisa"],"acf":[],"_links":{"self":[{"href":"https:\/\/ip217-154-147-205.pbiaas.com\/v80\/de\/wp-json\/wp\/v2\/projekt\/25978","targetHints":{"allow":["GET"]}}],"collection":[{"href":"https:\/\/ip217-154-147-205.pbiaas.com\/v80\/de\/wp-json\/wp\/v2\/projekt"}],"about":[{"href":"https:\/\/ip217-154-147-205.pbiaas.com\/v80\/de\/wp-json\/wp\/v2\/types\/projekt"}],"wp:featuredmedia":[{"embeddable":true,"href":"https:\/\/ip217-154-147-205.pbiaas.com\/v80\/de\/wp-json\/wp\/v2\/media\/33713"}],"wp:attachment":[{"href":"https:\/\/ip217-154-147-205.pbiaas.com\/v80\/de\/wp-json\/wp\/v2\/media?parent=25978"}],"wp:term":[{"taxonomy":"post_tag","embeddable":true,"href":"https:\/\/ip217-154-147-205.pbiaas.com\/v80\/de\/wp-json\/wp\/v2\/tags?post=25978"},{"taxonomy":"publik","embeddable":true,"href":"https:\/\/ip217-154-147-205.pbiaas.com\/v80\/de\/wp-json\/wp\/v2\/publik?post=25978"},{"taxonomy":"projekt-art","embeddable":true,"href":"https:\/\/ip217-154-147-205.pbiaas.com\/v80\/de\/wp-json\/wp\/v2\/projekt-art?post=25978"},{"taxonomy":"projekt-land","embeddable":true,"href":"https:\/\/ip217-154-147-205.pbiaas.com\/v80\/de\/wp-json\/wp\/v2\/projekt-land?post=25978"},{"taxonomy":"projekt-status","embeddable":true,"href":"https:\/\/ip217-154-147-205.pbiaas.com\/v80\/de\/wp-json\/wp\/v2\/projekt-status?post=25978"},{"taxonomy":"projekt-kategorie","embeddable":true,"href":"https:\/\/ip217-154-147-205.pbiaas.com\/v80\/de\/wp-json\/wp\/v2\/projekt-kategorie?post=25978"},{"taxonomy":"projektphase","embeddable":true,"href":"https:\/\/ip217-154-147-205.pbiaas.com\/v80\/de\/wp-json\/wp\/v2\/projektphase?post=25978"}],"curies":[{"name":"wp","href":"https:\/\/api.w.org\/{rel}","templated":true}]}}

<p><strong>Alte Mauern filigran umhüllt.</strong></p>
<p>Im Südosten des Stammhauses wurde in den 1950-er Jahren das freistehende Gästehaus Franziska errichtet. Nach Abbruch der oberen Stockwerke des Bestandes erfuhr das Gebäude nun eine grundlegende Sanierung und Erweiterung. Ein Zubau auf der Talseite ergänzt die beiden massiv ausgeführten Sockelgeschosse, um Raum für eine großzügig angelegte Privatwohnung mit gedeckter Terrasse und Zugang zum Obstgarten zu schaffen. Die beiden oberen Etagen konnten in Holzbauweise komplett neu ausgeführt werden, hier entstanden 14 qualitätsvoll ausgestattete Gästezimmer, die sich über tiefe Loggien zur Morgen- oder Abendsonne öffnen. In gestalterischer Anlehnung an den bereits sanierten Zimmertrakt des weitläufigen Ensembles sind die Fassaden mit einer Horizontalschalung aus filigranen Fichtenbrettern belegt. Wie in der gesamten Hotelanlage wurde auch bei der Ausstattung der Innenräume besonderer Wert auf die Verwendung hochwertiger natürlicher Materialien gelegt.</p>

<p>Alte Mauern filigran umhüllt. Im Südosten des Stammhauses wurde in den 1950-er Jahren das freistehende Gästehaus Franziska errichtet. Nach Abbruch der oberen Stockwerke des Bestandes erfuhr das Gebäude nun eine grundlegende Sanierung und Erweiterung. Ein Zubau auf der Talseite ergänzt die beiden massiv ausgeführten Sockelgeschosse, um Raum für eine großzügig angelegte Privatwohnung mit gedeckter Terrasse [&hellip;]</p>
