{"id":25990,"date":"2016-05-11T12:50:48","date_gmt":"2016-05-11T10:50:48","guid":{"rendered":"http:\/\/www.elmar-schmidinger.at\/hk5\/projekt\/sutterluety-lochau\/"},"modified":"2025-10-20T10:03:58","modified_gmt":"2025-10-20T08:03:58","slug":"sutterluety-lochau","status":"publish","type":"projekt","link":"https:\/\/ip217-154-147-205.pbiaas.com\/v80\/de\/projekt\/sutterluety-lochau\/","title":{"rendered":"Sutterl\u00fcty, Lochau"},"content":{"rendered":"<p><strong>Aus alt mach neu.<\/strong><\/p>\n<p>Der in den 1990er Jahren erbaute Sutterl\u00fcty Markt in Lochau musste aufgrund bauphysikalischer M\u00e4ngel, die einen Schaden in der Dachkonstruktion bewirkten, neu gebaut werden. Auf die bestehende Fundamentplatte war somit in Bezug auf die Gr\u00f6\u00dfe sowie der Bauform R\u00fccksicht zu nehmen. Ebenso waren die Lastabtragpunkte und somit die Spannweiten f\u00fcr die neue Konstruktion fixiert.<\/p>\n<p>Die neue Generation der Sutterl\u00fcty M\u00e4rkte bieten hohe markthallen\u00e4hnliche R\u00e4ume und ein einheitliches Funktionsprinzip, wobei die Au\u00dfengestaltung aller M\u00e4rkte unterschiedlich ist.<\/p>\n<p>Hier galt es, das strenge Volumen aufzul\u00f6sen, was erreicht wurde indem die notwendigen \u00fcberdeckten Fl\u00e4chen aus diesem herausgearbeitet wurden. Diese damit entstandenen Auskragungen wurden zum gestalterischen Thema und zum Element der Fassadengliederung. W\u00e4hrend die eigentliche ged\u00e4mmte Au\u00dfenh\u00fclle entweder mit Aluminium bekleidet oder\u00a0 verglast ist, sind die vorkragenden Volumen als leichte, durchscheinende, transparente Vorbauten gestaltet, die in der Nacht hinterleuchtet werden. Somit erzielt der Markt die notwendige Aufmerksamkeit, da er eigentlich in zweiter Reihe steht.<\/p>\n<p>| Die eigentliche Konstruktion ist aus sehr einfach gehaltenen sichtbaren Brettschichtholztr\u00e4gern auf Stahlst\u00fctzen gebildet, die Au\u00dfenh\u00fclle besteht aus hoch w\u00e4rmeged\u00e4mmten, vorgefertigten Rahmenholzelementen.<\/p>\n<p>F\u00fcr die Gestaltung der Alublechverkleidung im Erdgeschoss wurde die K\u00fcnstlerin Annabell St\u00fcbe herbeigezogen, die das Motiv aus ihren k\u00fcnstlerischen Waldfotografien ableitete.<\/p>\n\n\n<p><\/p>\n","protected":false},"excerpt":{"rendered":"<p>Der in den 1990er Jahren erbaute Sutterl\u00fcty Markt in Lochau musste aufgrund bauphysikalischer M\u00e4ngel, die einen Schaden in der Dachkonstruktion bewirkten, neu gebaut werden. Auf die bestehende Fundamentplatte war somit in Bezug auf die Gr\u00f6\u00dfe sowie der Bauform R\u00fccksicht zu nehmen. Ebenso waren die Lastabtragpunkte und somit die Spannweiten f\u00fcr die neue Konstruktion fixiert.<\/p>\n","protected":false},"featured_media":35548,"template":"","tags":[],"publik":[975],"projekt-art":[957],"projekt-land":[938],"projekt-status":[943],"projekt-kategorie":[946],"projektphase":[],"class_list":["post-25990","projekt","type-projekt","status-publish","has-post-thumbnail","hentry","publik-projektbeschreibung","projekt-art-neubau","projekt-land-oesterreich","projekt-status-fertiggestellt","projekt-kategorie-handel","projektkategorie-gewerbe-handel","projektkategorie-umbauten","projektkategorie-verwaltung"],"acf":[],"_links":{"self":[{"href":"https:\/\/ip217-154-147-205.pbiaas.com\/v80\/de\/wp-json\/wp\/v2\/projekt\/25990","targetHints":{"allow":["GET"]}}],"collection":[{"href":"https:\/\/ip217-154-147-205.pbiaas.com\/v80\/de\/wp-json\/wp\/v2\/projekt"}],"about":[{"href":"https:\/\/ip217-154-147-205.pbiaas.com\/v80\/de\/wp-json\/wp\/v2\/types\/projekt"}],"wp:featuredmedia":[{"embeddable":true,"href":"https:\/\/ip217-154-147-205.pbiaas.com\/v80\/de\/wp-json\/wp\/v2\/media\/35548"}],"wp:attachment":[{"href":"https:\/\/ip217-154-147-205.pbiaas.com\/v80\/de\/wp-json\/wp\/v2\/media?parent=25990"}],"wp:term":[{"taxonomy":"post_tag","embeddable":true,"href":"https:\/\/ip217-154-147-205.pbiaas.com\/v80\/de\/wp-json\/wp\/v2\/tags?post=25990"},{"taxonomy":"publik","embeddable":true,"href":"https:\/\/ip217-154-147-205.pbiaas.com\/v80\/de\/wp-json\/wp\/v2\/publik?post=25990"},{"taxonomy":"projekt-art","embeddable":true,"href":"https:\/\/ip217-154-147-205.pbiaas.com\/v80\/de\/wp-json\/wp\/v2\/projekt-art?post=25990"},{"taxonomy":"projekt-land","embeddable":true,"href":"https:\/\/ip217-154-147-205.pbiaas.com\/v80\/de\/wp-json\/wp\/v2\/projekt-land?post=25990"},{"taxonomy":"projekt-status","embeddable":true,"href":"https:\/\/ip217-154-147-205.pbiaas.com\/v80\/de\/wp-json\/wp\/v2\/projekt-status?post=25990"},{"taxonomy":"projekt-kategorie","embeddable":true,"href":"https:\/\/ip217-154-147-205.pbiaas.com\/v80\/de\/wp-json\/wp\/v2\/projekt-kategorie?post=25990"},{"taxonomy":"projektphase","embeddable":true,"href":"https:\/\/ip217-154-147-205.pbiaas.com\/v80\/de\/wp-json\/wp\/v2\/projektphase?post=25990"}],"curies":[{"name":"wp","href":"https:\/\/api.w.org\/{rel}","templated":true}]}}

Sutterlüty, Lochau

<p><strong>Aus alt mach neu.</strong></p>
<p>Der in den 1990er Jahren erbaute Sutterlüty Markt in Lochau musste aufgrund bauphysikalischer Mängel, die einen Schaden in der Dachkonstruktion bewirkten, neu gebaut werden. Auf die bestehende Fundamentplatte war somit in Bezug auf die Größe sowie der Bauform Rücksicht zu nehmen. Ebenso waren die Lastabtragpunkte und somit die Spannweiten für die neue Konstruktion fixiert.</p>
<p>Die neue Generation der Sutterlüty Märkte bieten hohe markthallenähnliche Räume und ein einheitliches Funktionsprinzip, wobei die Außengestaltung aller Märkte unterschiedlich ist.</p>
<p>Hier galt es, das strenge Volumen aufzulösen, was erreicht wurde indem die notwendigen überdeckten Flächen aus diesem herausgearbeitet wurden. Diese damit entstandenen Auskragungen wurden zum gestalterischen Thema und zum Element der Fassadengliederung. Während die eigentliche gedämmte Außenhülle entweder mit Aluminium bekleidet oder  verglast ist, sind die vorkragenden Volumen als leichte, durchscheinende, transparente Vorbauten gestaltet, die in der Nacht hinterleuchtet werden. Somit erzielt der Markt die notwendige Aufmerksamkeit, da er eigentlich in zweiter Reihe steht.</p>
<p>| Die eigentliche Konstruktion ist aus sehr einfach gehaltenen sichtbaren Brettschichtholzträgern auf Stahlstützen gebildet, die Außenhülle besteht aus hoch wärmegedämmten, vorgefertigten Rahmenholzelementen.</p>
<p>Für die Gestaltung der Alublechverkleidung im Erdgeschoss wurde die Künstlerin Annabell Stübe herbeigezogen, die das Motiv aus ihren künstlerischen Waldfotografien ableitete.</p>


<p></p>

<p>Der in den 1990er Jahren erbaute Sutterlüty Markt in Lochau musste aufgrund bauphysikalischer Mängel, die einen Schaden in der Dachkonstruktion bewirkten, neu gebaut werden. Auf die bestehende Fundamentplatte war somit in Bezug auf die Größe sowie der Bauform Rücksicht zu nehmen. Ebenso waren die Lastabtragpunkte und somit die Spannweiten für die neue Konstruktion fixiert.</p>
