{"id":26019,"date":"2016-05-11T12:52:19","date_gmt":"2016-05-11T10:52:19","guid":{"rendered":"http:\/\/www.elmar-schmidinger.at\/hk5\/projekt\/haus-r\/"},"modified":"2025-10-20T10:00:42","modified_gmt":"2025-10-20T08:00:42","slug":"haus-r","status":"publish","type":"projekt","link":"https:\/\/ip217-154-147-205.pbiaas.com\/v80\/de\/projekt\/haus-r\/","title":{"rendered":"Haus R, Rankweil"},"content":{"rendered":"<p>Das Haus liegt inmitten einer typischen Rheintalgemeinde. Die Umgebung ist von kleineren Wohnbauten, der Dorfkirche und noch unbebauten Wiesen gepr\u00e4gt. Ein Nussbaum markiert den \u00dcbergang zum Grundst\u00fcck des Elternhauses. Dort lebt der Vater des Bauherren, welcher als \u201e\u00f6rtlicher Bauaufseher\u201c immer mehr in das Projekt hineingewachsen ist.<\/p>\n<p>Im Sinne einer guten Nachbarschaft sollte ein gesch\u00fctzter Au\u00dfenraum zwischen beiden H\u00e4usern geschaffen werden. Daf\u00fcr wurde die Garage direkt an die Stra\u00dfe ger\u00fcckt, wodurch auch der westliche Wohngarten r\u00e4umlich gefasst wurde. Von der Garage aus erfolgt auch der Zugang zum Haus. \u00dcber eine Pendelt\u00fcre und einen halboffenen Durchgang gelangt man \u00fcber die \u201eFr\u00fchst\u00fcck-Veranda\u201c zur Haust\u00fcre.<\/p>\n<h4>\u00bbEin Haus, das Grenzen zwischen Innen und Au\u00dfen verschwimmen l\u00e4sst, dabei aber immer klare Linien findet und sich auf Wei\u00dftanne, Eiche, Glas und Kupfer verl\u00e4sst. Ein Haus mitten im Dorf, das dennoch Weitblick verspricht: unerwartete Ausblicke er\u00f6ffnen sich auf die Berge, die Basilika und das vielf\u00e4ltige Spiel der Jahreszeiten. Ein Haus, das Hand in Hand mit dem Architekten und den Handwerkern gebaut wurde, und am Schluss das unbezahlbare Gef\u00fchl, das es nicht irgendein Haus ist. Es ist unser Haus.\u00ab<\/h4>\n<h5>Bauherr R.<\/h5>\n<p>|Au\u00dfen von einem Schindelkleid umgeben, setzt sich die Oberfl\u00e4che aus naturbelassenem Tannenholz auch im Innenraum fort. Trotz der nach allen Seiten gro\u00dfz\u00fcgigen Verglasungen, schafft das Holz beim Betreten die gew\u00fcnschte heimelige Atmosph\u00e4re. Programm war offenes Wohnen mit vielf\u00e4ltigen Bez\u00fcgen zum sehr sch\u00f6nen Au\u00dfenraum also die Inszenierung der unterschiedlichen Qualit\u00e4ten des Feiraumes. Ebenfalls Die Bauherren wollten die Allgemeinbereiche m\u00f6glichst offen, mit klarer Trennung zu den Individualr\u00e4umen. Im Planungsgespr\u00e4ch wird dann die zentrale K\u00fcche zum \u201eCockpit\u201c und die erh\u00f6hte Arbeitsfl\u00e4che w\u00e4hrend der Bauzeit zum \u201eDJ-Pult\u201c.<\/p>\n<p>~<\/p>\n<p>Ist es im Erdgeschoss Offenheit, so sollten im Obergeschoss nat\u00fcrliches Licht und gezielte Ausblicke auf Nussbaum und Bergbasilika eine angenehme Stimmung vermitteln.<\/p>\n<p>Die atmosph\u00e4rische Qualit\u00e4t der Laube zwischen Badezimmer und Schlafzimmer veranlasste die Bauherren den dort vorgesehene Whirlpool zugunsten eines zus\u00e4tzlichen Sitzplatzes wegzulassen. Waren zu Beginn noch drei gleichwertige Kinderzimmer gew\u00fcnscht, entwickelten sich in den ausf\u00fchrlichen Planungsgespr\u00e4chen ganz individuelle Raumkonfigurationen, so ein \u201eNussbaum-, Erker- und Balkonzimmer\u201c.<\/p>\n<p>Ergebnis des offener Planungsprozess ist ein Haus mitten im Ort, das generationen\u00fcbergreifendes Zusammenleben erm\u00f6glicht, gut nutzbare Au\u00dfenr\u00e4ume bietet und den Aspekt der Nachhaltigkeit durch eine \u00f6kologische Materialwahl, Niedrigenergiehausstandard und Energiegewinnung \u00fcber Erdsonden mit W\u00e4rmepumpe ber\u00fccksichtigt.<\/p>\n","protected":false},"excerpt":{"rendered":"<p>Das Haus liegt inmitten einer typischen Rheintalgemeinde. Die Umgebung ist von kleineren Wohnbauten, der Dorfkirche und noch unbebauten Wiesen gepr\u00e4gt. Ein Nussbaum markiert den \u00dcbergang zum Grundst\u00fcck des Elternhauses. Dort lebt der Vater des Bauherren, welcher als \u201e\u00f6rtlicher Bauaufseher\u201c immer mehr in das Projekt hineingewachsen ist. Im Sinne einer guten Nachbarschaft sollte ein gesch\u00fctzter Au\u00dfenraum [&hellip;]<\/p>\n","protected":false},"featured_media":30103,"template":"","tags":[318],"publik":[975],"projekt-art":[957],"projekt-land":[938],"projekt-status":[943],"projekt-kategorie":[930,919],"projektphase":[],"class_list":["post-26019","projekt","type-projekt","status-publish","has-post-thumbnail","hentry","tag-efh","publik-projektbeschreibung","projekt-art-neubau","projekt-land-oesterreich","projekt-status-fertiggestellt","projekt-kategorie-einfamilienhaus","projekt-kategorie-wohnen","projektkategorie-auswahl","projektkategorie-einfamilienhaus"],"acf":[],"_links":{"self":[{"href":"https:\/\/ip217-154-147-205.pbiaas.com\/v80\/de\/wp-json\/wp\/v2\/projekt\/26019","targetHints":{"allow":["GET"]}}],"collection":[{"href":"https:\/\/ip217-154-147-205.pbiaas.com\/v80\/de\/wp-json\/wp\/v2\/projekt"}],"about":[{"href":"https:\/\/ip217-154-147-205.pbiaas.com\/v80\/de\/wp-json\/wp\/v2\/types\/projekt"}],"wp:featuredmedia":[{"embeddable":true,"href":"https:\/\/ip217-154-147-205.pbiaas.com\/v80\/de\/wp-json\/wp\/v2\/media\/30103"}],"wp:attachment":[{"href":"https:\/\/ip217-154-147-205.pbiaas.com\/v80\/de\/wp-json\/wp\/v2\/media?parent=26019"}],"wp:term":[{"taxonomy":"post_tag","embeddable":true,"href":"https:\/\/ip217-154-147-205.pbiaas.com\/v80\/de\/wp-json\/wp\/v2\/tags?post=26019"},{"taxonomy":"publik","embeddable":true,"href":"https:\/\/ip217-154-147-205.pbiaas.com\/v80\/de\/wp-json\/wp\/v2\/publik?post=26019"},{"taxonomy":"projekt-art","embeddable":true,"href":"https:\/\/ip217-154-147-205.pbiaas.com\/v80\/de\/wp-json\/wp\/v2\/projekt-art?post=26019"},{"taxonomy":"projekt-land","embeddable":true,"href":"https:\/\/ip217-154-147-205.pbiaas.com\/v80\/de\/wp-json\/wp\/v2\/projekt-land?post=26019"},{"taxonomy":"projekt-status","embeddable":true,"href":"https:\/\/ip217-154-147-205.pbiaas.com\/v80\/de\/wp-json\/wp\/v2\/projekt-status?post=26019"},{"taxonomy":"projekt-kategorie","embeddable":true,"href":"https:\/\/ip217-154-147-205.pbiaas.com\/v80\/de\/wp-json\/wp\/v2\/projekt-kategorie?post=26019"},{"taxonomy":"projektphase","embeddable":true,"href":"https:\/\/ip217-154-147-205.pbiaas.com\/v80\/de\/wp-json\/wp\/v2\/projektphase?post=26019"}],"curies":[{"name":"wp","href":"https:\/\/api.w.org\/{rel}","templated":true}]}}

<p>Das Haus liegt inmitten einer typischen Rheintalgemeinde. Die Umgebung ist von kleineren Wohnbauten, der Dorfkirche und noch unbebauten Wiesen geprägt. Ein Nussbaum markiert den Übergang zum Grundstück des Elternhauses. Dort lebt der Vater des Bauherren, welcher als „örtlicher Bauaufseher“ immer mehr in das Projekt hineingewachsen ist.</p>
<p>Im Sinne einer guten Nachbarschaft sollte ein geschützter Außenraum zwischen beiden Häusern geschaffen werden. Dafür wurde die Garage direkt an die Straße gerückt, wodurch auch der westliche Wohngarten räumlich gefasst wurde. Von der Garage aus erfolgt auch der Zugang zum Haus. Über eine Pendeltüre und einen halboffenen Durchgang gelangt man über die „Frühstück-Veranda“ zur Haustüre.</p>
<h4>»Ein Haus, das Grenzen zwischen Innen und Außen verschwimmen lässt, dabei aber immer klare Linien findet und sich auf Weißtanne, Eiche, Glas und Kupfer verlässt. Ein Haus mitten im Dorf, das dennoch Weitblick verspricht: unerwartete Ausblicke eröffnen sich auf die Berge, die Basilika und das vielfältige Spiel der Jahreszeiten. Ein Haus, das Hand in Hand mit dem Architekten und den Handwerkern gebaut wurde, und am Schluss das unbezahlbare Gefühl, das es nicht irgendein Haus ist. Es ist unser Haus.«</h4>
<h5>Bauherr R.</h5>
<p>|Außen von einem Schindelkleid umgeben, setzt sich die Oberfläche aus naturbelassenem Tannenholz auch im Innenraum fort. Trotz der nach allen Seiten großzügigen Verglasungen, schafft das Holz beim Betreten die gewünschte heimelige Atmosphäre. Programm war offenes Wohnen mit vielfältigen Bezügen zum sehr schönen Außenraum also die Inszenierung der unterschiedlichen Qualitäten des Feiraumes. Ebenfalls Die Bauherren wollten die Allgemeinbereiche möglichst offen, mit klarer Trennung zu den Individualräumen. Im Planungsgespräch wird dann die zentrale Küche zum „Cockpit“ und die erhöhte Arbeitsfläche während der Bauzeit zum „DJ-Pult“.</p>
<p>~</p>
<p>Ist es im Erdgeschoss Offenheit, so sollten im Obergeschoss natürliches Licht und gezielte Ausblicke auf Nussbaum und Bergbasilika eine angenehme Stimmung vermitteln.</p>
<p>Die atmosphärische Qualität der Laube zwischen Badezimmer und Schlafzimmer veranlasste die Bauherren den dort vorgesehene Whirlpool zugunsten eines zusätzlichen Sitzplatzes wegzulassen. Waren zu Beginn noch drei gleichwertige Kinderzimmer gewünscht, entwickelten sich in den ausführlichen Planungsgesprächen ganz individuelle Raumkonfigurationen, so ein „Nussbaum-, Erker- und Balkonzimmer“.</p>
<p>Ergebnis des offener Planungsprozess ist ein Haus mitten im Ort, das generationenübergreifendes Zusammenleben ermöglicht, gut nutzbare Außenräume bietet und den Aspekt der Nachhaltigkeit durch eine ökologische Materialwahl, Niedrigenergiehausstandard und Energiegewinnung über Erdsonden mit Wärmepumpe berücksichtigt.</p>

<p>Das Haus liegt inmitten einer typischen Rheintalgemeinde. Die Umgebung ist von kleineren Wohnbauten, der Dorfkirche und noch unbebauten Wiesen geprägt. Ein Nussbaum markiert den Übergang zum Grundstück des Elternhauses. Dort lebt der Vater des Bauherren, welcher als „örtlicher Bauaufseher“ immer mehr in das Projekt hineingewachsen ist. Im Sinne einer guten Nachbarschaft sollte ein geschützter Außenraum [&hellip;]</p>
