{"id":26034,"date":"2016-05-11T12:53:14","date_gmt":"2016-05-11T10:53:14","guid":{"rendered":"http:\/\/www.elmar-schmidinger.at\/hk5\/projekt\/konsum-bizau\/"},"modified":"2025-10-20T09:00:10","modified_gmt":"2025-10-20T07:00:10","slug":"konsum-bizau","status":"publish","type":"projekt","link":"https:\/\/ip217-154-147-205.pbiaas.com\/v80\/de\/projekt\/konsum-bizau\/","title":{"rendered":"&#8222;Konsum &#8211; Hus&#8220;, Bizau"},"content":{"rendered":"<p><strong>Ein Haus f\u00fcr die regionale Nahversorgung.<\/strong><\/p>\n<p>Der kleine Dorfladen der bregenzerw\u00e4lder Gemeinde Bizau war in einem bauf\u00e4lligen Altbestand untergebracht. Dieser sollte durch ein zeitgem\u00e4\u00dfes Geb\u00e4ude ersetzt werden, um eine Erweiterung des Warenangebotes sowie sinnvolle Zulieferungs- und Lagerbedingungen zu erm\u00f6glichen. Der langgestreckte Neubau steht nun von der Stra\u00dfe abger\u00fcckt, direkt an einer steilen Gel\u00e4ndekante, um Parkfl\u00e4chen f\u00fcr Kraftfahrzeuge und Fahrr\u00e4der zu schaffen. Im S\u00fcden \u00f6ffnet sich ein Freiraum mit altem Baumbestand, der zwischen Kirche, Volksschule und dem traditionsreichen Hotel Schwanen aufgespannt ist.<\/p>\n<p>Die markante Gliederung des Geb\u00e4udes in drei Bauk\u00f6rper erfolgt durch seitliche R\u00fcckspr\u00fcnge der eingeschossigen Gesch\u00e4ftsfassade und die zentrale Setzung eines teilweise auskragenden Volumens als Wohntrakt dar\u00fcber. Einen wesentlichen Aspekt der Planungsarbeit stellte die Organisation der verschiedenen Erschlie\u00dfungswege dar. Im Westen des Grundst\u00fcckes sind eine Laderampe f\u00fcr Lastwagen und die Zufahrt zur Tiefgarage angeordnet. Der Supermarkt wird \u00fcber eine gro\u00dfz\u00fcgig dimensionierte Glasfront an der Stra\u00dfenseite betreten, w\u00e4hrend seitlich versetzt der Zutritt zum Laubengang erfolgt, der an der R\u00fcckseite des Hauses die vier Wohnungen erschlie\u00dft. Durch die Lage am Hang kann dieser auch direkt von einem schmalen Fu\u00dfweg erreicht werden, der sich entlang des Dorfbaches schl\u00e4ngelt. |<\/p>\n<p>Das Untergeschoss sowie die Gesch\u00e4ftsfl\u00e4chen und Nebenr\u00e4ume im Parterre stehen im Erdreich und sind daher in Massivbauweise errichtet. Die Wohnstruktur im Obergeschoss wurde hingegen aus vorgefertigten Holzelementen mit einem Dachstuhl in Konstruktionsvollholz gef\u00fcgt. Die Fassaden sind als Holzschirm oder Sichtlattung in s\u00e4gerauer Tanne gefertigt, die Fenster in ge\u00f6lter Wei\u00dftanne ausgef\u00fchrt und im Au\u00dfenbereich der Ladenfront mit einer Aluminiumbeklipsung versehen. Durch die klar strukturierte Planung und ihre konsequente Umsetzung konnte das Projekt zwischen Abbruch und Neuer\u00f6ffnung in nur zehn Monaten umgesetzt werden.<\/p>\n","protected":false},"excerpt":{"rendered":"<p>Ein Haus f\u00fcr die regionale Nahversorgung. Der kleine Dorfladen der bregenzerw\u00e4lder Gemeinde Bizau war in einem bauf\u00e4lligen Altbestand untergebracht. Dieser sollte durch ein zeitgem\u00e4\u00dfes Geb\u00e4ude ersetzt werden, um eine Erweiterung des Warenangebotes sowie sinnvolle Zulieferungs- und Lagerbedingungen zu erm\u00f6glichen. Der langgestreckte Neubau steht nun von der Stra\u00dfe abger\u00fcckt, direkt an einer steilen Gel\u00e4ndekante, um Parkfl\u00e4chen [&hellip;]<\/p>\n","protected":false},"featured_media":91030,"template":"","tags":[],"publik":[975],"projekt-art":[957],"projekt-land":[938],"projekt-status":[943],"projekt-kategorie":[920,948],"projektphase":[],"class_list":["post-26034","projekt","type-projekt","status-publish","has-post-thumbnail","hentry","publik-projektbeschreibung","projekt-art-neubau","projekt-land-oesterreich","projekt-status-fertiggestellt","projekt-kategorie-arbeit","projekt-kategorie-gewerbe","projektkategorie-gewerbe-handel","projektkategorie-mehrfamilienhaus"],"acf":[],"_links":{"self":[{"href":"https:\/\/ip217-154-147-205.pbiaas.com\/v80\/de\/wp-json\/wp\/v2\/projekt\/26034","targetHints":{"allow":["GET"]}}],"collection":[{"href":"https:\/\/ip217-154-147-205.pbiaas.com\/v80\/de\/wp-json\/wp\/v2\/projekt"}],"about":[{"href":"https:\/\/ip217-154-147-205.pbiaas.com\/v80\/de\/wp-json\/wp\/v2\/types\/projekt"}],"wp:featuredmedia":[{"embeddable":true,"href":"https:\/\/ip217-154-147-205.pbiaas.com\/v80\/de\/wp-json\/wp\/v2\/media\/91030"}],"wp:attachment":[{"href":"https:\/\/ip217-154-147-205.pbiaas.com\/v80\/de\/wp-json\/wp\/v2\/media?parent=26034"}],"wp:term":[{"taxonomy":"post_tag","embeddable":true,"href":"https:\/\/ip217-154-147-205.pbiaas.com\/v80\/de\/wp-json\/wp\/v2\/tags?post=26034"},{"taxonomy":"publik","embeddable":true,"href":"https:\/\/ip217-154-147-205.pbiaas.com\/v80\/de\/wp-json\/wp\/v2\/publik?post=26034"},{"taxonomy":"projekt-art","embeddable":true,"href":"https:\/\/ip217-154-147-205.pbiaas.com\/v80\/de\/wp-json\/wp\/v2\/projekt-art?post=26034"},{"taxonomy":"projekt-land","embeddable":true,"href":"https:\/\/ip217-154-147-205.pbiaas.com\/v80\/de\/wp-json\/wp\/v2\/projekt-land?post=26034"},{"taxonomy":"projekt-status","embeddable":true,"href":"https:\/\/ip217-154-147-205.pbiaas.com\/v80\/de\/wp-json\/wp\/v2\/projekt-status?post=26034"},{"taxonomy":"projekt-kategorie","embeddable":true,"href":"https:\/\/ip217-154-147-205.pbiaas.com\/v80\/de\/wp-json\/wp\/v2\/projekt-kategorie?post=26034"},{"taxonomy":"projektphase","embeddable":true,"href":"https:\/\/ip217-154-147-205.pbiaas.com\/v80\/de\/wp-json\/wp\/v2\/projektphase?post=26034"}],"curies":[{"name":"wp","href":"https:\/\/api.w.org\/{rel}","templated":true}]}}

<p><strong>Ein Haus für die regionale Nahversorgung.</strong></p>
<p>Der kleine Dorfladen der bregenzerwälder Gemeinde Bizau war in einem baufälligen Altbestand untergebracht. Dieser sollte durch ein zeitgemäßes Gebäude ersetzt werden, um eine Erweiterung des Warenangebotes sowie sinnvolle Zulieferungs- und Lagerbedingungen zu ermöglichen. Der langgestreckte Neubau steht nun von der Straße abgerückt, direkt an einer steilen Geländekante, um Parkflächen für Kraftfahrzeuge und Fahrräder zu schaffen. Im Süden öffnet sich ein Freiraum mit altem Baumbestand, der zwischen Kirche, Volksschule und dem traditionsreichen Hotel Schwanen aufgespannt ist.</p>
<p>Die markante Gliederung des Gebäudes in drei Baukörper erfolgt durch seitliche Rücksprünge der eingeschossigen Geschäftsfassade und die zentrale Setzung eines teilweise auskragenden Volumens als Wohntrakt darüber. Einen wesentlichen Aspekt der Planungsarbeit stellte die Organisation der verschiedenen Erschließungswege dar. Im Westen des Grundstückes sind eine Laderampe für Lastwagen und die Zufahrt zur Tiefgarage angeordnet. Der Supermarkt wird über eine großzügig dimensionierte Glasfront an der Straßenseite betreten, während seitlich versetzt der Zutritt zum Laubengang erfolgt, der an der Rückseite des Hauses die vier Wohnungen erschließt. Durch die Lage am Hang kann dieser auch direkt von einem schmalen Fußweg erreicht werden, der sich entlang des Dorfbaches schlängelt. |</p>
<p>Das Untergeschoss sowie die Geschäftsflächen und Nebenräume im Parterre stehen im Erdreich und sind daher in Massivbauweise errichtet. Die Wohnstruktur im Obergeschoss wurde hingegen aus vorgefertigten Holzelementen mit einem Dachstuhl in Konstruktionsvollholz gefügt. Die Fassaden sind als Holzschirm oder Sichtlattung in sägerauer Tanne gefertigt, die Fenster in geölter Weißtanne ausgeführt und im Außenbereich der Ladenfront mit einer Aluminiumbeklipsung versehen. Durch die klar strukturierte Planung und ihre konsequente Umsetzung konnte das Projekt zwischen Abbruch und Neueröffnung in nur zehn Monaten umgesetzt werden.</p>

<p>Ein Haus für die regionale Nahversorgung. Der kleine Dorfladen der bregenzerwälder Gemeinde Bizau war in einem baufälligen Altbestand untergebracht. Dieser sollte durch ein zeitgemäßes Gebäude ersetzt werden, um eine Erweiterung des Warenangebotes sowie sinnvolle Zulieferungs- und Lagerbedingungen zu ermöglichen. Der langgestreckte Neubau steht nun von der Straße abgerückt, direkt an einer steilen Geländekante, um Parkflächen [&hellip;]</p>
