{"id":26084,"date":"2016-05-11T12:55:57","date_gmt":"2016-05-11T10:55:57","guid":{"rendered":"http:\/\/www.elmar-schmidinger.at\/hk5\/projekt\/wettbewerb-heimat-oesterreich-liefering\/"},"modified":"2025-07-28T17:11:46","modified_gmt":"2025-07-28T15:11:46","slug":"wettbewerb-heimat-oesterreich-liefering","status":"publish","type":"projekt","link":"https:\/\/ip217-154-147-205.pbiaas.com\/v80\/de\/projekt\/wettbewerb-heimat-oesterreich-liefering\/","title":{"rendered":"Heimat \u00d6sterreich, Salzburg-Liefering"},"content":{"rendered":"<p>Auf die naheliegende Verwendung der vorherrschenden Dachform Satteldach wird bewusst verzichtet, um schlecht nutzbares oberirdisches Volumen zu vermeiden. Die Bauk\u00f6rper werden nach M\u00f6glichkeit (speziell im direkten Anschluss an die Lexengasse &#8211; im Gegen\u00fcber zu den pr\u00e4gnanten, giebelst\u00e4ndigen Einfamilienh\u00e4usern) in Grundriss und H\u00f6henentwicklung gegliedert, um unma\u00dfst\u00e4bliche Wandabwicklungen zu vermeiden. Der geforderten \u00f6konomischen und \u00f6kologischen Kompaktheit wurde Rechnung getragen, in dem 13 bzw. 15 Wohneinheiten zu einem Bauk\u00f6rper zusammengefasst wurden. Somit konnten die geforderten Wohnungen in nur 5 Bauk\u00f6rpern untergebracht werden. Mit Vertikalerschlie\u00dfung und auch mit freier Grundst\u00fccksfl\u00e4che wird somit sparsam umgegangen.<\/p>\n<p><strong>Ausrichtung<\/strong><\/p>\n<p>Der Heimbauk\u00f6rper wurde zur optimalen Belichtung der gemeinschaftlich genutzten Aufenthaltsr\u00e4ume nach S\u00fcdwesten ausgerichtet. Die Gemeinschaftsr\u00e4ume der Wohngruppen, Gruppenr\u00e4ume, Treffpunkt und vorgelagerte Terrasse orientieren sich somit klar Richtung Sonne. Die Lage des Bauk\u00f6rpers wurde im Grundst\u00fcck zentriert, womit die Terrasse freien Ausblick in den Anger erh\u00e4lt, und teilt den Freibereich des Heims in einen introvertierten \u00f6stlichen und extrovertierteren westlichen Gartenteil. Die Zufahrt erfolgt von Nordwesten, an ihr liegen die Stellpl\u00e4tze f\u00fcr Kindergarten und Heim.<\/p>\n<p>Die Wohnbauk\u00f6rper an der Lexengasse wurden auf eine Baufluchtlinie mit 5 m Abstand gesetzt, um dem zentralen Anger mehr Raum zu verschaffen. Alle Besucherstellpl\u00e4tze wurden kompakt an der Tiefgarageneinfahrt angeordnet. Die Ausformulierung der Wohnbauk\u00f6rper ist bis auf die Ausrichtung der Balkone der \u00f6stlichen Wohnung Richtung S\u00fcdosten nicht ver\u00e4ndert.<br \/>\n~<\/p>\n<p><strong> Konstruktion<\/strong><\/p>\n<p>Die Wohngeb\u00e4ude sind g\u00e4nzlich als vorgefertigte Holzkonstruktion entwickelt. Sowohl die tragenden Kernw\u00e4nde und Querw\u00e4nde als auch die Decken bestehen aus Brettsperrholzelementen, wobei nur die Decken sichtbar bleiben. Die nicht tragenden Au\u00dfenw\u00e4nde bestehen aus hochw\u00e4rmeged\u00e4mmten vorgefertigten Rahmenholzelementen. Auf das aus Ortbeton errichteten Erdgeschoss des Pflegeheims werden in Werk vorgefertigte Raumzellen aus teilweise innen sichtbarem Brettsperrholz gestapelt. Dies hat neben dem \u00f6kologischen und haptischen Aspekt auch den Vorteil einer enorm verk\u00fcrzten Bauzeit sowie einer hohen Bauqualit\u00e4t. Die naturbelassenen Fassaden vermitteln die Qualit\u00e4t der aus Holz gef\u00fcgten Baustruktur auch im \u00e4u\u00dferen Bild. Durch die b\u00fcndig gehaltenen Fl\u00e4chen werden diese L\u00e4rchenholzfassaden gleichm\u00e4\u00dfig verwittern, und eine homogene, zur\u00fcckhaltende und pflegeleichte graue Au\u00dfenhaut ergeben.<\/p>\n<p>&nbsp;<\/p>\n","protected":false},"excerpt":{"rendered":"<p>Auf die naheliegende Verwendung der vorherrschenden Dachform Satteldach wird bewusst verzichtet, um schlecht nutzbares oberirdisches Volumen zu vermeiden. Die Bauk\u00f6rper werden nach M\u00f6glichkeit (speziell im direkten Anschluss an die Lexengasse &#8211; im Gegen\u00fcber zu den pr\u00e4gnanten, giebelst\u00e4ndigen Einfamilienh\u00e4usern) in Grundriss und H\u00f6henentwicklung gegliedert, um unma\u00dfst\u00e4bliche Wandabwicklungen zu vermeiden. Der geforderten \u00f6konomischen und \u00f6kologischen Kompaktheit wurde [&hellip;]<\/p>\n","protected":false},"featured_media":40585,"template":"","tags":[],"publik":[975],"projekt-art":[973,974,972],"projekt-land":[938],"projekt-status":[943],"projekt-kategorie":[929,919],"projektphase":[],"class_list":["post-26084","projekt","type-projekt","status-publish","has-post-thumbnail","hentry","publik-projektbeschreibung","projekt-art-ausgefuehrt","projekt-art-preistraeger","projekt-art-wettbewerb","projekt-land-oesterreich","projekt-status-fertiggestellt","projekt-kategorie-mehrfamilienhaus","projekt-kategorie-wohnen","projektkategorie-wettbewerbe"],"acf":[],"_links":{"self":[{"href":"https:\/\/ip217-154-147-205.pbiaas.com\/v80\/de\/wp-json\/wp\/v2\/projekt\/26084","targetHints":{"allow":["GET"]}}],"collection":[{"href":"https:\/\/ip217-154-147-205.pbiaas.com\/v80\/de\/wp-json\/wp\/v2\/projekt"}],"about":[{"href":"https:\/\/ip217-154-147-205.pbiaas.com\/v80\/de\/wp-json\/wp\/v2\/types\/projekt"}],"wp:featuredmedia":[{"embeddable":true,"href":"https:\/\/ip217-154-147-205.pbiaas.com\/v80\/de\/wp-json\/wp\/v2\/media\/40585"}],"wp:attachment":[{"href":"https:\/\/ip217-154-147-205.pbiaas.com\/v80\/de\/wp-json\/wp\/v2\/media?parent=26084"}],"wp:term":[{"taxonomy":"post_tag","embeddable":true,"href":"https:\/\/ip217-154-147-205.pbiaas.com\/v80\/de\/wp-json\/wp\/v2\/tags?post=26084"},{"taxonomy":"publik","embeddable":true,"href":"https:\/\/ip217-154-147-205.pbiaas.com\/v80\/de\/wp-json\/wp\/v2\/publik?post=26084"},{"taxonomy":"projekt-art","embeddable":true,"href":"https:\/\/ip217-154-147-205.pbiaas.com\/v80\/de\/wp-json\/wp\/v2\/projekt-art?post=26084"},{"taxonomy":"projekt-land","embeddable":true,"href":"https:\/\/ip217-154-147-205.pbiaas.com\/v80\/de\/wp-json\/wp\/v2\/projekt-land?post=26084"},{"taxonomy":"projekt-status","embeddable":true,"href":"https:\/\/ip217-154-147-205.pbiaas.com\/v80\/de\/wp-json\/wp\/v2\/projekt-status?post=26084"},{"taxonomy":"projekt-kategorie","embeddable":true,"href":"https:\/\/ip217-154-147-205.pbiaas.com\/v80\/de\/wp-json\/wp\/v2\/projekt-kategorie?post=26084"},{"taxonomy":"projektphase","embeddable":true,"href":"https:\/\/ip217-154-147-205.pbiaas.com\/v80\/de\/wp-json\/wp\/v2\/projektphase?post=26084"}],"curies":[{"name":"wp","href":"https:\/\/api.w.org\/{rel}","templated":true}]}}

Heimat Österreich, Salzburg-Liefering

<p>Auf die naheliegende Verwendung der vorherrschenden Dachform Satteldach wird bewusst verzichtet, um schlecht nutzbares oberirdisches Volumen zu vermeiden. Die Baukörper werden nach Möglichkeit (speziell im direkten Anschluss an die Lexengasse &#8211; im Gegenüber zu den prägnanten, giebelständigen Einfamilienhäusern) in Grundriss und Höhenentwicklung gegliedert, um unmaßstäbliche Wandabwicklungen zu vermeiden. Der geforderten ökonomischen und ökologischen Kompaktheit wurde Rechnung getragen, in dem 13 bzw. 15 Wohneinheiten zu einem Baukörper zusammengefasst wurden. Somit konnten die geforderten Wohnungen in nur 5 Baukörpern untergebracht werden. Mit Vertikalerschließung und auch mit freier Grundstücksfläche wird somit sparsam umgegangen.</p>
<p><strong>Ausrichtung</strong></p>
<p>Der Heimbaukörper wurde zur optimalen Belichtung der gemeinschaftlich genutzten Aufenthaltsräume nach Südwesten ausgerichtet. Die Gemeinschaftsräume der Wohngruppen, Gruppenräume, Treffpunkt und vorgelagerte Terrasse orientieren sich somit klar Richtung Sonne. Die Lage des Baukörpers wurde im Grundstück zentriert, womit die Terrasse freien Ausblick in den Anger erhält, und teilt den Freibereich des Heims in einen introvertierten östlichen und extrovertierteren westlichen Gartenteil. Die Zufahrt erfolgt von Nordwesten, an ihr liegen die Stellplätze für Kindergarten und Heim.</p>
<p>Die Wohnbaukörper an der Lexengasse wurden auf eine Baufluchtlinie mit 5 m Abstand gesetzt, um dem zentralen Anger mehr Raum zu verschaffen. Alle Besucherstellplätze wurden kompakt an der Tiefgarageneinfahrt angeordnet. Die Ausformulierung der Wohnbaukörper ist bis auf die Ausrichtung der Balkone der östlichen Wohnung Richtung Südosten nicht verändert.<br />
~</p>
<p><strong> Konstruktion</strong></p>
<p>Die Wohngebäude sind gänzlich als vorgefertigte Holzkonstruktion entwickelt. Sowohl die tragenden Kernwände und Querwände als auch die Decken bestehen aus Brettsperrholzelementen, wobei nur die Decken sichtbar bleiben. Die nicht tragenden Außenwände bestehen aus hochwärmegedämmten vorgefertigten Rahmenholzelementen. Auf das aus Ortbeton errichteten Erdgeschoss des Pflegeheims werden in Werk vorgefertigte Raumzellen aus teilweise innen sichtbarem Brettsperrholz gestapelt. Dies hat neben dem ökologischen und haptischen Aspekt auch den Vorteil einer enorm verkürzten Bauzeit sowie einer hohen Bauqualität. Die naturbelassenen Fassaden vermitteln die Qualität der aus Holz gefügten Baustruktur auch im äußeren Bild. Durch die bündig gehaltenen Flächen werden diese Lärchenholzfassaden gleichmäßig verwittern, und eine homogene, zurückhaltende und pflegeleichte graue Außenhaut ergeben.</p>
<p>&nbsp;</p>

<p>Auf die naheliegende Verwendung der vorherrschenden Dachform Satteldach wird bewusst verzichtet, um schlecht nutzbares oberirdisches Volumen zu vermeiden. Die Baukörper werden nach Möglichkeit (speziell im direkten Anschluss an die Lexengasse &#8211; im Gegenüber zu den prägnanten, giebelständigen Einfamilienhäusern) in Grundriss und Höhenentwicklung gegliedert, um unmaßstäbliche Wandabwicklungen zu vermeiden. Der geforderten ökonomischen und ökologischen Kompaktheit wurde [&hellip;]</p>
