{"id":26154,"date":"2016-05-11T12:58:50","date_gmt":"2016-05-11T10:58:50","guid":{"rendered":"http:\/\/www.elmar-schmidinger.at\/hk5\/projekt\/wettbewerb-betreutes-wohnen\/"},"modified":"2025-07-28T17:16:11","modified_gmt":"2025-07-28T15:16:11","slug":"wettbewerb-betreutes-wohnen","status":"publish","type":"projekt","link":"https:\/\/ip217-154-147-205.pbiaas.com\/v80\/de\/projekt\/wettbewerb-betreutes-wohnen\/","title":{"rendered":"Betreutes Wohnen, Mittelberg"},"content":{"rendered":"\n<p><strong>St\u00e4dtebauliche Einbindung, Stellung Bauk\u00f6rper<\/strong><br>Das gesamte Raumprogram wird in einem Bauk\u00f6rper abgebildet. Dieser ist mit seiner Hauptseite nach S\u00fcden orientiert, steht wie die meisten Walserh\u00e4user quer zum Hang und zeigt seine Giebelseite dem hangseitigen Dorfplatz sowie der Talseite. Typologisch wird dadurch Bezug genommen zu der traditionellen Bebauung des Walsertales. Es ist kaum m\u00f6glich, den Bau direkt als Teil des Dorfplatzes erlebbar zu machen, da das Baugrundst\u00fcck ca. 15 bis 17 m tiefer liegt. Zudem ist der Verfasser nicht \u00fcberzeugt, dass es richtig ist, den Platz um die Fl\u00e4che der abzubrechenden Garage zu erweitern, denn damit wird er zu gro\u00df im Verh\u00e4ltnis zum Dorf. Eine bauliche Verdichtung an dieser Stelle w\u00e4re zu \u00fcberlegen. Das gro\u00dfe Volumen reagiert auf den benachbarten Hotelbau, und wird durch die \u201eTieflage\u201c stark in seinem Volumen abgemindert. Der Bau weist eine optimale Ausrichtung hinsichtlich Besonnung und Ausblick f\u00fcr den Gro\u00dfteil der Wohnungen auf. Gro\u00dfz\u00fcgige Au\u00dfenbereiche bleiben durch die kompakte Bauweise erhalten und erlauben eine vielf\u00e4ltige gemeinschaftliche Nutzung.<\/p>\n\n\n\n<p><strong>Erschlie\u00dfung<\/strong><br>Um eine bestm\u00f6gliche barrierefreie Anbindung an die B\u00f6dmerstra\u00dfe zu erreichen wurde die Haupterschlie\u00dfungsebene auf das Niveau der s\u00fcd\u00f6stlichen Grundgrenze angepasst. Der Haupteingang, die Garageneinfahrt und die Besucherparkpl\u00e4tze liegen folglich ebenfalls auf dieser Vorplatzebene. \u00dcber den gedeckten Eingangsbereich und die Garage gelangt man in ein Foyer, welches \u00fcber einen 2-geschossigen Luftraumunmittelbar mit der Betreuungseinheit und dem gemeinsamen Gartenausgang im Erdgeschoss in Verbindung steht. Auf Grund der Hanglage ergeben sich drei Gescho\u00dfe mit direktem Au\u00dfenzugang. Somit k\u00f6nnen die R\u00e4umlichkeiten der Lebenshilfe als zusammenh\u00e4ngende Einheit und mit direkter Terrassenanbindung im 1. Obergeschoss situiert werden.<\/p>\n\n\n\n<p>~<\/p>\n\n\n\n<p><strong>Wohnungstypologien<\/strong><br>Der vorgegebene Wohnungsmix aus 5 verschiedenen Wohnungsgr\u00f6\u00dfen erfordert eine klare Verteilung der Wohnungen innerhalb des Geb\u00e4udevolumens um den hohen Anforderungen an die Wohnqualit\u00e4t und die Wirtschaftlichkeit erf\u00fcllen zu k\u00f6nnen. Die 2-Zimmerwohnungen wurden alle an der S\u00fcdwestseite angeordnet. Die 4- und 3-Zimmerwohnungen wurden jeweils an den Ecken situiert um eine zweiseitige Belichtung zu erm\u00f6glichen. 23 der 25 Wohnungen haben eine S\u00fcdwest-S\u00fcdost Orientierung und 2 Wohnungen eine Nordwest-Nordost Orientierung mit S\u00fcdwest orientierten Terrassen. Zudem liegen alle Wohnungen gleicher Gr\u00f6\u00dfe unmittelbar \u00fcbereinander. Dies gew\u00e4hrleistet eine klare Statik und optimale Anbindung an die Geb\u00e4udetechnik. F\u00fcr die Lebenshilfewohngemeinschaft sind zwei m\u00f6gliche Varianten f\u00fcr die innere Organisation dargestellt.<\/p>\n\n\n\n<p><strong>Fassade\/ Konstruktion<\/strong><br>Es wird vorgeschlagen, das Garagengescho\u00df sowie die Keller- und Fahrradbereiche des Erdgeschosses in Beton auszuf\u00fchren, den Rest, also s\u00e4mtliche Wohnungen in konstruktiver Holzbauweise. Dabei soll das Brettsperrholz f\u00fcr Decken sichtbar belassen werden, die Fassaden werden als hochw\u00e4rmeged\u00e4mmte Rahmenholzelemente ausgef\u00fchrt. Somit kann eine sehr schnelle Bauzeit gew\u00e4hrleistet werden, was auf Grund der kurzen \u201eBausaison\u201c vorteilhaft ist. Auf Grund der klaren konstruktiven Struktur ist der Holzbau auch wirtschaftlich konkurrenzf\u00e4hig. Die Lage des L\u00fcftungsger\u00e4ts im Dachraum erm\u00f6glicht zudem eine effiziente Leitungsf\u00fchrung. Die Fassaden sollen naturbelassen werden, senkrechte differenzierte Verschalungen sind horizontal geteilt durch die auf Grund der Bauklasse notwendigen Brandabschottungen.<\/p>\n","protected":false},"excerpt":{"rendered":"<p>\u00bb  \u00ab<\/p>\n","protected":false},"featured_media":40085,"template":"","tags":[],"publik":[975],"projekt-art":[972],"projekt-land":[938],"projekt-status":[943],"projekt-kategorie":[929,919],"projektphase":[],"class_list":["post-26154","projekt","type-projekt","status-publish","has-post-thumbnail","hentry","publik-projektbeschreibung","projekt-art-wettbewerb","projekt-land-oesterreich","projekt-status-fertiggestellt","projekt-kategorie-mehrfamilienhaus","projekt-kategorie-wohnen","projektkategorie-wettbewerbe"],"acf":[],"_links":{"self":[{"href":"https:\/\/ip217-154-147-205.pbiaas.com\/v80\/de\/wp-json\/wp\/v2\/projekt\/26154","targetHints":{"allow":["GET"]}}],"collection":[{"href":"https:\/\/ip217-154-147-205.pbiaas.com\/v80\/de\/wp-json\/wp\/v2\/projekt"}],"about":[{"href":"https:\/\/ip217-154-147-205.pbiaas.com\/v80\/de\/wp-json\/wp\/v2\/types\/projekt"}],"wp:featuredmedia":[{"embeddable":true,"href":"https:\/\/ip217-154-147-205.pbiaas.com\/v80\/de\/wp-json\/wp\/v2\/media\/40085"}],"wp:attachment":[{"href":"https:\/\/ip217-154-147-205.pbiaas.com\/v80\/de\/wp-json\/wp\/v2\/media?parent=26154"}],"wp:term":[{"taxonomy":"post_tag","embeddable":true,"href":"https:\/\/ip217-154-147-205.pbiaas.com\/v80\/de\/wp-json\/wp\/v2\/tags?post=26154"},{"taxonomy":"publik","embeddable":true,"href":"https:\/\/ip217-154-147-205.pbiaas.com\/v80\/de\/wp-json\/wp\/v2\/publik?post=26154"},{"taxonomy":"projekt-art","embeddable":true,"href":"https:\/\/ip217-154-147-205.pbiaas.com\/v80\/de\/wp-json\/wp\/v2\/projekt-art?post=26154"},{"taxonomy":"projekt-land","embeddable":true,"href":"https:\/\/ip217-154-147-205.pbiaas.com\/v80\/de\/wp-json\/wp\/v2\/projekt-land?post=26154"},{"taxonomy":"projekt-status","embeddable":true,"href":"https:\/\/ip217-154-147-205.pbiaas.com\/v80\/de\/wp-json\/wp\/v2\/projekt-status?post=26154"},{"taxonomy":"projekt-kategorie","embeddable":true,"href":"https:\/\/ip217-154-147-205.pbiaas.com\/v80\/de\/wp-json\/wp\/v2\/projekt-kategorie?post=26154"},{"taxonomy":"projektphase","embeddable":true,"href":"https:\/\/ip217-154-147-205.pbiaas.com\/v80\/de\/wp-json\/wp\/v2\/projektphase?post=26154"}],"curies":[{"name":"wp","href":"https:\/\/api.w.org\/{rel}","templated":true}]}}

<p><strong>Städtebauliche Einbindung, Stellung Baukörper</strong><br>Das gesamte Raumprogram wird in einem Baukörper abgebildet. Dieser ist mit seiner Hauptseite nach Süden orientiert, steht wie die meisten Walserhäuser quer zum Hang und zeigt seine Giebelseite dem hangseitigen Dorfplatz sowie der Talseite. Typologisch wird dadurch Bezug genommen zu der traditionellen Bebauung des Walsertales. Es ist kaum möglich, den Bau direkt als Teil des Dorfplatzes erlebbar zu machen, da das Baugrundstück ca. 15 bis 17 m tiefer liegt. Zudem ist der Verfasser nicht überzeugt, dass es richtig ist, den Platz um die Fläche der abzubrechenden Garage zu erweitern, denn damit wird er zu groß im Verhältnis zum Dorf. Eine bauliche Verdichtung an dieser Stelle wäre zu überlegen. Das große Volumen reagiert auf den benachbarten Hotelbau, und wird durch die „Tieflage“ stark in seinem Volumen abgemindert. Der Bau weist eine optimale Ausrichtung hinsichtlich Besonnung und Ausblick für den Großteil der Wohnungen auf. Großzügige Außenbereiche bleiben durch die kompakte Bauweise erhalten und erlauben eine vielfältige gemeinschaftliche Nutzung.</p>



<p><strong>Erschließung</strong><br>Um eine bestmögliche barrierefreie Anbindung an die Bödmerstraße zu erreichen wurde die Haupterschließungsebene auf das Niveau der südöstlichen Grundgrenze angepasst. Der Haupteingang, die Garageneinfahrt und die Besucherparkplätze liegen folglich ebenfalls auf dieser Vorplatzebene. Über den gedeckten Eingangsbereich und die Garage gelangt man in ein Foyer, welches über einen 2-geschossigen Luftraumunmittelbar mit der Betreuungseinheit und dem gemeinsamen Gartenausgang im Erdgeschoss in Verbindung steht. Auf Grund der Hanglage ergeben sich drei Geschoße mit direktem Außenzugang. Somit können die Räumlichkeiten der Lebenshilfe als zusammenhängende Einheit und mit direkter Terrassenanbindung im 1. Obergeschoss situiert werden.</p>



<p>~</p>



<p><strong>Wohnungstypologien</strong><br>Der vorgegebene Wohnungsmix aus 5 verschiedenen Wohnungsgrößen erfordert eine klare Verteilung der Wohnungen innerhalb des Gebäudevolumens um den hohen Anforderungen an die Wohnqualität und die Wirtschaftlichkeit erfüllen zu können. Die 2-Zimmerwohnungen wurden alle an der Südwestseite angeordnet. Die 4- und 3-Zimmerwohnungen wurden jeweils an den Ecken situiert um eine zweiseitige Belichtung zu ermöglichen. 23 der 25 Wohnungen haben eine Südwest-Südost Orientierung und 2 Wohnungen eine Nordwest-Nordost Orientierung mit Südwest orientierten Terrassen. Zudem liegen alle Wohnungen gleicher Größe unmittelbar übereinander. Dies gewährleistet eine klare Statik und optimale Anbindung an die Gebäudetechnik. Für die Lebenshilfewohngemeinschaft sind zwei mögliche Varianten für die innere Organisation dargestellt.</p>



<p><strong>Fassade/ Konstruktion</strong><br>Es wird vorgeschlagen, das Garagengeschoß sowie die Keller- und Fahrradbereiche des Erdgeschosses in Beton auszuführen, den Rest, also sämtliche Wohnungen in konstruktiver Holzbauweise. Dabei soll das Brettsperrholz für Decken sichtbar belassen werden, die Fassaden werden als hochwärmegedämmte Rahmenholzelemente ausgeführt. Somit kann eine sehr schnelle Bauzeit gewährleistet werden, was auf Grund der kurzen „Bausaison“ vorteilhaft ist. Auf Grund der klaren konstruktiven Struktur ist der Holzbau auch wirtschaftlich konkurrenzfähig. Die Lage des Lüftungsgeräts im Dachraum ermöglicht zudem eine effiziente Leitungsführung. Die Fassaden sollen naturbelassen werden, senkrechte differenzierte Verschalungen sind horizontal geteilt durch die auf Grund der Bauklasse notwendigen Brandabschottungen.</p>
