{"id":26231,"date":"2016-05-11T13:01:57","date_gmt":"2016-05-11T11:01:57","guid":{"rendered":"http:\/\/www.elmar-schmidinger.at\/hk5\/projekt\/heldenstrasse-altenstadt\/"},"modified":"2025-10-20T08:48:50","modified_gmt":"2025-10-20T06:48:50","slug":"heldenstrasse-altenstadt","status":"publish","type":"projekt","link":"https:\/\/ip217-154-147-205.pbiaas.com\/v80\/de\/projekt\/heldenstrasse-altenstadt\/","title":{"rendered":"Heldenstra\u00dfe, Feldkirch-Altenstadt"},"content":{"rendered":"<p><strong>Qualit\u00e4tvolles Wohnen mit reduziertem Budget.<\/strong><\/p>\n<p>Das Sonderwohnbauprogramm des Landes Vorarlberg sieht vor, gemeinn\u00fctzige Projekte zu entwickeln, die durch intelligente Planung, scharfe Kostenkalkulationen und kurze Bauphasen zu aussergew\u00f6hnlich g\u00fcnstigen Konditionen vermietet werden k\u00f6nnen. Die Pilotplanung des Vorhabens bietet 17 Wohnungen zwischen 50 und 90 Quadratmeter, welche in einem kompakten Solit\u00e4r am Fuss des Ardetzenbergs gefasst wurden.<\/p>\n<p>Der Bauk\u00f6rper ist an die n\u00f6rdliche Grundst\u00fccksgrenze gesetzt, um gegen S\u00fcden Raum f\u00fcr eine einladende Gartenanlage mit Kinderspielpl\u00e4tzen und Gem\u00fcsebeeten zu schaffen. Die Wohneinheiten gruppieren sich um einen zentralen Erschliessungstrakt, in welchem auch die Abstellfl\u00e4chen angelegt sind. Jedes Apartment verf\u00fcgt \u00fcber ein bis drei Schlafzimmer und einen grossz\u00fcgig konzipierten, offenen Wohn-Ess-Kochbereich mit direkter Verbindung zu einem privaten Aussenraum.<\/p>\n<p>Auf Unterkellerung, Tiefgarage und Lift wurde aus Kostengr\u00fcnden verzichtet, da nicht an der Qualit\u00e4t von Konstruktion oder Ausstattung gespart werden sollte. Das Niedrigenergiehaus ist in Hybridbauweise errichtet, um den massiven Kern legt sich eine Aussenh\u00fclle aus w\u00e4rmeged\u00e4mmten Multibox-Elementen, die mit Brettern verschalt wurden. Massive Diagonald\u00fcbeldecken bilden die horizontalen Raumabschl\u00fcsse und zeigen eine ansprechende Untersicht aus Fichtenlamellen, als Bodenbelag wurde Eichenparkett verlegt. |<\/p>\n<p>Hochwertige Materialien bestimmen auch die Gestaltung der gemeinschaftlichen Bereiche. Die kaskadenf\u00f6rmige Treppe l\u00e4uft durch einen lichtdurchfluteten Erschliessungsschacht, der von einer fein verputzten Schale umschlossen wird. Die Gangfl\u00e4chen sind mit schallabsorbierendem Teppich belegt, die Wohnungstu\u0308ren in ansprechenden Farben lackiert.<\/p>\n<p>Durch dieses Projekt konnte deutlich gemacht werden, dass qualit\u00e4tvolles Wohnen auch mit reduziertem Budget m\u00f6glich ist, wenn Planer klare Priorit\u00e4ten setzen, bei welchen Aspekten gespart werden kann, ohne das Wohlbefinden der Bewohner zu beeintr\u00e4chtigen.<\/p>\n","protected":false},"excerpt":{"rendered":"<p>Qualit\u00e4tvolles Wohnen mit reduziertem Budget. Das Sonderwohnbauprogramm des Landes Vorarlberg sieht vor, gemeinn\u00fctzige Projekte zu entwickeln, die durch intelligente Planung, scharfe Kostenkalkulationen und kurze Bauphasen zu aussergew\u00f6hnlich g\u00fcnstigen Konditionen vermietet werden k\u00f6nnen. Die Pilotplanung des Vorhabens bietet 17 Wohnungen zwischen 50 und 90 Quadratmeter, welche in einem kompakten Solit\u00e4r am Fuss des Ardetzenbergs gefasst wurden. [&hellip;]<\/p>\n","protected":false},"featured_media":37113,"template":"","tags":[231],"publik":[975],"projekt-art":[957],"projekt-land":[938],"projekt-status":[943],"projekt-kategorie":[929,919],"projektphase":[],"class_list":["post-26231","projekt","type-projekt","status-publish","has-post-thumbnail","hentry","tag-wohnanlage","publik-projektbeschreibung","projekt-art-neubau","projekt-land-oesterreich","projekt-status-fertiggestellt","projekt-kategorie-mehrfamilienhaus","projekt-kategorie-wohnen","projektkategorie-mehrfamilienhaus"],"acf":[],"_links":{"self":[{"href":"https:\/\/ip217-154-147-205.pbiaas.com\/v80\/de\/wp-json\/wp\/v2\/projekt\/26231","targetHints":{"allow":["GET"]}}],"collection":[{"href":"https:\/\/ip217-154-147-205.pbiaas.com\/v80\/de\/wp-json\/wp\/v2\/projekt"}],"about":[{"href":"https:\/\/ip217-154-147-205.pbiaas.com\/v80\/de\/wp-json\/wp\/v2\/types\/projekt"}],"wp:featuredmedia":[{"embeddable":true,"href":"https:\/\/ip217-154-147-205.pbiaas.com\/v80\/de\/wp-json\/wp\/v2\/media\/37113"}],"wp:attachment":[{"href":"https:\/\/ip217-154-147-205.pbiaas.com\/v80\/de\/wp-json\/wp\/v2\/media?parent=26231"}],"wp:term":[{"taxonomy":"post_tag","embeddable":true,"href":"https:\/\/ip217-154-147-205.pbiaas.com\/v80\/de\/wp-json\/wp\/v2\/tags?post=26231"},{"taxonomy":"publik","embeddable":true,"href":"https:\/\/ip217-154-147-205.pbiaas.com\/v80\/de\/wp-json\/wp\/v2\/publik?post=26231"},{"taxonomy":"projekt-art","embeddable":true,"href":"https:\/\/ip217-154-147-205.pbiaas.com\/v80\/de\/wp-json\/wp\/v2\/projekt-art?post=26231"},{"taxonomy":"projekt-land","embeddable":true,"href":"https:\/\/ip217-154-147-205.pbiaas.com\/v80\/de\/wp-json\/wp\/v2\/projekt-land?post=26231"},{"taxonomy":"projekt-status","embeddable":true,"href":"https:\/\/ip217-154-147-205.pbiaas.com\/v80\/de\/wp-json\/wp\/v2\/projekt-status?post=26231"},{"taxonomy":"projekt-kategorie","embeddable":true,"href":"https:\/\/ip217-154-147-205.pbiaas.com\/v80\/de\/wp-json\/wp\/v2\/projekt-kategorie?post=26231"},{"taxonomy":"projektphase","embeddable":true,"href":"https:\/\/ip217-154-147-205.pbiaas.com\/v80\/de\/wp-json\/wp\/v2\/projektphase?post=26231"}],"curies":[{"name":"wp","href":"https:\/\/api.w.org\/{rel}","templated":true}]}}

Heldenstraße, Feldkirch-Altenstadt

<p><strong>Qualitätvolles Wohnen mit reduziertem Budget.</strong></p>
<p>Das Sonderwohnbauprogramm des Landes Vorarlberg sieht vor, gemeinnützige Projekte zu entwickeln, die durch intelligente Planung, scharfe Kostenkalkulationen und kurze Bauphasen zu aussergewöhnlich günstigen Konditionen vermietet werden können. Die Pilotplanung des Vorhabens bietet 17 Wohnungen zwischen 50 und 90 Quadratmeter, welche in einem kompakten Solitär am Fuss des Ardetzenbergs gefasst wurden.</p>
<p>Der Baukörper ist an die nördliche Grundstücksgrenze gesetzt, um gegen Süden Raum für eine einladende Gartenanlage mit Kinderspielplätzen und Gemüsebeeten zu schaffen. Die Wohneinheiten gruppieren sich um einen zentralen Erschliessungstrakt, in welchem auch die Abstellflächen angelegt sind. Jedes Apartment verfügt über ein bis drei Schlafzimmer und einen grosszügig konzipierten, offenen Wohn-Ess-Kochbereich mit direkter Verbindung zu einem privaten Aussenraum.</p>
<p>Auf Unterkellerung, Tiefgarage und Lift wurde aus Kostengründen verzichtet, da nicht an der Qualität von Konstruktion oder Ausstattung gespart werden sollte. Das Niedrigenergiehaus ist in Hybridbauweise errichtet, um den massiven Kern legt sich eine Aussenhülle aus wärmegedämmten Multibox-Elementen, die mit Brettern verschalt wurden. Massive Diagonaldübeldecken bilden die horizontalen Raumabschlüsse und zeigen eine ansprechende Untersicht aus Fichtenlamellen, als Bodenbelag wurde Eichenparkett verlegt. |</p>
<p>Hochwertige Materialien bestimmen auch die Gestaltung der gemeinschaftlichen Bereiche. Die kaskadenförmige Treppe läuft durch einen lichtdurchfluteten Erschliessungsschacht, der von einer fein verputzten Schale umschlossen wird. Die Gangflächen sind mit schallabsorbierendem Teppich belegt, die Wohnungstüren in ansprechenden Farben lackiert.</p>
<p>Durch dieses Projekt konnte deutlich gemacht werden, dass qualitätvolles Wohnen auch mit reduziertem Budget möglich ist, wenn Planer klare Prioritäten setzen, bei welchen Aspekten gespart werden kann, ohne das Wohlbefinden der Bewohner zu beeinträchtigen.</p>

<p>Qualitätvolles Wohnen mit reduziertem Budget. Das Sonderwohnbauprogramm des Landes Vorarlberg sieht vor, gemeinnützige Projekte zu entwickeln, die durch intelligente Planung, scharfe Kostenkalkulationen und kurze Bauphasen zu aussergewöhnlich günstigen Konditionen vermietet werden können. Die Pilotplanung des Vorhabens bietet 17 Wohnungen zwischen 50 und 90 Quadratmeter, welche in einem kompakten Solitär am Fuss des Ardetzenbergs gefasst wurden. [&hellip;]</p>
