{"id":26240,"date":"2016-05-11T13:02:16","date_gmt":"2016-05-11T11:02:16","guid":{"rendered":"http:\/\/www.elmar-schmidinger.at\/hk5\/projekt\/natter-wohn-und-geschaeftshaus\/"},"modified":"2025-10-15T12:52:09","modified_gmt":"2025-10-15T10:52:09","slug":"natter-wohn-und-geschaeftshaus","status":"publish","type":"projekt","link":"https:\/\/ip217-154-147-205.pbiaas.com\/v80\/de\/projekt\/natter-wohn-und-geschaeftshaus\/","title":{"rendered":"Wohn- und Gesch\u00e4ftshaus Natter, Bezau"},"content":{"rendered":"<p><strong>Selbstbewusstes Ensemble im d\u00f6rflichen Kontext.<\/strong><\/p>\n<p>Die Kernzone der Gemeinde Bezau sollte ortsvertr\u00e4glich verdichtet werden. So wurde an der Dorfstra\u00dfe ein bestehendes Geb\u00e4ude abgetragen und durch ein kleines Ensemble aus drei Wohn- und Gesch\u00e4ftsh\u00e4usern ersetzt. Die differenzierte Anordnung der Bauk\u00f6rper schafft eine selbstverst\u00e4ndliche Durchl\u00e4ssigkeit in der Anlage und zu den Nachbarn im Quartier. Die Volumina sind so gesetzt und ausgerichtet, dass eine optimale Belichtung gew\u00e4hrleistet ist, direkte Einblicke jedoch vermieden werden.<\/p>\n<p>Die Bauten sind an die Grundst\u00fccksgrenzen ger\u00fcckt, um den Stra\u00dfenraum deutlich zu definieren und an der R\u00fcckseite einen begr\u00fcnten Freiraum zu schaffen. Von dort werden die Wohnbereiche erschlossen, w\u00e4hrend sich die Gesch\u00e4ftsfl\u00e4chen zur Stra\u00dfe hin orientieren.<\/p>\n<p>Im S\u00fcden bestehen \u00f6ffentliche Parkpl\u00e4tze unter einer leicht auskragenden Geb\u00e4udekante. Gegen Norden ist die Rampe zur Tiefgarage angelegt, welche mit den ausgedehnten Lager- und Technikr\u00e4umen das gesamte Areal unterkellert. Im Erdgeschoss konnte eine Mischnutzung aus Gewerbe und Wohnen umgesetzt werden, w\u00e4hrend die beiden dar\u00fcber liegenden Stockwerke jeweils zwei bis drei gro\u00dfz\u00fcgig konzipierte Apartments fassen, die sich durch tief eingeschnittene Loggien zu den Au\u00dfenr\u00e4umen im S\u00fcden und Westen \u00f6ffnen.<\/p>\n<p>Die gesamte Anlage wurde in Massivbauweise erstellt. Die Au\u00dfenhaut der Bauk\u00f6rper besteht jedoch aus vertikal verschalten L\u00e4rchenholzbrettern, die durch unregelm\u00e4\u00dfige gesetzte horizontale Blechstreifen geteilt werden und graphisch gestaltete Fl\u00e4chen bilden. Die Vorspr\u00fcnge der asymmetrischen Satteld\u00e4cher wurden zur Wetterseite bewusst gr\u00f6sser gew\u00e4hlt als an der R\u00fcckfront, entlang der Traufe knicken die Fassaden nach oben und bilden plastisch wirkende Vord\u00e4cher. |<\/p>\n<p>Die Geb\u00e4ude f\u00fcgen sich in den d\u00f6rflichen Kontext, indem sie K\u00f6rnung, Rhythmus und Textur ihrer Umgebung aufnehmen. Dennoch etablieren sie eine individuell gepr\u00e4gte Architektursprache, die sie als selbstbewusste zeitgen\u00f6ssische Exponenten der bregenzerw\u00e4lder Bautradition ausweist.<\/p>\n<p>&nbsp;<\/p>\n<p>&nbsp;<\/p>\n","protected":false},"excerpt":{"rendered":"<p>Selbstbewusstes Ensemble im d\u00f6rflichen Kontext. Die Kernzone der Gemeinde Bezau sollte ortsvertr\u00e4glich verdichtet werden. So wurde an der Dorfstra\u00dfe ein bestehendes Geb\u00e4ude abgetragen und durch ein kleines Ensemble aus drei Wohn- und Gesch\u00e4ftsh\u00e4usern ersetzt. Die differenzierte Anordnung der Bauk\u00f6rper schafft eine selbstverst\u00e4ndliche Durchl\u00e4ssigkeit in der Anlage und zu den Nachbarn im Quartier. Die Volumina sind [&hellip;]<\/p>\n","protected":false},"featured_media":52386,"template":"","tags":[139,163],"publik":[975],"projekt-art":[957],"projekt-land":[938],"projekt-status":[943],"projekt-kategorie":[929,919],"projektphase":[],"class_list":["post-26240","projekt","type-projekt","status-publish","has-post-thumbnail","hentry","tag-geschaeftshaus","tag-wohnhaus","publik-projektbeschreibung","projekt-art-neubau","projekt-land-oesterreich","projekt-status-fertiggestellt","projekt-kategorie-mehrfamilienhaus","projekt-kategorie-wohnen","projektkategorie-gewerbe-handel","projektkategorie-mehrfamilienhaus"],"acf":[],"_links":{"self":[{"href":"https:\/\/ip217-154-147-205.pbiaas.com\/v80\/de\/wp-json\/wp\/v2\/projekt\/26240","targetHints":{"allow":["GET"]}}],"collection":[{"href":"https:\/\/ip217-154-147-205.pbiaas.com\/v80\/de\/wp-json\/wp\/v2\/projekt"}],"about":[{"href":"https:\/\/ip217-154-147-205.pbiaas.com\/v80\/de\/wp-json\/wp\/v2\/types\/projekt"}],"wp:featuredmedia":[{"embeddable":true,"href":"https:\/\/ip217-154-147-205.pbiaas.com\/v80\/de\/wp-json\/wp\/v2\/media\/52386"}],"wp:attachment":[{"href":"https:\/\/ip217-154-147-205.pbiaas.com\/v80\/de\/wp-json\/wp\/v2\/media?parent=26240"}],"wp:term":[{"taxonomy":"post_tag","embeddable":true,"href":"https:\/\/ip217-154-147-205.pbiaas.com\/v80\/de\/wp-json\/wp\/v2\/tags?post=26240"},{"taxonomy":"publik","embeddable":true,"href":"https:\/\/ip217-154-147-205.pbiaas.com\/v80\/de\/wp-json\/wp\/v2\/publik?post=26240"},{"taxonomy":"projekt-art","embeddable":true,"href":"https:\/\/ip217-154-147-205.pbiaas.com\/v80\/de\/wp-json\/wp\/v2\/projekt-art?post=26240"},{"taxonomy":"projekt-land","embeddable":true,"href":"https:\/\/ip217-154-147-205.pbiaas.com\/v80\/de\/wp-json\/wp\/v2\/projekt-land?post=26240"},{"taxonomy":"projekt-status","embeddable":true,"href":"https:\/\/ip217-154-147-205.pbiaas.com\/v80\/de\/wp-json\/wp\/v2\/projekt-status?post=26240"},{"taxonomy":"projekt-kategorie","embeddable":true,"href":"https:\/\/ip217-154-147-205.pbiaas.com\/v80\/de\/wp-json\/wp\/v2\/projekt-kategorie?post=26240"},{"taxonomy":"projektphase","embeddable":true,"href":"https:\/\/ip217-154-147-205.pbiaas.com\/v80\/de\/wp-json\/wp\/v2\/projektphase?post=26240"}],"curies":[{"name":"wp","href":"https:\/\/api.w.org\/{rel}","templated":true}]}}

Wohn- und Geschäftshaus Natter, Bezau

<p><strong>Selbstbewusstes Ensemble im dörflichen Kontext.</strong></p>
<p>Die Kernzone der Gemeinde Bezau sollte ortsverträglich verdichtet werden. So wurde an der Dorfstraße ein bestehendes Gebäude abgetragen und durch ein kleines Ensemble aus drei Wohn- und Geschäftshäusern ersetzt. Die differenzierte Anordnung der Baukörper schafft eine selbstverständliche Durchlässigkeit in der Anlage und zu den Nachbarn im Quartier. Die Volumina sind so gesetzt und ausgerichtet, dass eine optimale Belichtung gewährleistet ist, direkte Einblicke jedoch vermieden werden.</p>
<p>Die Bauten sind an die Grundstücksgrenzen gerückt, um den Straßenraum deutlich zu definieren und an der Rückseite einen begrünten Freiraum zu schaffen. Von dort werden die Wohnbereiche erschlossen, während sich die Geschäftsflächen zur Straße hin orientieren.</p>
<p>Im Süden bestehen öffentliche Parkplätze unter einer leicht auskragenden Gebäudekante. Gegen Norden ist die Rampe zur Tiefgarage angelegt, welche mit den ausgedehnten Lager- und Technikräumen das gesamte Areal unterkellert. Im Erdgeschoss konnte eine Mischnutzung aus Gewerbe und Wohnen umgesetzt werden, während die beiden darüber liegenden Stockwerke jeweils zwei bis drei großzügig konzipierte Apartments fassen, die sich durch tief eingeschnittene Loggien zu den Außenräumen im Süden und Westen öffnen.</p>
<p>Die gesamte Anlage wurde in Massivbauweise erstellt. Die Außenhaut der Baukörper besteht jedoch aus vertikal verschalten Lärchenholzbrettern, die durch unregelmäßige gesetzte horizontale Blechstreifen geteilt werden und graphisch gestaltete Flächen bilden. Die Vorsprünge der asymmetrischen Satteldächer wurden zur Wetterseite bewusst grösser gewählt als an der Rückfront, entlang der Traufe knicken die Fassaden nach oben und bilden plastisch wirkende Vordächer. |</p>
<p>Die Gebäude fügen sich in den dörflichen Kontext, indem sie Körnung, Rhythmus und Textur ihrer Umgebung aufnehmen. Dennoch etablieren sie eine individuell geprägte Architektursprache, die sie als selbstbewusste zeitgenössische Exponenten der bregenzerwälder Bautradition ausweist.</p>
<p>&nbsp;</p>
<p>&nbsp;</p>

<p>Selbstbewusstes Ensemble im dörflichen Kontext. Die Kernzone der Gemeinde Bezau sollte ortsverträglich verdichtet werden. So wurde an der Dorfstraße ein bestehendes Gebäude abgetragen und durch ein kleines Ensemble aus drei Wohn- und Geschäftshäusern ersetzt. Die differenzierte Anordnung der Baukörper schafft eine selbstverständliche Durchlässigkeit in der Anlage und zu den Nachbarn im Quartier. Die Volumina sind [&hellip;]</p>
