{"id":28751,"date":"2016-11-18T10:29:32","date_gmt":"2016-11-18T09:29:32","guid":{"rendered":"http:\/\/www.elmar-schmidinger.at\/hk5\/?post_type=projekt&#038;p=28751"},"modified":"2025-07-28T17:18:06","modified_gmt":"2025-07-28T15:18:06","slug":"wettbewerb-dorfhus-duens","status":"publish","type":"projekt","link":"https:\/\/ip217-154-147-205.pbiaas.com\/v80\/de\/projekt\/wettbewerb-dorfhus-duens\/","title":{"rendered":"Dorfhus, D\u00fcns"},"content":{"rendered":"<p><strong>Ortsr\u00e4umliche Situation<\/strong><\/p>\n<p>Aus unserer Sicht kann sich der angedachte Dorfplatz am Besten im Bereich zwischen Kirche, Gemeindehaus und bestehendem Laden entwickeln. Die Bauk\u00f6rper\u00a0 sind einander zugewandt und vom angedachten Platzbereich von \u00fcberall gut wahrnehmbar. Die bestehende Bauk\u00f6rperkonfiguration erscheint stimmig und spiegelt sich so auch im neuen Entwurf wieder. Das neue Dorfhus, insbesondere die vielen kleinteiligen Funktionen wie das Cafe mit Au\u00dfenbereich, der Saal, die Infostelle und der Arzt \u2013 sozusagen \u201edas Kernhaus\u201c \u2013\u00a0 sollen sich alle zu diesem Platz hin orientieren.\u00a0 F\u00fcr den Platz soll auch der eigentliche Haupteingang der Kirche miteinbezogen werden, gleichzeitig wird der Platz aber an anderer Stelle bewusst in seiner Gr\u00f6\u00dfe und Ma\u00dfst\u00e4blichkeit beschr\u00e4nkt.<\/p>\n<p>W\u00e4hrend das \u201eKernhaus\u201c dem Platz zugewandt ist, soll der gro\u00dffl\u00e4chige Laden westlich in einem eigenen Geb\u00e4udefl\u00fcgel untergebracht werden. Dieser L\u00e4ngstrakt generiert durch stra\u00dfenr\u00e4umliche Verengung auch eine Torsituation, welche den westlichen Beginn des eigentlichen Dorfplatzes markiert. Hier sind auch eine offene Parkfl\u00e4che und die Anlieferung f\u00fcr den Laden situiert. Durch diese Zusammenlegung, wird der Bereich zur Stra\u00dfe unmittelbar vor dem Geb\u00e4ude besser f\u00fcr Fu\u00dfg\u00e4nger und Radfahrer nutzbar.<\/p>\n<p>Der Bauk\u00f6rper selbst orientiert sich bei der H\u00f6henentwicklung an der Nachbarbebauung. Um klar zum Ausdruck zu bringen, dass es sich um \u201eEin Dorfhus\u201c handelt,\u00a0 sind auch die Trauf- und Firsth\u00f6hen der beiden Geb\u00e4udeteile gleich ausgebildet. Auch die Sprache der Fassadengestaltung ist einheitlich.\u00a0 Dennoch wird das Geb\u00e4ude durch den Geb\u00e4udeversprung, sowie die aufgel\u00f6ste Fassade im Eingangsbereich des Ladens gegliedert.<br \/>\n~<\/p>\n<p><strong>Innere Organisation<\/strong><\/p>\n<p>Es hat sich gezeigt, dass der Bestand den vielf\u00e4ltigen Anforderungen des Auslobers platzm\u00e4\u00dfig und strukturell nicht Rechnung tragen kann. F\u00fcr einen Erhalt w\u00e4ren zu viele Kompromisse in Hinblick auf eine optimale Entwicklung des Dorfhus einzugehen. Deshalb, und auf Grund des eher geringen baukulturellen Bestandswerts, wird ein Neubau vorgeschlagen.<\/p>\n<p>Um den vielf\u00e4ltigen Anforderungen auf beengtem Raum zu begegnen ist die Erschlie\u00dfung sehr fl\u00e4cheneffizient organisiert. Dies schafft Raum f\u00fcr flexible Nutzungen und spart gleichzeitig Baukosten. Der kompakte und zentrale Erschlie\u00dfungskern verbindet alle Bereiche. \u00dcber den gro\u00dfen Aufzug k\u00f6nnen alle Lagerg\u00fcter und auch Fahhrr\u00e4der schnell und einfach in den Keller transportiert werden. Zur Entlastung des Treppenhauses w\u00e4hrend der Laden\u00f6ffnungszeiten ist unmittelbar anschlie\u00dfend ein direkter, gedeckter Eingang in den Laden vorgesehen.<\/p>\n<p>Der Entwurf bildet nahezu alle geforderten Kriterien in Hinblick auf die gew\u00fcnschte Nutzungsvielfalt im Erdgescho\u00df ab. Aus Erfahrung von abgeschlossenen und laufenden Projekten in Zusammenarbeit mit Gastronomieplanern, raten wir auf Grund der geringen Gr\u00f6\u00dfe des Projekts, jedoch dringend von der Verpachtung der Gastronomie an zwei P\u00e4chter ab. Ein wirtschaftlicher Betrieb des Ladens und der Gastronomie kann nur erreicht werden, wenn das Lokal in \u201eeiner Hand\u201c bleibt, so dass Ressourcen und Personal optimal eingesetzt werden k\u00f6nnen. Nichtsdestotrotz kann die Gastronomie im vorliegenden Entwurf f\u00fcr Veranstaltungen aller Art untervermietet werden, oder das Ladenpersonal betreut zus\u00e4tzliche G\u00e4ste einfach mit.<\/p>\n<p>\u201eHerzst\u00fcck\u201c dieses gesamtheitlichen Konzepts ist eine zusammenh\u00e4ngende Theke f\u00fcr alle Funktionsbereiche mit kurzen Wegen und gutem \u00dcberblick. Je nach Tageszeit oder Programm k\u00f6nnen hier eine oder mehrere Personen zusammenarbeiten. Die zentrale Position liegt am Schnittpunkt von Cafe bzw. B\u00fccherei und Laden. Ankommende Personen die zB den Saal f\u00fcr eine Feier gemietet haben, k\u00f6nnen an diesem zentralen Punkt durch das Personal empfangen werden. Auch der Infopoint samt Regal des Dreiklang ist hier situiert.\u00a0 Als R\u00fcckzugsraum steht das B\u00fcro mit Besprechungstisch zur Verf\u00fcgung.<\/p>\n<p>Cafe und Saal sind in einen Thekenbereich mit Bar und eine gro\u00dfe zusammenh\u00e4ngende Fl\u00e4che gegliedert. Im Regelbetrieb steht der ganze Raum offen zum Lesen und Speisen in Wohnzimmeratmosph\u00e4re. Die Fl\u00e4che kann durch mobile Trennw\u00e4nde fast beliebig gegliedert werden. Die Cafepl\u00e4tze samt Au\u00dfensitznische sind allesamt zum Dorfplatz hin orientiert. Sso kann das \u201eTreiben in D\u00fcns\u201c vom Cafe aus bestens beobachtet werden. Die Au\u00dfenpl\u00e4tze sind als kleines Stra\u00dfencafe mit Baum konzipiert. Bei Veranstaltungen kann der Au\u00dfenbereich nach M\u00f6glichkeit auch auf den Dorfplatz erweitert werden.<\/p>\n<p>W\u00e4hrend der Laden \u00fcber ein eigenes Lager verf\u00fcgt, sind alle anderen Lager- und Kellerfl\u00e4chen, sowie Sanit\u00e4ranlagen im Untergescho\u00df untergebracht. Die Bewohner der Wohnungen kommen mit dem Aufzug in den Keller. Im Keller ist eine T\u00fcre als Abtrennung zur Gastronomie in der Nacht vorgesehen. Diese ist zwar auch Fluchttreppe, aber alarmgesichert.<br \/>\nDie Lagerfl\u00e4che des Ladens ist aus platzgr\u00fcnden etwas kleiner, erscheint aber durch adaptiertes Anlieferungsmanagement machbar. Ein Lager f\u00fcr \u201eselten Ben\u00f6tigtes\u201c ist zus\u00e4tzlich im Keller vorgesehen.<\/p>\n<p>Die Arztpraxis im 1. Obergeschoss ist direkt am Treppenhaus angeordnet und auch zum Dorfplatz hin orientiert. Die beiden weiteren betreuten Wohnungen sind ebenfalls in diesem Gescho\u00df. Im 2. Obergescho\u00df wurde der steile Dachgiebel f\u00fcr r\u00e4umlich spannende Startwohnungen genutzt.<\/p>\n<p><strong>Konstruktion und Material<\/strong><\/p>\n<p>F\u00fcr die Umsetzung des Dorfhus wird ein konstruktiver Holzbau, aus tragenden Massivholzw\u00e4nden vorgeschlagen. Zus\u00e4tzlich gibt es eine D\u00e4mmung aus Holzwolle und eine vertikale s\u00e4gerauhe Fassade.<\/p>\n<p>Dies macht aus vielerlei Hinsicht Sinn. Diese Bauweise ist besonders \u00f6kologisch und nachhaltig. Zudem ist Holz in der Gemeinde gut verf\u00fcgbar, und die physiologische und atmosph\u00e4rische Qualit\u00e4t des Holzes passen aus unserer Sicht perfekt in das Dorfhus D\u00fcns. Bei dieser diffusionsoffenen Bauweise, mit hohem D\u00e4mm- und W\u00e4rmespeicherverm\u00f6gen, ist in der Projektausarbeitung zu pr\u00fcfen ob nicht auf eine kontrollierte Be- und Entl\u00fcftung f\u00fcr die Wohnungen verzichtet werden kann. Mit dem Anspruch nach mehr Handwerk und Low-Tech statt High-Tech, k\u00f6nnen hier sehr gute Ergebnisse hinsichtlich Energieeffizienz und Wohnkomfort erzielt werden.<\/p>\n<p>Die Fassadenstruktur, mit den breiten Brettern und den massiven sichtbaren Holzst\u00fctzen, bringen dieses \u201emassive bauen\u201c nochmals nach au\u00dfen zum Ausdruck und ist so nebenbei auch eine kleine Reminiszenz an das jetzige Haus.<\/p>\n<p>Die aufgel\u00f6sten Fassadenbereiche beim Ladeneingang und bei den Giebeln, gliedern einerseits den Bauk\u00f6rper, schaffen aber auch eine spannende Kombination aus gro\u00dffl\u00e4chiger Belichtung, bei gleichzeitiger Wahrung des naturnahen und fein strukturierten Charakters des gesamten Geb\u00e4udes.<\/p>\n","protected":false},"excerpt":{"rendered":"<p>Ortsr\u00e4umliche Situation Aus unserer Sicht kann sich der angedachte Dorfplatz am Besten im Bereich zwischen Kirche, Gemeindehaus und bestehendem Laden entwickeln. Die Bauk\u00f6rper\u00a0 sind einander zugewandt und vom angedachten Platzbereich von \u00fcberall gut wahrnehmbar. Die bestehende Bauk\u00f6rperkonfiguration erscheint stimmig und spiegelt sich so auch im neuen Entwurf wieder. Das neue Dorfhus, insbesondere die vielen kleinteiligen [&hellip;]<\/p>\n","protected":false},"featured_media":40009,"template":"","tags":[],"publik":[975],"projekt-art":[974,972],"projekt-land":[938],"projekt-status":[943],"projekt-kategorie":[920,949],"projektphase":[],"class_list":["post-28751","projekt","type-projekt","status-publish","has-post-thumbnail","hentry","publik-projektbeschreibung","projekt-art-preistraeger","projekt-art-wettbewerb","projekt-land-oesterreich","projekt-status-fertiggestellt","projekt-kategorie-arbeit","projekt-kategorie-buero","projektkategorie-wettbewerbe"],"acf":[],"_links":{"self":[{"href":"https:\/\/ip217-154-147-205.pbiaas.com\/v80\/de\/wp-json\/wp\/v2\/projekt\/28751","targetHints":{"allow":["GET"]}}],"collection":[{"href":"https:\/\/ip217-154-147-205.pbiaas.com\/v80\/de\/wp-json\/wp\/v2\/projekt"}],"about":[{"href":"https:\/\/ip217-154-147-205.pbiaas.com\/v80\/de\/wp-json\/wp\/v2\/types\/projekt"}],"wp:featuredmedia":[{"embeddable":true,"href":"https:\/\/ip217-154-147-205.pbiaas.com\/v80\/de\/wp-json\/wp\/v2\/media\/40009"}],"wp:attachment":[{"href":"https:\/\/ip217-154-147-205.pbiaas.com\/v80\/de\/wp-json\/wp\/v2\/media?parent=28751"}],"wp:term":[{"taxonomy":"post_tag","embeddable":true,"href":"https:\/\/ip217-154-147-205.pbiaas.com\/v80\/de\/wp-json\/wp\/v2\/tags?post=28751"},{"taxonomy":"publik","embeddable":true,"href":"https:\/\/ip217-154-147-205.pbiaas.com\/v80\/de\/wp-json\/wp\/v2\/publik?post=28751"},{"taxonomy":"projekt-art","embeddable":true,"href":"https:\/\/ip217-154-147-205.pbiaas.com\/v80\/de\/wp-json\/wp\/v2\/projekt-art?post=28751"},{"taxonomy":"projekt-land","embeddable":true,"href":"https:\/\/ip217-154-147-205.pbiaas.com\/v80\/de\/wp-json\/wp\/v2\/projekt-land?post=28751"},{"taxonomy":"projekt-status","embeddable":true,"href":"https:\/\/ip217-154-147-205.pbiaas.com\/v80\/de\/wp-json\/wp\/v2\/projekt-status?post=28751"},{"taxonomy":"projekt-kategorie","embeddable":true,"href":"https:\/\/ip217-154-147-205.pbiaas.com\/v80\/de\/wp-json\/wp\/v2\/projekt-kategorie?post=28751"},{"taxonomy":"projektphase","embeddable":true,"href":"https:\/\/ip217-154-147-205.pbiaas.com\/v80\/de\/wp-json\/wp\/v2\/projektphase?post=28751"}],"curies":[{"name":"wp","href":"https:\/\/api.w.org\/{rel}","templated":true}]}}

Dorfhus, Düns

<p><strong>Ortsräumliche Situation</strong></p>
<p>Aus unserer Sicht kann sich der angedachte Dorfplatz am Besten im Bereich zwischen Kirche, Gemeindehaus und bestehendem Laden entwickeln. Die Baukörper  sind einander zugewandt und vom angedachten Platzbereich von überall gut wahrnehmbar. Die bestehende Baukörperkonfiguration erscheint stimmig und spiegelt sich so auch im neuen Entwurf wieder. Das neue Dorfhus, insbesondere die vielen kleinteiligen Funktionen wie das Cafe mit Außenbereich, der Saal, die Infostelle und der Arzt – sozusagen „das Kernhaus“ –  sollen sich alle zu diesem Platz hin orientieren.  Für den Platz soll auch der eigentliche Haupteingang der Kirche miteinbezogen werden, gleichzeitig wird der Platz aber an anderer Stelle bewusst in seiner Größe und Maßstäblichkeit beschränkt.</p>
<p>Während das „Kernhaus“ dem Platz zugewandt ist, soll der großflächige Laden westlich in einem eigenen Gebäudeflügel untergebracht werden. Dieser Längstrakt generiert durch straßenräumliche Verengung auch eine Torsituation, welche den westlichen Beginn des eigentlichen Dorfplatzes markiert. Hier sind auch eine offene Parkfläche und die Anlieferung für den Laden situiert. Durch diese Zusammenlegung, wird der Bereich zur Straße unmittelbar vor dem Gebäude besser für Fußgänger und Radfahrer nutzbar.</p>
<p>Der Baukörper selbst orientiert sich bei der Höhenentwicklung an der Nachbarbebauung. Um klar zum Ausdruck zu bringen, dass es sich um „Ein Dorfhus“ handelt,  sind auch die Trauf- und Firsthöhen der beiden Gebäudeteile gleich ausgebildet. Auch die Sprache der Fassadengestaltung ist einheitlich.  Dennoch wird das Gebäude durch den Gebäudeversprung, sowie die aufgelöste Fassade im Eingangsbereich des Ladens gegliedert.<br />
~</p>
<p><strong>Innere Organisation</strong></p>
<p>Es hat sich gezeigt, dass der Bestand den vielfältigen Anforderungen des Auslobers platzmäßig und strukturell nicht Rechnung tragen kann. Für einen Erhalt wären zu viele Kompromisse in Hinblick auf eine optimale Entwicklung des Dorfhus einzugehen. Deshalb, und auf Grund des eher geringen baukulturellen Bestandswerts, wird ein Neubau vorgeschlagen.</p>
<p>Um den vielfältigen Anforderungen auf beengtem Raum zu begegnen ist die Erschließung sehr flächeneffizient organisiert. Dies schafft Raum für flexible Nutzungen und spart gleichzeitig Baukosten. Der kompakte und zentrale Erschließungskern verbindet alle Bereiche. Über den großen Aufzug können alle Lagergüter und auch Fahhrräder schnell und einfach in den Keller transportiert werden. Zur Entlastung des Treppenhauses während der Ladenöffnungszeiten ist unmittelbar anschließend ein direkter, gedeckter Eingang in den Laden vorgesehen.</p>
<p>Der Entwurf bildet nahezu alle geforderten Kriterien in Hinblick auf die gewünschte Nutzungsvielfalt im Erdgeschoß ab. Aus Erfahrung von abgeschlossenen und laufenden Projekten in Zusammenarbeit mit Gastronomieplanern, raten wir auf Grund der geringen Größe des Projekts, jedoch dringend von der Verpachtung der Gastronomie an zwei Pächter ab. Ein wirtschaftlicher Betrieb des Ladens und der Gastronomie kann nur erreicht werden, wenn das Lokal in „einer Hand“ bleibt, so dass Ressourcen und Personal optimal eingesetzt werden können. Nichtsdestotrotz kann die Gastronomie im vorliegenden Entwurf für Veranstaltungen aller Art untervermietet werden, oder das Ladenpersonal betreut zusätzliche Gäste einfach mit.</p>
<p>„Herzstück“ dieses gesamtheitlichen Konzepts ist eine zusammenhängende Theke für alle Funktionsbereiche mit kurzen Wegen und gutem Überblick. Je nach Tageszeit oder Programm können hier eine oder mehrere Personen zusammenarbeiten. Die zentrale Position liegt am Schnittpunkt von Cafe bzw. Bücherei und Laden. Ankommende Personen die zB den Saal für eine Feier gemietet haben, können an diesem zentralen Punkt durch das Personal empfangen werden. Auch der Infopoint samt Regal des Dreiklang ist hier situiert.  Als Rückzugsraum steht das Büro mit Besprechungstisch zur Verfügung.</p>
<p>Cafe und Saal sind in einen Thekenbereich mit Bar und eine große zusammenhängende Fläche gegliedert. Im Regelbetrieb steht der ganze Raum offen zum Lesen und Speisen in Wohnzimmeratmosphäre. Die Fläche kann durch mobile Trennwände fast beliebig gegliedert werden. Die Cafeplätze samt Außensitznische sind allesamt zum Dorfplatz hin orientiert. Sso kann das „Treiben in Düns“ vom Cafe aus bestens beobachtet werden. Die Außenplätze sind als kleines Straßencafe mit Baum konzipiert. Bei Veranstaltungen kann der Außenbereich nach Möglichkeit auch auf den Dorfplatz erweitert werden.</p>
<p>Während der Laden über ein eigenes Lager verfügt, sind alle anderen Lager- und Kellerflächen, sowie Sanitäranlagen im Untergeschoß untergebracht. Die Bewohner der Wohnungen kommen mit dem Aufzug in den Keller. Im Keller ist eine Türe als Abtrennung zur Gastronomie in der Nacht vorgesehen. Diese ist zwar auch Fluchttreppe, aber alarmgesichert.<br />
Die Lagerfläche des Ladens ist aus platzgründen etwas kleiner, erscheint aber durch adaptiertes Anlieferungsmanagement machbar. Ein Lager für „selten Benötigtes“ ist zusätzlich im Keller vorgesehen.</p>
<p>Die Arztpraxis im 1. Obergeschoss ist direkt am Treppenhaus angeordnet und auch zum Dorfplatz hin orientiert. Die beiden weiteren betreuten Wohnungen sind ebenfalls in diesem Geschoß. Im 2. Obergeschoß wurde der steile Dachgiebel für räumlich spannende Startwohnungen genutzt.</p>
<p><strong>Konstruktion und Material</strong></p>
<p>Für die Umsetzung des Dorfhus wird ein konstruktiver Holzbau, aus tragenden Massivholzwänden vorgeschlagen. Zusätzlich gibt es eine Dämmung aus Holzwolle und eine vertikale sägerauhe Fassade.</p>
<p>Dies macht aus vielerlei Hinsicht Sinn. Diese Bauweise ist besonders ökologisch und nachhaltig. Zudem ist Holz in der Gemeinde gut verfügbar, und die physiologische und atmosphärische Qualität des Holzes passen aus unserer Sicht perfekt in das Dorfhus Düns. Bei dieser diffusionsoffenen Bauweise, mit hohem Dämm- und Wärmespeichervermögen, ist in der Projektausarbeitung zu prüfen ob nicht auf eine kontrollierte Be- und Entlüftung für die Wohnungen verzichtet werden kann. Mit dem Anspruch nach mehr Handwerk und Low-Tech statt High-Tech, können hier sehr gute Ergebnisse hinsichtlich Energieeffizienz und Wohnkomfort erzielt werden.</p>
<p>Die Fassadenstruktur, mit den breiten Brettern und den massiven sichtbaren Holzstützen, bringen dieses „massive bauen“ nochmals nach außen zum Ausdruck und ist so nebenbei auch eine kleine Reminiszenz an das jetzige Haus.</p>
<p>Die aufgelösten Fassadenbereiche beim Ladeneingang und bei den Giebeln, gliedern einerseits den Baukörper, schaffen aber auch eine spannende Kombination aus großflächiger Belichtung, bei gleichzeitiger Wahrung des naturnahen und fein strukturierten Charakters des gesamten Gebäudes.</p>

<p>Ortsräumliche Situation Aus unserer Sicht kann sich der angedachte Dorfplatz am Besten im Bereich zwischen Kirche, Gemeindehaus und bestehendem Laden entwickeln. Die Baukörper  sind einander zugewandt und vom angedachten Platzbereich von überall gut wahrnehmbar. Die bestehende Baukörperkonfiguration erscheint stimmig und spiegelt sich so auch im neuen Entwurf wieder. Das neue Dorfhus, insbesondere die vielen kleinteiligen [&hellip;]</p>
