{"id":47643,"date":"2018-03-06T14:43:22","date_gmt":"2018-03-06T13:43:22","guid":{"rendered":"http:\/\/www.hermann-kaufmann.at\/?post_type=projekt&#038;p=47643"},"modified":"2025-10-20T08:44:35","modified_gmt":"2025-10-20T06:44:35","slug":"nuernbergkareal-ba-2-absam","status":"publish","type":"projekt","link":"https:\/\/www.hkarchitekten.at\/v80\/de\/projekt\/nuernbergkareal-ba-2-absam\/","title":{"rendered":"N\u00fcrnbergkareal BA 2, Absam"},"content":{"rendered":"<p><strong>Weiterbauen f\u00fcr ein gutes Miteinander.<\/strong><\/p>\n<p>Am Tag der Schl\u00fcssel\u00fcbergabe f\u00fcr die H\u00e4user des ersten Bauabschnittes wurde bereits der Spatenstich zur Erweiterung des Wohnprojektes begangen. Das bestehende Ensemble aus drei Bauk\u00f6rpern war mit Unterst\u00fctzung eines interdisziplin\u00e4ren Teams von Wissenschaftlern konzipiert worden und sollte nun gegen Osten durch zwei weitere Volumina erg\u00e4nzt werden. Da sich das Konzept einer sozialen Durchmischung bew\u00e4hrt hatte, wurden 26 Mieteinheiten, 19 subjektgef\u00f6rderten Eigentumswohnungen sowie vier freifinanzierten Apartments im Attikageschoss umgesetzt. Die vorhandene Tiefgarage konnte vergr\u00f6\u00dfert werden, um Pl\u00e4tze f\u00fcr die KFZ der neuen Nachbarn zu schaffen.<\/p>\n<p>Die beiden Objekte wurden in Hybridbauweise aus Holz und Beton errichtet. Die \u00e4u\u00dfere Geb\u00e4udehaut ist mit einer vertikalen L\u00e4rchenschalung belegt, w\u00e4hrend die W\u00e4nde zu den Loggien als verputzte W\u00e4rmed\u00e4mmverbundsysteme ausgef\u00fchrt sind. Wie die bestehenden Bauwerke, wurden auch die neuen Geb\u00e4ude im Passivhausstandard errichtet, mit einer kontrollierten L\u00fcftung zur W\u00e4rmer\u00fcckgewinnung ausgestattet und an die bestehende zentrale Heizanlage angeschlossen.<\/p>\n<h4>\u00bbDie Projektentwicklung dieser Wohnanlage war enorm anspruchsvoll, da ein von der Universit\u00e4t begleitetes Forschungsprojekt im finanziellen Korsett der Wohnbauf\u00f6rderung umgesetzt werden musste \u00ab.<\/h4>\n<h5>Gesch\u00e4ftsf\u00fchrer von Neue Heimat Tirol Hannes Gschwentner<\/h5>\n<p>Denn auch f\u00fcr die sp\u00e4ter fertiggestellten H\u00e4user bestand der Wunsch, ein gutes Miteinander der Wohngemeinschaft durch architektonische Ma\u00dfnahmen zu f\u00f6rdern. |Die gesamte Siedlung konnte verkehrsfrei geplant werden, ein zentraler Platz im gro\u00dfz\u00fcgig angelegten Gr\u00fcnraum l\u00e4dt zum Begegnen und Verweilen ein. In einem der Treppenh\u00e4user ist ein filigranes Kunstwerk installiert, das nicht nur die Kinder zum Staunen bringt, eine offene Hausbibliothek bietet sich als Ort des Austausches an und die gedeckte Dachterrasse im dritten Obergeschoss kann von allen Mietern genutzt werden, um Sonne und Aussicht zu genie\u00dfen.<\/p>\n","protected":false},"excerpt":{"rendered":"<p>Weiterbauen f\u00fcr ein gutes Miteinander. Am Tag der Schl\u00fcssel\u00fcbergabe f\u00fcr die H\u00e4user des ersten Bauabschnittes wurde bereits der Spatenstich zur Erweiterung des Wohnprojektes begangen. Das bestehende Ensemble aus drei Bauk\u00f6rpern war mit Unterst\u00fctzung eines interdisziplin\u00e4ren Teams von Wissenschaftlern konzipiert worden und sollte nun gegen Osten durch zwei weitere Volumina erg\u00e4nzt werden. Da sich das Konzept [&hellip;]<\/p>\n","protected":false},"featured_media":47752,"template":"","tags":[],"publik":[975],"projekt-art":[957],"projekt-land":[938],"projekt-status":[943],"projekt-kategorie":[929,919],"projektphase":[548],"class_list":["post-47643","projekt","type-projekt","status-publish","has-post-thumbnail","hentry","publik-projektbeschreibung","projekt-art-neubau","projekt-land-oesterreich","projekt-status-fertiggestellt","projekt-kategorie-mehrfamilienhaus","projekt-kategorie-wohnen","projektkategorie-mehrfamilienhaus","projektphase-nuernbergkareal"],"acf":[],"_links":{"self":[{"href":"https:\/\/www.hkarchitekten.at\/v80\/de\/wp-json\/wp\/v2\/projekt\/47643","targetHints":{"allow":["GET"]}}],"collection":[{"href":"https:\/\/www.hkarchitekten.at\/v80\/de\/wp-json\/wp\/v2\/projekt"}],"about":[{"href":"https:\/\/www.hkarchitekten.at\/v80\/de\/wp-json\/wp\/v2\/types\/projekt"}],"wp:featuredmedia":[{"embeddable":true,"href":"https:\/\/www.hkarchitekten.at\/v80\/de\/wp-json\/wp\/v2\/media\/47752"}],"wp:attachment":[{"href":"https:\/\/www.hkarchitekten.at\/v80\/de\/wp-json\/wp\/v2\/media?parent=47643"}],"wp:term":[{"taxonomy":"post_tag","embeddable":true,"href":"https:\/\/www.hkarchitekten.at\/v80\/de\/wp-json\/wp\/v2\/tags?post=47643"},{"taxonomy":"publik","embeddable":true,"href":"https:\/\/www.hkarchitekten.at\/v80\/de\/wp-json\/wp\/v2\/publik?post=47643"},{"taxonomy":"projekt-art","embeddable":true,"href":"https:\/\/www.hkarchitekten.at\/v80\/de\/wp-json\/wp\/v2\/projekt-art?post=47643"},{"taxonomy":"projekt-land","embeddable":true,"href":"https:\/\/www.hkarchitekten.at\/v80\/de\/wp-json\/wp\/v2\/projekt-land?post=47643"},{"taxonomy":"projekt-status","embeddable":true,"href":"https:\/\/www.hkarchitekten.at\/v80\/de\/wp-json\/wp\/v2\/projekt-status?post=47643"},{"taxonomy":"projekt-kategorie","embeddable":true,"href":"https:\/\/www.hkarchitekten.at\/v80\/de\/wp-json\/wp\/v2\/projekt-kategorie?post=47643"},{"taxonomy":"projektphase","embeddable":true,"href":"https:\/\/www.hkarchitekten.at\/v80\/de\/wp-json\/wp\/v2\/projektphase?post=47643"}],"curies":[{"name":"wp","href":"https:\/\/api.w.org\/{rel}","templated":true}]}}

Nürnbergkareal BA 2, Absam

<p><strong>Weiterbauen für ein gutes Miteinander.</strong></p>
<p>Am Tag der Schlüsselübergabe für die Häuser des ersten Bauabschnittes wurde bereits der Spatenstich zur Erweiterung des Wohnprojektes begangen. Das bestehende Ensemble aus drei Baukörpern war mit Unterstützung eines interdisziplinären Teams von Wissenschaftlern konzipiert worden und sollte nun gegen Osten durch zwei weitere Volumina ergänzt werden. Da sich das Konzept einer sozialen Durchmischung bewährt hatte, wurden 26 Mieteinheiten, 19 subjektgeförderten Eigentumswohnungen sowie vier freifinanzierten Apartments im Attikageschoss umgesetzt. Die vorhandene Tiefgarage konnte vergrößert werden, um Plätze für die KFZ der neuen Nachbarn zu schaffen.</p>
<p>Die beiden Objekte wurden in Hybridbauweise aus Holz und Beton errichtet. Die äußere Gebäudehaut ist mit einer vertikalen Lärchenschalung belegt, während die Wände zu den Loggien als verputzte Wärmedämmverbundsysteme ausgeführt sind. Wie die bestehenden Bauwerke, wurden auch die neuen Gebäude im Passivhausstandard errichtet, mit einer kontrollierten Lüftung zur Wärmerückgewinnung ausgestattet und an die bestehende zentrale Heizanlage angeschlossen.</p>
<h4>»Die Projektentwicklung dieser Wohnanlage war enorm anspruchsvoll, da ein von der Universität begleitetes Forschungsprojekt im finanziellen Korsett der Wohnbauförderung umgesetzt werden musste «.</h4>
<h5>Geschäftsführer von Neue Heimat Tirol Hannes Gschwentner</h5>
<p>Denn auch für die später fertiggestellten Häuser bestand der Wunsch, ein gutes Miteinander der Wohngemeinschaft durch architektonische Maßnahmen zu fördern. |Die gesamte Siedlung konnte verkehrsfrei geplant werden, ein zentraler Platz im großzügig angelegten Grünraum lädt zum Begegnen und Verweilen ein. In einem der Treppenhäuser ist ein filigranes Kunstwerk installiert, das nicht nur die Kinder zum Staunen bringt, eine offene Hausbibliothek bietet sich als Ort des Austausches an und die gedeckte Dachterrasse im dritten Obergeschoss kann von allen Mietern genutzt werden, um Sonne und Aussicht zu genießen.</p>

<p>Weiterbauen für ein gutes Miteinander. Am Tag der Schlüsselübergabe für die Häuser des ersten Bauabschnittes wurde bereits der Spatenstich zur Erweiterung des Wohnprojektes begangen. Das bestehende Ensemble aus drei Baukörpern war mit Unterstützung eines interdisziplinären Teams von Wissenschaftlern konzipiert worden und sollte nun gegen Osten durch zwei weitere Volumina ergänzt werden. Da sich das Konzept [&hellip;]</p>
