{"id":53937,"date":"2018-11-26T12:09:00","date_gmt":"2018-11-26T11:09:00","guid":{"rendered":"http:\/\/www.hkarchitekten.at\/?post_type=projekt&#038;p=53937"},"modified":"2025-07-28T17:18:53","modified_gmt":"2025-07-28T15:18:53","slug":"zentrale-der-vorarlberger-landesversicherung-bregenz","status":"publish","type":"projekt","link":"https:\/\/ip217-154-147-205.pbiaas.com\/v80\/de\/projekt\/zentrale-der-vorarlberger-landesversicherung-bregenz\/","title":{"rendered":"Vorarlberger Landesversicherung, Bregenz"},"content":{"rendered":"<p>An einer st\u00e4dtebaulich \u00e4u\u00dferst exponierten Lage in Bregenz ist ein Ersatzneubau der VLV geplant. Direkt gegen\u00fcber dem Bahnhof kommt der Neubau in einem Blockrand zu stehen und gliedert sich durch seine H\u00f6henentwicklung in diesen ein. &nbsp;Durch seine reichhaltigen Bez\u00fcge nimmt sich das Projekt zur\u00fcck und vermag sich gleichzeitig an der Ecklage zu behaupten.<\/p>\n<p>Die vier B\u00fcrogeschosse nutzen den zur Bahnhofstra\u00dfe einger\u00e4umten Mindestabstand aus und bilden \u2013 vom Bahnhof her kommend \u2013 einen markanten und einpr\u00e4gsamen Blickfang auf dem Weg zur Innenstadt. Das Projekt unterschreitet die H\u00f6he des Bestandesgeb\u00e4udes und verleiht dadurch dem sogenannten Welzenbacher-Haus wieder einen h\u00f6heren Stellenwert.<\/p>\n<p>Zur Bahnhofstra\u00dfe 39 hin wird jedoch in den obersten beiden Geschosse die Traufkante des Nachbargeb\u00e4udes aufgenommen. Der einger\u00e4umte Mindestabstand wird nicht vollst\u00e4ndig in allen Geschossen ausgenutzt, da sich der Neubau zwar die Ecke markieren, sich allerdings auch in den Blockrand eingliedern und nicht mehr als notwendig hervortreten soll.<\/p>\n<p>Die Holz-Beton-Verbunddecken erm\u00f6glichen zus\u00e4tzliche Raumh\u00f6he und k\u00f6nnen je nach Bedarf akustisch wirksam und als K\u00fchl,- bzw. Heizdecke ausgebildet werden. Das System ist auf kurze Spannweiten ausgelegt um effizient und wirtschaftlich umgesetzt zu werden.<\/p>\n<p>Die bestehende Durchwegung des Hofes bleibt erhalten: eine Ausweitung auf den gesamten Innenhof ist nach Kl\u00e4rung der rechtlichen Grundlagen m\u00f6glich.<\/p>\n","protected":false},"excerpt":{"rendered":"<p>An einer st\u00e4dtebaulich \u00e4u\u00dferst exponierten Lage in Bregenz ist ein Ersatzneubau der VLV geplant. Direkt gegen\u00fcber dem Bahnhof kommt der Neubau in einem Blockrand zu stehen und gliedert sich durch seine H\u00f6henentwicklung in diesen ein. &nbsp;Durch seine reichhaltigen Bez\u00fcge nimmt sich das Projekt zur\u00fcck und vermag sich gleichzeitig an der Ecklage zu behaupten. Die vier [&hellip;]<\/p>\n","protected":false},"featured_media":53989,"template":"","tags":[],"publik":[975],"projekt-art":[974,972],"projekt-land":[938],"projekt-status":[943],"projekt-kategorie":[920,949],"projektphase":[],"class_list":["post-53937","projekt","type-projekt","status-publish","has-post-thumbnail","hentry","publik-projektbeschreibung","projekt-art-preistraeger","projekt-art-wettbewerb","projekt-land-oesterreich","projekt-status-fertiggestellt","projekt-kategorie-arbeit","projekt-kategorie-buero","projektkategorie-wettbewerbe"],"acf":[],"_links":{"self":[{"href":"https:\/\/ip217-154-147-205.pbiaas.com\/v80\/de\/wp-json\/wp\/v2\/projekt\/53937","targetHints":{"allow":["GET"]}}],"collection":[{"href":"https:\/\/ip217-154-147-205.pbiaas.com\/v80\/de\/wp-json\/wp\/v2\/projekt"}],"about":[{"href":"https:\/\/ip217-154-147-205.pbiaas.com\/v80\/de\/wp-json\/wp\/v2\/types\/projekt"}],"wp:featuredmedia":[{"embeddable":true,"href":"https:\/\/ip217-154-147-205.pbiaas.com\/v80\/de\/wp-json\/wp\/v2\/media\/53989"}],"wp:attachment":[{"href":"https:\/\/ip217-154-147-205.pbiaas.com\/v80\/de\/wp-json\/wp\/v2\/media?parent=53937"}],"wp:term":[{"taxonomy":"post_tag","embeddable":true,"href":"https:\/\/ip217-154-147-205.pbiaas.com\/v80\/de\/wp-json\/wp\/v2\/tags?post=53937"},{"taxonomy":"publik","embeddable":true,"href":"https:\/\/ip217-154-147-205.pbiaas.com\/v80\/de\/wp-json\/wp\/v2\/publik?post=53937"},{"taxonomy":"projekt-art","embeddable":true,"href":"https:\/\/ip217-154-147-205.pbiaas.com\/v80\/de\/wp-json\/wp\/v2\/projekt-art?post=53937"},{"taxonomy":"projekt-land","embeddable":true,"href":"https:\/\/ip217-154-147-205.pbiaas.com\/v80\/de\/wp-json\/wp\/v2\/projekt-land?post=53937"},{"taxonomy":"projekt-status","embeddable":true,"href":"https:\/\/ip217-154-147-205.pbiaas.com\/v80\/de\/wp-json\/wp\/v2\/projekt-status?post=53937"},{"taxonomy":"projekt-kategorie","embeddable":true,"href":"https:\/\/ip217-154-147-205.pbiaas.com\/v80\/de\/wp-json\/wp\/v2\/projekt-kategorie?post=53937"},{"taxonomy":"projektphase","embeddable":true,"href":"https:\/\/ip217-154-147-205.pbiaas.com\/v80\/de\/wp-json\/wp\/v2\/projektphase?post=53937"}],"curies":[{"name":"wp","href":"https:\/\/api.w.org\/{rel}","templated":true}]}}

<p>An einer städtebaulich äußerst exponierten Lage in Bregenz ist ein Ersatzneubau der VLV geplant. Direkt gegenüber dem Bahnhof kommt der Neubau in einem Blockrand zu stehen und gliedert sich durch seine Höhenentwicklung in diesen ein. &nbsp;Durch seine reichhaltigen Bezüge nimmt sich das Projekt zurück und vermag sich gleichzeitig an der Ecklage zu behaupten.</p>
<p>Die vier Bürogeschosse nutzen den zur Bahnhofstraße eingeräumten Mindestabstand aus und bilden – vom Bahnhof her kommend – einen markanten und einprägsamen Blickfang auf dem Weg zur Innenstadt. Das Projekt unterschreitet die Höhe des Bestandesgebäudes und verleiht dadurch dem sogenannten Welzenbacher-Haus wieder einen höheren Stellenwert.</p>
<p>Zur Bahnhofstraße 39 hin wird jedoch in den obersten beiden Geschosse die Traufkante des Nachbargebäudes aufgenommen. Der eingeräumte Mindestabstand wird nicht vollständig in allen Geschossen ausgenutzt, da sich der Neubau zwar die Ecke markieren, sich allerdings auch in den Blockrand eingliedern und nicht mehr als notwendig hervortreten soll.</p>
<p>Die Holz-Beton-Verbunddecken ermöglichen zusätzliche Raumhöhe und können je nach Bedarf akustisch wirksam und als Kühl,- bzw. Heizdecke ausgebildet werden. Das System ist auf kurze Spannweiten ausgelegt um effizient und wirtschaftlich umgesetzt zu werden.</p>
<p>Die bestehende Durchwegung des Hofes bleibt erhalten: eine Ausweitung auf den gesamten Innenhof ist nach Klärung der rechtlichen Grundlagen möglich.</p>

<p>An einer städtebaulich äußerst exponierten Lage in Bregenz ist ein Ersatzneubau der VLV geplant. Direkt gegenüber dem Bahnhof kommt der Neubau in einem Blockrand zu stehen und gliedert sich durch seine Höhenentwicklung in diesen ein. &nbsp;Durch seine reichhaltigen Bezüge nimmt sich das Projekt zurück und vermag sich gleichzeitig an der Ecklage zu behaupten. Die vier [&hellip;]</p>
