{"id":53948,"date":"2018-11-28T09:19:48","date_gmt":"2018-11-28T08:19:48","guid":{"rendered":"http:\/\/www.hkarchitekten.at\/?post_type=projekt&#038;p=53948"},"modified":"2025-07-28T17:18:55","modified_gmt":"2025-07-28T15:18:55","slug":"ersatzbau-landratsamt-miesbach","status":"publish","type":"projekt","link":"https:\/\/ip217-154-147-205.pbiaas.com\/v80\/de\/projekt\/ersatzbau-landratsamt-miesbach\/","title":{"rendered":"Landratsamt, Miesbach"},"content":{"rendered":"<p>Das Verwaltungszentrum von Miesbach, Oberbayern, soll erneuert und erweitert werden. Neben einem neuen Sitz f\u00fcr das Landratsamt sind ein Konferenzzentrum sowie ein Wohngeb\u00e4ude mit Tiefgarage vorgesehen. In einem Wettbewerb suchte die Kreisstadt des gleichnamigen Landkreises ein passendes Projekt f\u00fcr dieses Vorhaben.<\/p>\n<p>Die bestehende Bepflanzung diente als Leitmotiv: Das viergeschossige Landratsgeb\u00e4ude l\u00e4sst mit geschwungenen Ausbuchtungen Platz f\u00fcr eine markante Buche im S\u00fcden und einen neuen Baum im Norden. Der doppelte Einzug im Grundriss markiert den Haupteingang und erleichtert die Orientierung: gegen Osten liegt der kleinere Bereich mit einem zentralen Servicekern und Konferenzr\u00e4ume entlang der Fassaden. Im Westen ist Platz f\u00fcr einen Innenhof, der die B\u00fcros zus\u00e4tzlich belichtet.<\/p>\n<p>Die Au\u00dfenw\u00e4nde sind als Holzelemente mit einer gestrichenen Holzfassade konzipiert, gegen innen sind sie mit einem Holzt\u00e4fer beplankt. Die Decken sind als hybride Konstruktion aus Holz und Beton vorgesehen. Die weitgehend verglaste Fassade bietet vielf\u00e4ltige Ausblicke in die Umgebung.<\/p>\n<p>Das Wohnhaus ist als dreigeschossiges Geb\u00e4ude an der M\u00fcnchner Stra\u00dfe ausgerichtet. Es verf\u00fcgt \u00fcber ein innen liegendes Treppenhaus mit einem Lichthof. Am neuen Platz ist im Erdgeschoss eine gewerbliche Nutzung vorgesehen.<\/p>\n","protected":false},"excerpt":{"rendered":"<p>Das Verwaltungszentrum von Miesbach, Oberbayern, soll erneuert und erweitert werden. Neben einem neuen Sitz f\u00fcr das Landratsamt sind ein Konferenzzentrum sowie ein Wohngeb\u00e4ude mit Tiefgarage vorgesehen. In einem Wettbewerb suchte die Kreisstadt des gleichnamigen Landkreises ein passendes Projekt f\u00fcr dieses Vorhaben. Die bestehende Bepflanzung diente als Leitmotiv: Das viergeschossige Landratsgeb\u00e4ude l\u00e4sst mit geschwungenen Ausbuchtungen Platz [&hellip;]<\/p>\n","protected":false},"featured_media":54017,"template":"","tags":[],"publik":[975],"projekt-art":[974,972],"projekt-land":[939],"projekt-status":[943],"projekt-kategorie":[1058],"projektphase":[],"class_list":["post-53948","projekt","type-projekt","status-publish","has-post-thumbnail","hentry","publik-projektbeschreibung","projekt-art-preistraeger","projekt-art-wettbewerb","projekt-land-deutschland","projekt-status-fertiggestellt","projekt-kategorie-verwaltung-2","projektkategorie-wettbewerbe"],"acf":[],"_links":{"self":[{"href":"https:\/\/ip217-154-147-205.pbiaas.com\/v80\/de\/wp-json\/wp\/v2\/projekt\/53948","targetHints":{"allow":["GET"]}}],"collection":[{"href":"https:\/\/ip217-154-147-205.pbiaas.com\/v80\/de\/wp-json\/wp\/v2\/projekt"}],"about":[{"href":"https:\/\/ip217-154-147-205.pbiaas.com\/v80\/de\/wp-json\/wp\/v2\/types\/projekt"}],"wp:featuredmedia":[{"embeddable":true,"href":"https:\/\/ip217-154-147-205.pbiaas.com\/v80\/de\/wp-json\/wp\/v2\/media\/54017"}],"wp:attachment":[{"href":"https:\/\/ip217-154-147-205.pbiaas.com\/v80\/de\/wp-json\/wp\/v2\/media?parent=53948"}],"wp:term":[{"taxonomy":"post_tag","embeddable":true,"href":"https:\/\/ip217-154-147-205.pbiaas.com\/v80\/de\/wp-json\/wp\/v2\/tags?post=53948"},{"taxonomy":"publik","embeddable":true,"href":"https:\/\/ip217-154-147-205.pbiaas.com\/v80\/de\/wp-json\/wp\/v2\/publik?post=53948"},{"taxonomy":"projekt-art","embeddable":true,"href":"https:\/\/ip217-154-147-205.pbiaas.com\/v80\/de\/wp-json\/wp\/v2\/projekt-art?post=53948"},{"taxonomy":"projekt-land","embeddable":true,"href":"https:\/\/ip217-154-147-205.pbiaas.com\/v80\/de\/wp-json\/wp\/v2\/projekt-land?post=53948"},{"taxonomy":"projekt-status","embeddable":true,"href":"https:\/\/ip217-154-147-205.pbiaas.com\/v80\/de\/wp-json\/wp\/v2\/projekt-status?post=53948"},{"taxonomy":"projekt-kategorie","embeddable":true,"href":"https:\/\/ip217-154-147-205.pbiaas.com\/v80\/de\/wp-json\/wp\/v2\/projekt-kategorie?post=53948"},{"taxonomy":"projektphase","embeddable":true,"href":"https:\/\/ip217-154-147-205.pbiaas.com\/v80\/de\/wp-json\/wp\/v2\/projektphase?post=53948"}],"curies":[{"name":"wp","href":"https:\/\/api.w.org\/{rel}","templated":true}]}}

<p>Das Verwaltungszentrum von Miesbach, Oberbayern, soll erneuert und erweitert werden. Neben einem neuen Sitz für das Landratsamt sind ein Konferenzzentrum sowie ein Wohngebäude mit Tiefgarage vorgesehen. In einem Wettbewerb suchte die Kreisstadt des gleichnamigen Landkreises ein passendes Projekt für dieses Vorhaben.</p>
<p>Die bestehende Bepflanzung diente als Leitmotiv: Das viergeschossige Landratsgebäude lässt mit geschwungenen Ausbuchtungen Platz für eine markante Buche im Süden und einen neuen Baum im Norden. Der doppelte Einzug im Grundriss markiert den Haupteingang und erleichtert die Orientierung: gegen Osten liegt der kleinere Bereich mit einem zentralen Servicekern und Konferenzräume entlang der Fassaden. Im Westen ist Platz für einen Innenhof, der die Büros zusätzlich belichtet.</p>
<p>Die Außenwände sind als Holzelemente mit einer gestrichenen Holzfassade konzipiert, gegen innen sind sie mit einem Holztäfer beplankt. Die Decken sind als hybride Konstruktion aus Holz und Beton vorgesehen. Die weitgehend verglaste Fassade bietet vielfältige Ausblicke in die Umgebung.</p>
<p>Das Wohnhaus ist als dreigeschossiges Gebäude an der Münchner Straße ausgerichtet. Es verfügt über ein innen liegendes Treppenhaus mit einem Lichthof. Am neuen Platz ist im Erdgeschoss eine gewerbliche Nutzung vorgesehen.</p>

<p>Das Verwaltungszentrum von Miesbach, Oberbayern, soll erneuert und erweitert werden. Neben einem neuen Sitz für das Landratsamt sind ein Konferenzzentrum sowie ein Wohngebäude mit Tiefgarage vorgesehen. In einem Wettbewerb suchte die Kreisstadt des gleichnamigen Landkreises ein passendes Projekt für dieses Vorhaben. Die bestehende Bepflanzung diente als Leitmotiv: Das viergeschossige Landratsgebäude lässt mit geschwungenen Ausbuchtungen Platz [&hellip;]</p>
