{"id":54241,"date":"2018-12-12T10:59:21","date_gmt":"2018-12-12T09:59:21","guid":{"rendered":"http:\/\/www.hkarchitekten.at\/?post_type=projekt&#038;p=54241"},"modified":"2025-10-15T12:49:30","modified_gmt":"2025-10-15T10:49:30","slug":"mayer-weiler","status":"publish","type":"projekt","link":"https:\/\/ip217-154-147-205.pbiaas.com\/v80\/de\/projekt\/mayer-weiler\/","title":{"rendered":"Mayer, Weiler"},"content":{"rendered":"<p><strong>Klare Kante im Obstgarten.<\/strong><\/p>\n<p>Der Blick schweift \u00fcber den historischen Dorfkern von Weiler in die Weite des Rheintals bis zum Bergmassiv des Alpsteins. Das Haus im Bongert sitzt in einem weich abfallenden, zur Nachmittagssonne orientierten Hang, das Untergeschoss aus Sichtbeton kann als Einfaltung der B\u00f6schungsmauer gelesen werden. Die erdber\u00fchrten W\u00e4nde der dar\u00fcber liegenden Schlaf- und Badezimmer sind ebenfalls massiv ausgef\u00fchrt, entschlossen greift die terrassierte Baustruktur in das geneigte Gel\u00e4nde. Das oberste Stockwerk ist in leichter Holzbauweise gefertigt, ein eben angelegter Garten fasst seine licht und offen konzipierten Wohnr\u00e4ume. Im Inneren bekleiden T\u00e4fer aus hell schimmernder Wei\u00dftanne W\u00e4nde und Decken, w\u00e4hrend die Au\u00dfenhaut durch fein strukturierte Schindeln mit zur\u00fcckgesetzten Fl\u00e4chen aus glatter Vertikalschalung gef\u00fcgt ist.<\/p>\n","protected":false},"excerpt":{"rendered":"<p>Klare Kante im Obstgarten. Der Blick schweift \u00fcber den historischen Dorfkern von Weiler in die Weite des Rheintals bis zum Bergmassiv des Alpsteins. Das Haus im Bongert sitzt in einem weich abfallenden, zur Nachmittagssonne orientierten Hang, das Untergeschoss aus Sichtbeton kann als Einfaltung der B\u00f6schungsmauer gelesen werden. Die erdber\u00fchrten W\u00e4nde der dar\u00fcber liegenden Schlaf- und [&hellip;]<\/p>\n","protected":false},"featured_media":64113,"template":"","tags":[],"publik":[975],"projekt-art":[957],"projekt-land":[938],"projekt-status":[943],"projekt-kategorie":[930,919],"projektphase":[],"class_list":["post-54241","projekt","type-projekt","status-publish","has-post-thumbnail","hentry","publik-projektbeschreibung","projekt-art-neubau","projekt-land-oesterreich","projekt-status-fertiggestellt","projekt-kategorie-einfamilienhaus","projekt-kategorie-wohnen","projektkategorie-einfamilienhaus"],"acf":[],"_links":{"self":[{"href":"https:\/\/ip217-154-147-205.pbiaas.com\/v80\/de\/wp-json\/wp\/v2\/projekt\/54241","targetHints":{"allow":["GET"]}}],"collection":[{"href":"https:\/\/ip217-154-147-205.pbiaas.com\/v80\/de\/wp-json\/wp\/v2\/projekt"}],"about":[{"href":"https:\/\/ip217-154-147-205.pbiaas.com\/v80\/de\/wp-json\/wp\/v2\/types\/projekt"}],"wp:featuredmedia":[{"embeddable":true,"href":"https:\/\/ip217-154-147-205.pbiaas.com\/v80\/de\/wp-json\/wp\/v2\/media\/64113"}],"wp:attachment":[{"href":"https:\/\/ip217-154-147-205.pbiaas.com\/v80\/de\/wp-json\/wp\/v2\/media?parent=54241"}],"wp:term":[{"taxonomy":"post_tag","embeddable":true,"href":"https:\/\/ip217-154-147-205.pbiaas.com\/v80\/de\/wp-json\/wp\/v2\/tags?post=54241"},{"taxonomy":"publik","embeddable":true,"href":"https:\/\/ip217-154-147-205.pbiaas.com\/v80\/de\/wp-json\/wp\/v2\/publik?post=54241"},{"taxonomy":"projekt-art","embeddable":true,"href":"https:\/\/ip217-154-147-205.pbiaas.com\/v80\/de\/wp-json\/wp\/v2\/projekt-art?post=54241"},{"taxonomy":"projekt-land","embeddable":true,"href":"https:\/\/ip217-154-147-205.pbiaas.com\/v80\/de\/wp-json\/wp\/v2\/projekt-land?post=54241"},{"taxonomy":"projekt-status","embeddable":true,"href":"https:\/\/ip217-154-147-205.pbiaas.com\/v80\/de\/wp-json\/wp\/v2\/projekt-status?post=54241"},{"taxonomy":"projekt-kategorie","embeddable":true,"href":"https:\/\/ip217-154-147-205.pbiaas.com\/v80\/de\/wp-json\/wp\/v2\/projekt-kategorie?post=54241"},{"taxonomy":"projektphase","embeddable":true,"href":"https:\/\/ip217-154-147-205.pbiaas.com\/v80\/de\/wp-json\/wp\/v2\/projektphase?post=54241"}],"curies":[{"name":"wp","href":"https:\/\/api.w.org\/{rel}","templated":true}]}}

<p><strong>Klare Kante im Obstgarten.</strong></p>
<p>Der Blick schweift über den historischen Dorfkern von Weiler in die Weite des Rheintals bis zum Bergmassiv des Alpsteins. Das Haus im Bongert sitzt in einem weich abfallenden, zur Nachmittagssonne orientierten Hang, das Untergeschoss aus Sichtbeton kann als Einfaltung der Böschungsmauer gelesen werden. Die erdberührten Wände der darüber liegenden Schlaf- und Badezimmer sind ebenfalls massiv ausgeführt, entschlossen greift die terrassierte Baustruktur in das geneigte Gelände. Das oberste Stockwerk ist in leichter Holzbauweise gefertigt, ein eben angelegter Garten fasst seine licht und offen konzipierten Wohnräume. Im Inneren bekleiden Täfer aus hell schimmernder Weißtanne Wände und Decken, während die Außenhaut durch fein strukturierte Schindeln mit zurückgesetzten Flächen aus glatter Vertikalschalung gefügt ist.</p>

<p>Klare Kante im Obstgarten. Der Blick schweift über den historischen Dorfkern von Weiler in die Weite des Rheintals bis zum Bergmassiv des Alpsteins. Das Haus im Bongert sitzt in einem weich abfallenden, zur Nachmittagssonne orientierten Hang, das Untergeschoss aus Sichtbeton kann als Einfaltung der Böschungsmauer gelesen werden. Die erdberührten Wände der darüber liegenden Schlaf- und [&hellip;]</p>
