{"id":59475,"date":"2020-03-27T10:54:52","date_gmt":"2020-03-27T09:54:52","guid":{"rendered":"https:\/\/www.hkarchitekten.at\/?post_type=projekt&#038;p=59475"},"modified":"2026-01-22T11:10:01","modified_gmt":"2026-01-22T10:10:01","slug":"pflegeheim-jesuheim-lochau","status":"publish","type":"projekt","link":"https:\/\/www.hkarchitekten.at\/v80\/de\/projekt\/pflegeheim-jesuheim-lochau\/","title":{"rendered":"Pflegeheim Jesuheim, Lochau"},"content":{"rendered":"\n<p><strong>Zuhause in Ruhe und Geborgenheit.<\/strong><\/p>\n\n\n\n<p>Der Wunsch nach einem selbstbestimmten Lebensabend birgt die Sehnsucht, in W\u00fcrde und Gelassenheit alt zu werden. Die Kunst besteht darin, ein Gleichgewicht zwischen dem notwendigen Ma\u00df an Unterst\u00fctzung und dem Erhalt der Autonomie zu finden. Eine wesentliche Grundlage f\u00fcr diese Prozesse bildet die Qualit\u00e4t der umgebenden Architektur. Es gilt R\u00e4ume zu schaffen, die nicht nur Funktionen erf\u00fcllen, sondern das t\u00e4gliche Leben mit klaren Strukturen, inspirierenden Gestaltungskonzepten, sowie einem hohen Ma\u00df an Orientierung und Geborgenheit unterst\u00fctzen und bereichern.<\/p>\n\n\n\n<p>Der logistisch anspruchsvolle Um- und Neubau des Pflegezentrums Jesuheim erz\u00e4hlt vom Gelingen dieser komplexen Anforderungen. Das baugeschichtlich interessante Ensemble gewinnt seinen besonderen Charakter durch die einzigartige Lage hoch \u00fcber der Gemeinde Lochau, die den betagten Bewohnern weite Ausblicke \u00fcber den Bodensee bis hin zu den Appenzeller Alpen er\u00f6ffnet.<\/p>\n\n\n\n<p>Das traditionsreiche Haus der Barmherzigen Schwestern Zams wurde von 2020 bis 2024 umfassend modernisiert und teilweise neu gebaut. Dabei lag der strategische Fokus auf der F\u00f6rderung eines selbstbestimmten Alltags der Heimbewohner sowie der Anpassung der Ausstattung an moderne Pflegestandards. Der Einsatz ressourcenschonender Baumaterialien und die pr\u00e4zise durchdachte Planung setzten Ma\u00dfst\u00e4be in Bezug auf Nachhaltigkeit, Prozessoptimierung und Effizienz, wobei die Bauarbeiten bei laufendem Vollbetrieb das Planungsteam vor besondere Herausforderungen stellten. Ein zentrales Element des Projekts bildete die innovative Holzmodulbauweise, die gemeinsam mit der Zimmerei Kaufmann aus dem Bregenzerwald entwickelt und umgesetzt wurde.~<\/p>\n\n\n\n<p>Das nach S\u00fcden orientierte Haus Pf\u00e4nder aus den 1980er Jahren sollte durch einen zeitgem\u00e4\u00dfen Neubau ersetzt werden. Zu diesem Zweck wurden 44 Holzmodule vorgefertigt, die zun\u00e4chst ein tempor\u00e4res Ersatzgeb\u00e4ude auf Punktfundamenten bildeten. Dort boten 36 Pflegezimmer mit barrierefreien B\u00e4dern den Bewohnern w\u00e4hrend der Bauzeit ein komfortables Zuhause. Nach der Fertigstellung des Sockelgeb\u00e4udes in Mischbauweise wurden die Module schlie\u00dflich als 2. und 3. Obergescho\u00df auf das neue Haus gesetzt, wodurch Raum f\u00fcr insgesamt 72 Senioren geschaffen werden konnte. Diese nachhaltige und effiziente L\u00f6sung \u00fcberzeugte \u00f6kologisch wie \u00f6konomisch, auch dank der nat\u00fcrlichen Eigenschaften von Holz als CO\u2082-Speicher.<\/p>\n\n\n\n<p>Heute pr\u00e4sentiert sich der Wohntrakt als zeitgem\u00e4\u00dfer Bau mit fein austarierten Proportionen und klarer Linienf\u00fchrung, der sich respektvoll und doch selbstbewusst in das bestehende Ensemble f\u00fcgt. Die lebendige Textur der dunkel gebeizten Schindelfassade steht in bewusstem Kontrast zur hellen Putzoberfl\u00e4che des historischen Hauptgeb\u00e4udes. Die lichtdurchfluteten Innenr\u00e4ume vermitteln eine warme, einladende Atmosph\u00e4re, die das Wohlbefinden der betagten Menschen f\u00f6rdert. Die freundliche Farbgestaltung und Formgebung der offenen Begegnungsr\u00e4ume sowie der privaten R\u00fcckzugsorte tragen zu einer ruhigen und harmonischen Stimmung bei. Gro\u00dfz\u00fcgige Fensterfl\u00e4chen er\u00f6ffnen entspannende Ausblicke auf die sorgf\u00e4ltig gestalteten Gr\u00fcnr\u00e4ume und schaffen eine harmonische Verbindung zur umgebenden Natur. Die kleinen Balkone wurden durch weite Aussichtsterrassen ersetzt, die auch den weniger mobilen Senioren sonnige Stunden der Entspannung und Erholung bieten.<\/p>\n\n\n\n<p>Im Rahmen des Neubaus konnte auch der Mitteltrakt als zentraler Verbindungsort sowohl r\u00e4umlich optimiert als auch umfassend erneuert werden, und bildet nun das kommunikative Herzst\u00fcck der Anlage. Dieser Bereich umfasst die Rezeption, ein einladendes Caf\u00e9, sowie flexibel gestaltbare Veranstaltungsr\u00e4ume. Unter dem auskragenden Vordach, das von filigranen Betonst\u00fctzen getragen wird, entfaltet sich eine s\u00fcdlich anmutende Arkade, die mit eleganter Leichtigkeit eine harmonische Verbindung zwischen den verschiedenen Bauetappen des Ensembles schafft.<\/p>\n","protected":false},"excerpt":{"rendered":"<p>Zuhause in Ruhe und Geborgenheit. Der Wunsch nach einem selbstbestimmten Lebensabend birgt die Sehnsucht, in W\u00fcrde und Gelassenheit alt zu werden. Die Kunst besteht darin, ein Gleichgewicht zwischen dem notwendigen Ma\u00df an Unterst\u00fctzung und dem Erhalt der Autonomie zu finden. Eine wesentliche Grundlage f\u00fcr diese Prozesse bildet die Qualit\u00e4t der umgebenden Architektur. Es gilt R\u00e4ume [&hellip;]<\/p>\n","protected":false},"featured_media":92650,"template":"","tags":[],"publik":[975],"projekt-art":[958,957],"projekt-land":[938],"projekt-status":[943],"projekt-kategorie":[923,953],"projektphase":[],"class_list":["post-59475","projekt","type-projekt","status-publish","has-post-thumbnail","hentry","publik-projektbeschreibung","projekt-art-bauen-im-bestand","projekt-art-neubau","projekt-land-oesterreich","projekt-status-fertiggestellt","projekt-kategorie-gesundheit","projekt-kategorie-pflege","projektkategorie-gesundheit","projektkategorie-oeffentlich","projektkategorie-verwaltung"],"acf":[],"_links":{"self":[{"href":"https:\/\/www.hkarchitekten.at\/v80\/de\/wp-json\/wp\/v2\/projekt\/59475","targetHints":{"allow":["GET"]}}],"collection":[{"href":"https:\/\/www.hkarchitekten.at\/v80\/de\/wp-json\/wp\/v2\/projekt"}],"about":[{"href":"https:\/\/www.hkarchitekten.at\/v80\/de\/wp-json\/wp\/v2\/types\/projekt"}],"wp:featuredmedia":[{"embeddable":true,"href":"https:\/\/www.hkarchitekten.at\/v80\/de\/wp-json\/wp\/v2\/media\/92650"}],"wp:attachment":[{"href":"https:\/\/www.hkarchitekten.at\/v80\/de\/wp-json\/wp\/v2\/media?parent=59475"}],"wp:term":[{"taxonomy":"post_tag","embeddable":true,"href":"https:\/\/www.hkarchitekten.at\/v80\/de\/wp-json\/wp\/v2\/tags?post=59475"},{"taxonomy":"publik","embeddable":true,"href":"https:\/\/www.hkarchitekten.at\/v80\/de\/wp-json\/wp\/v2\/publik?post=59475"},{"taxonomy":"projekt-art","embeddable":true,"href":"https:\/\/www.hkarchitekten.at\/v80\/de\/wp-json\/wp\/v2\/projekt-art?post=59475"},{"taxonomy":"projekt-land","embeddable":true,"href":"https:\/\/www.hkarchitekten.at\/v80\/de\/wp-json\/wp\/v2\/projekt-land?post=59475"},{"taxonomy":"projekt-status","embeddable":true,"href":"https:\/\/www.hkarchitekten.at\/v80\/de\/wp-json\/wp\/v2\/projekt-status?post=59475"},{"taxonomy":"projekt-kategorie","embeddable":true,"href":"https:\/\/www.hkarchitekten.at\/v80\/de\/wp-json\/wp\/v2\/projekt-kategorie?post=59475"},{"taxonomy":"projektphase","embeddable":true,"href":"https:\/\/www.hkarchitekten.at\/v80\/de\/wp-json\/wp\/v2\/projektphase?post=59475"}],"curies":[{"name":"wp","href":"https:\/\/api.w.org\/{rel}","templated":true}]}}

<p><strong>Zuhause in Ruhe und Geborgenheit.</strong></p>



<p>Der Wunsch nach einem selbstbestimmten Lebensabend birgt die Sehnsucht, in Würde und Gelassenheit alt zu werden. Die Kunst besteht darin, ein Gleichgewicht zwischen dem notwendigen Maß an Unterstützung und dem Erhalt der Autonomie zu finden. Eine wesentliche Grundlage für diese Prozesse bildet die Qualität der umgebenden Architektur. Es gilt Räume zu schaffen, die nicht nur Funktionen erfüllen, sondern das tägliche Leben mit klaren Strukturen, inspirierenden Gestaltungskonzepten, sowie einem hohen Maß an Orientierung und Geborgenheit unterstützen und bereichern.</p>



<p>Der logistisch anspruchsvolle Um- und Neubau des Pflegezentrums Jesuheim erzählt vom Gelingen dieser komplexen Anforderungen. Das baugeschichtlich interessante Ensemble gewinnt seinen besonderen Charakter durch die einzigartige Lage hoch über der Gemeinde Lochau, die den betagten Bewohnern weite Ausblicke über den Bodensee bis hin zu den Appenzeller Alpen eröffnet.</p>



<p>Das traditionsreiche Haus der Barmherzigen Schwestern Zams wurde von 2020 bis 2024 umfassend modernisiert und teilweise neu gebaut. Dabei lag der strategische Fokus auf der Förderung eines selbstbestimmten Alltags der Heimbewohner sowie der Anpassung der Ausstattung an moderne Pflegestandards. Der Einsatz ressourcenschonender Baumaterialien und die präzise durchdachte Planung setzten Maßstäbe in Bezug auf Nachhaltigkeit, Prozessoptimierung und Effizienz, wobei die Bauarbeiten bei laufendem Vollbetrieb das Planungsteam vor besondere Herausforderungen stellten. Ein zentrales Element des Projekts bildete die innovative Holzmodulbauweise, die gemeinsam mit der Zimmerei Kaufmann aus dem Bregenzerwald entwickelt und umgesetzt wurde.~</p>



<p>Das nach Süden orientierte Haus Pfänder aus den 1980er Jahren sollte durch einen zeitgemäßen Neubau ersetzt werden. Zu diesem Zweck wurden 44 Holzmodule vorgefertigt, die zunächst ein temporäres Ersatzgebäude auf Punktfundamenten bildeten. Dort boten 36 Pflegezimmer mit barrierefreien Bädern den Bewohnern während der Bauzeit ein komfortables Zuhause. Nach der Fertigstellung des Sockelgebäudes in Mischbauweise wurden die Module schließlich als 2. und 3. Obergeschoß auf das neue Haus gesetzt, wodurch Raum für insgesamt 72 Senioren geschaffen werden konnte. Diese nachhaltige und effiziente Lösung überzeugte ökologisch wie ökonomisch, auch dank der natürlichen Eigenschaften von Holz als CO₂-Speicher.</p>



<p>Heute präsentiert sich der Wohntrakt als zeitgemäßer Bau mit fein austarierten Proportionen und klarer Linienführung, der sich respektvoll und doch selbstbewusst in das bestehende Ensemble fügt. Die lebendige Textur der dunkel gebeizten Schindelfassade steht in bewusstem Kontrast zur hellen Putzoberfläche des historischen Hauptgebäudes. Die lichtdurchfluteten Innenräume vermitteln eine warme, einladende Atmosphäre, die das Wohlbefinden der betagten Menschen fördert. Die freundliche Farbgestaltung und Formgebung der offenen Begegnungsräume sowie der privaten Rückzugsorte tragen zu einer ruhigen und harmonischen Stimmung bei. Großzügige Fensterflächen eröffnen entspannende Ausblicke auf die sorgfältig gestalteten Grünräume und schaffen eine harmonische Verbindung zur umgebenden Natur. Die kleinen Balkone wurden durch weite Aussichtsterrassen ersetzt, die auch den weniger mobilen Senioren sonnige Stunden der Entspannung und Erholung bieten.</p>



<p>Im Rahmen des Neubaus konnte auch der Mitteltrakt als zentraler Verbindungsort sowohl räumlich optimiert als auch umfassend erneuert werden, und bildet nun das kommunikative Herzstück der Anlage. Dieser Bereich umfasst die Rezeption, ein einladendes Café, sowie flexibel gestaltbare Veranstaltungsräume. Unter dem auskragenden Vordach, das von filigranen Betonstützen getragen wird, entfaltet sich eine südlich anmutende Arkade, die mit eleganter Leichtigkeit eine harmonische Verbindung zwischen den verschiedenen Bauetappen des Ensembles schafft.</p>

<p>Zuhause in Ruhe und Geborgenheit. Der Wunsch nach einem selbstbestimmten Lebensabend birgt die Sehnsucht, in Würde und Gelassenheit alt zu werden. Die Kunst besteht darin, ein Gleichgewicht zwischen dem notwendigen Maß an Unterstützung und dem Erhalt der Autonomie zu finden. Eine wesentliche Grundlage für diese Prozesse bildet die Qualität der umgebenden Architektur. Es gilt Räume [&hellip;]</p>
