{"id":59616,"date":"2020-03-30T11:03:49","date_gmt":"2020-03-30T09:03:49","guid":{"rendered":"https:\/\/www.hkarchitekten.at\/?post_type=projekt&#038;p=59616"},"modified":"2025-11-05T11:53:12","modified_gmt":"2025-11-05T10:53:12","slug":"floras-garten-lochau","status":"publish","type":"projekt","link":"https:\/\/www.hkarchitekten.at\/v80\/de\/projekt\/floras-garten-lochau\/","title":{"rendered":"Floras Garten, Lochau"},"content":{"rendered":"\n<h3 class=\"wp-block-heading\" style=\"padding-top:0vw;padding-bottom:1vw\">Gemeinsam wachsen.<\/h3>\n\n\n\n<p><\/p>\n\n\n\n<p>Floras Garten entfaltet sich in einem lebendigen Quartier im Zentrum der Gemeinde Lochau. Das ehemalige Werksareal der Firma Russ wurde zum attraktiven Lebensraum umgestaltet, in welchem acht Bauk\u00f6rper mit unterschiedlich dimensionierten Wohneinheiten die urspr\u00fcnglichen Produktionshallen ersetzen.<\/p>\n\n\n\n<details class=\"wp-block-details is-layout-flow wp-block-details-is-layout-flow\"><summary>Mehr<\/summary>\n<p>Der st\u00e4dtebauliche Ansatz definiert sich als Verzahnung der Volumen und Freifl\u00e4chen mit der nachbarschaftlichen Siedlungsstruktur. Die Geb\u00e4ude sind in gro\u00dfz\u00fcgigen Abst\u00e4nden entlang der Nord-S\u00fcd-Achse des Baugrundes gesetzt und abwechselnd um 90 Grad gedreht. So werden differenzierte Au\u00dfenbereiche und vielf\u00e4ltige Blickbeziehungen in den Gr\u00fcnraum geschaffen. Durch die Organisation als Viersp\u00e4nner mit drei bis vier Obergeschossen entstehen optimal besonnte Grundrisse, die sich \u00fcber Loggien, Terrassen oder G\u00e4rten zur abwechslungsreich bepflanzten Umgebung orientieren. Trotz der hohen Dichte bleibt daher der Charakter einer Kleinwohnanlage bewahrt.|<\/p>\n\n\n\n<p>Der Kopfbau mit gewerblicher Nutzung im Erdgeschoss ist so nahe wie m\u00f6glich an die Toni-Russ-Strasse im S\u00fcden ger\u00fcckt. Auf Grund seiner zur\u00fcckhaltenden Kubatur integriert er sich in die umgebende Bebauung, kontrastiert jedoch durch die leicht erh\u00f6hte Sockelposition subtil mit den anderen Geb\u00e4uden. Zwischen den einzelnen Volumen erstrecken sich sorgf\u00e4ltig gestaltete Anwohnerh\u00f6fe, die den Mietern als Begegnungsr\u00e4ume dienen. Sie bieten ansprechend ausgef\u00fchrte Oberfl\u00e4chenbel\u00e4ge, Sitzgelegenheiten sowie Vegetationszonen mit schattenspendendem Baumbestand; individuell bepflanzbare Hochbeete laden die Nachbarn zum Plaudern und G\u00e4rtnern ein, w\u00e4hrend die Kinder in den nahen Spielbereichen toben d\u00fcrfen. Die gesamte Anlage wird durchgehend rollstuhlgerecht und verkehrsbefreit erschlossen, in ihrem Zentrum \u00f6ffnet sich das Netz der Verbindungswege zu einem grossz\u00fcgigen Quartiersplatz. Die ausgewogene Balance zwischen privaten und gemeinschaftlich genutzten Fl\u00e4chen f\u00f6rdert die Kommunikation und das Miteinander innerhalb und ausserhalb des Areals.<\/p>\n\n\n\n<p><\/p>\n<\/details>\n","protected":false},"excerpt":{"rendered":"<p>Gemeinsam wachsen. Floras Garten entfaltet sich in einem lebendigen Quartier im Zentrum der Gemeinde Lochau. Das ehemalige Werksareal der Firma Russ wurde zum attraktiven Lebensraum umgestaltet, in welchem acht Bauk\u00f6rper mit unterschiedlich dimensionierten Wohneinheiten die urspr\u00fcnglichen Produktionshallen ersetzen.<\/p>\n","protected":false},"featured_media":75827,"template":"","tags":[],"publik":[975],"projekt-art":[957],"projekt-land":[938],"projekt-status":[943],"projekt-kategorie":[929,919],"projektphase":[],"class_list":["post-59616","projekt","type-projekt","status-publish","has-post-thumbnail","hentry","publik-projektbeschreibung","projekt-art-neubau","projekt-land-oesterreich","projekt-status-fertiggestellt","projekt-kategorie-mehrfamilienhaus","projekt-kategorie-wohnen","projektkategorie-mehrfamilienhaus"],"acf":[],"_links":{"self":[{"href":"https:\/\/www.hkarchitekten.at\/v80\/de\/wp-json\/wp\/v2\/projekt\/59616","targetHints":{"allow":["GET"]}}],"collection":[{"href":"https:\/\/www.hkarchitekten.at\/v80\/de\/wp-json\/wp\/v2\/projekt"}],"about":[{"href":"https:\/\/www.hkarchitekten.at\/v80\/de\/wp-json\/wp\/v2\/types\/projekt"}],"wp:featuredmedia":[{"embeddable":true,"href":"https:\/\/www.hkarchitekten.at\/v80\/de\/wp-json\/wp\/v2\/media\/75827"}],"wp:attachment":[{"href":"https:\/\/www.hkarchitekten.at\/v80\/de\/wp-json\/wp\/v2\/media?parent=59616"}],"wp:term":[{"taxonomy":"post_tag","embeddable":true,"href":"https:\/\/www.hkarchitekten.at\/v80\/de\/wp-json\/wp\/v2\/tags?post=59616"},{"taxonomy":"publik","embeddable":true,"href":"https:\/\/www.hkarchitekten.at\/v80\/de\/wp-json\/wp\/v2\/publik?post=59616"},{"taxonomy":"projekt-art","embeddable":true,"href":"https:\/\/www.hkarchitekten.at\/v80\/de\/wp-json\/wp\/v2\/projekt-art?post=59616"},{"taxonomy":"projekt-land","embeddable":true,"href":"https:\/\/www.hkarchitekten.at\/v80\/de\/wp-json\/wp\/v2\/projekt-land?post=59616"},{"taxonomy":"projekt-status","embeddable":true,"href":"https:\/\/www.hkarchitekten.at\/v80\/de\/wp-json\/wp\/v2\/projekt-status?post=59616"},{"taxonomy":"projekt-kategorie","embeddable":true,"href":"https:\/\/www.hkarchitekten.at\/v80\/de\/wp-json\/wp\/v2\/projekt-kategorie?post=59616"},{"taxonomy":"projektphase","embeddable":true,"href":"https:\/\/www.hkarchitekten.at\/v80\/de\/wp-json\/wp\/v2\/projektphase?post=59616"}],"curies":[{"name":"wp","href":"https:\/\/api.w.org\/{rel}","templated":true}]}}

<h3 class="wp-block-heading" style="padding-top:0vw;padding-bottom:1vw">Gemeinsam wachsen.</h3>



<p></p>



<p>Floras Garten entfaltet sich in einem lebendigen Quartier im Zentrum der Gemeinde Lochau. Das ehemalige Werksareal der Firma Russ wurde zum attraktiven Lebensraum umgestaltet, in welchem acht Baukörper mit unterschiedlich dimensionierten Wohneinheiten die ursprünglichen Produktionshallen ersetzen.</p>



<details class="wp-block-details is-layout-flow wp-block-details-is-layout-flow"><summary>Mehr</summary>
<p>Der städtebauliche Ansatz definiert sich als Verzahnung der Volumen und Freiflächen mit der nachbarschaftlichen Siedlungsstruktur. Die Gebäude sind in großzügigen Abständen entlang der Nord-Süd-Achse des Baugrundes gesetzt und abwechselnd um 90 Grad gedreht. So werden differenzierte Außenbereiche und vielfältige Blickbeziehungen in den Grünraum geschaffen. Durch die Organisation als Vierspänner mit drei bis vier Obergeschossen entstehen optimal besonnte Grundrisse, die sich über Loggien, Terrassen oder Gärten zur abwechslungsreich bepflanzten Umgebung orientieren. Trotz der hohen Dichte bleibt daher der Charakter einer Kleinwohnanlage bewahrt.|</p>



<p>Der Kopfbau mit gewerblicher Nutzung im Erdgeschoss ist so nahe wie möglich an die Toni-Russ-Strasse im Süden gerückt. Auf Grund seiner zurückhaltenden Kubatur integriert er sich in die umgebende Bebauung, kontrastiert jedoch durch die leicht erhöhte Sockelposition subtil mit den anderen Gebäuden. Zwischen den einzelnen Volumen erstrecken sich sorgfältig gestaltete Anwohnerhöfe, die den Mietern als Begegnungsräume dienen. Sie bieten ansprechend ausgeführte Oberflächenbeläge, Sitzgelegenheiten sowie Vegetationszonen mit schattenspendendem Baumbestand; individuell bepflanzbare Hochbeete laden die Nachbarn zum Plaudern und Gärtnern ein, während die Kinder in den nahen Spielbereichen toben dürfen. Die gesamte Anlage wird durchgehend rollstuhlgerecht und verkehrsbefreit erschlossen, in ihrem Zentrum öffnet sich das Netz der Verbindungswege zu einem grosszügigen Quartiersplatz. Die ausgewogene Balance zwischen privaten und gemeinschaftlich genutzten Flächen fördert die Kommunikation und das Miteinander innerhalb und ausserhalb des Areals.</p>



<p></p>
</details>

<p>Gemeinsam wachsen. Floras Garten entfaltet sich in einem lebendigen Quartier im Zentrum der Gemeinde Lochau. Das ehemalige Werksareal der Firma Russ wurde zum attraktiven Lebensraum umgestaltet, in welchem acht Baukörper mit unterschiedlich dimensionierten Wohneinheiten die ursprünglichen Produktionshallen ersetzen.</p>
