{"id":60570,"date":"2020-05-26T12:04:01","date_gmt":"2020-05-26T10:04:01","guid":{"rendered":"https:\/\/www.hkarchitekten.at\/?post_type=projekt&#038;p=60570"},"modified":"2025-07-28T17:19:56","modified_gmt":"2025-07-28T15:19:56","slug":"nebelhornbahn-talstation-oberstdorf-kleinwalsertal-2","status":"publish","type":"projekt","link":"https:\/\/www.hkarchitekten.at\/v80\/de\/projekt\/nebelhornbahn-talstation-oberstdorf-kleinwalsertal-2\/","title":{"rendered":"Nebelhornbahn Talstation, Oberstdorf"},"content":{"rendered":"<p><strong>Filigranes Tor in die Berge.<\/strong><\/p>\n<p>Eingebettet in die Allg\u00e4uer Alpen entwickelte sich die Marktgemeinde Oberstdorf zu einem renommierten Sommer- und Wintersportzentrum. Die bestehende Talstation der Luftseilbahn auf das Nebelhorn soll ersetzt und erg\u00e4nzt werden, ihre pr\u00e4gnante Lage im Ortskern bestimmt das st\u00e4dtebauliche und architektonische Grundkonzept des Neubauprojektes.<\/p>\n<p>Um eine behutsame Weiterentwicklung der umgebenden kleinteiligen Bebauungsstruktur zu erm\u00f6glichen, werden die verschiedenen Funktionsbereiche auf drei Bauk\u00f6rper verteilt. Die bedachte Setzung der einzelnen Volumina ordnet die bestehenden Au\u00dfenr\u00e4ume und generiert einen ortsr\u00e4umlichen Mehrwert.<\/p>\n<p>Die Bahnstation wird als selbstverst\u00e4ndlicher Bestandteil des \u00f6ffentlichen Raumes von Oberstdorf interpretiert, sie dient als zentraler Anlaufpunkt f\u00fcr die Besucher. Eine Reduktion der Architektur auf die reine Funktion betont ihre Bedeutung als direkte Schnittstelle zwischen Ortsgebiet und alpinem Landschaftsraum. Je nach Fahrtrichtung wird die parabelf\u00f6rmige Struktur als Tor in die Berge oder ins Tal wahrgenommen. Durch die abwechselnde Reihung von Holzb\u00f6gen und Glaselementen entsteht ein transparent schimmerndes Volumen, das Leichtigkeit und Offenheit ausstrahlt.<\/p>\n<p>Das langgestreckte Shopgeb\u00e4ude fasst den Stra\u00dfenraum durch seine markante Setzung an der Wegkreuzung. Es trennt den motorisierten Verkehr und die Parkfl\u00e4chen von einem gro\u00dfz\u00fcgig angelegten Platz in direkter Verl\u00e4ngerung der Fu\u00dfg\u00e4ngerzone, welcher den Passanten eine optimale Orientierung erm\u00f6glicht. Der gedeckte Kassenbereich sowie die Eing\u00e4nge zum Shop, den Toilettenanlagen und dem Ski-Depot sind nahe der Talstation \u00fcbersichtlich und kompakt angelegt.<\/p>\n<p>Das Verwaltungsgeb\u00e4ude liegt unmittelbar an die Station angebunden, um einen reibungslosen Betriebsablauf zu gew\u00e4hrleisten. Die Lager und B\u00fcror\u00e4ume befinden sich in den oberen Etagen, w\u00e4hrend die kompakten Mitarbeiterapartments mit privaten Gartenfl\u00e4chen blickgesch\u00fctzt im Hanggeschoss untergebracht sind.<\/p>\n","protected":false},"excerpt":{"rendered":"<p>Filigranes Tor in die Berge. Eingebettet in die Allg\u00e4uer Alpen entwickelte sich die Marktgemeinde Oberstdorf zu einem renommierten Sommer- und Wintersportzentrum. Die bestehende Talstation der Luftseilbahn auf das Nebelhorn soll ersetzt und erg\u00e4nzt werden, ihre pr\u00e4gnante Lage im Ortskern bestimmt das st\u00e4dtebauliche und architektonische Grundkonzept des Neubauprojektes. Um eine behutsame Weiterentwicklung der umgebenden kleinteiligen Bebauungsstruktur [&hellip;]<\/p>\n","protected":false},"featured_media":60566,"template":"","tags":[],"publik":[975],"projekt-art":[973,974,972],"projekt-land":[939],"projekt-status":[943],"projekt-kategorie":[920,949],"projektphase":[],"class_list":["post-60570","projekt","type-projekt","status-publish","has-post-thumbnail","hentry","publik-projektbeschreibung","projekt-art-ausgefuehrt","projekt-art-preistraeger","projekt-art-wettbewerb","projekt-land-deutschland","projekt-status-fertiggestellt","projekt-kategorie-arbeit","projekt-kategorie-buero","projektkategorie-wettbewerbe","projektbauherr-nebelhornbahn-ag"],"acf":[],"_links":{"self":[{"href":"https:\/\/www.hkarchitekten.at\/v80\/de\/wp-json\/wp\/v2\/projekt\/60570","targetHints":{"allow":["GET"]}}],"collection":[{"href":"https:\/\/www.hkarchitekten.at\/v80\/de\/wp-json\/wp\/v2\/projekt"}],"about":[{"href":"https:\/\/www.hkarchitekten.at\/v80\/de\/wp-json\/wp\/v2\/types\/projekt"}],"wp:featuredmedia":[{"embeddable":true,"href":"https:\/\/www.hkarchitekten.at\/v80\/de\/wp-json\/wp\/v2\/media\/60566"}],"wp:attachment":[{"href":"https:\/\/www.hkarchitekten.at\/v80\/de\/wp-json\/wp\/v2\/media?parent=60570"}],"wp:term":[{"taxonomy":"post_tag","embeddable":true,"href":"https:\/\/www.hkarchitekten.at\/v80\/de\/wp-json\/wp\/v2\/tags?post=60570"},{"taxonomy":"publik","embeddable":true,"href":"https:\/\/www.hkarchitekten.at\/v80\/de\/wp-json\/wp\/v2\/publik?post=60570"},{"taxonomy":"projekt-art","embeddable":true,"href":"https:\/\/www.hkarchitekten.at\/v80\/de\/wp-json\/wp\/v2\/projekt-art?post=60570"},{"taxonomy":"projekt-land","embeddable":true,"href":"https:\/\/www.hkarchitekten.at\/v80\/de\/wp-json\/wp\/v2\/projekt-land?post=60570"},{"taxonomy":"projekt-status","embeddable":true,"href":"https:\/\/www.hkarchitekten.at\/v80\/de\/wp-json\/wp\/v2\/projekt-status?post=60570"},{"taxonomy":"projekt-kategorie","embeddable":true,"href":"https:\/\/www.hkarchitekten.at\/v80\/de\/wp-json\/wp\/v2\/projekt-kategorie?post=60570"},{"taxonomy":"projektphase","embeddable":true,"href":"https:\/\/www.hkarchitekten.at\/v80\/de\/wp-json\/wp\/v2\/projektphase?post=60570"}],"curies":[{"name":"wp","href":"https:\/\/api.w.org\/{rel}","templated":true}]}}

<p><strong>Filigranes Tor in die Berge.</strong></p>
<p>Eingebettet in die Allgäuer Alpen entwickelte sich die Marktgemeinde Oberstdorf zu einem renommierten Sommer- und Wintersportzentrum. Die bestehende Talstation der Luftseilbahn auf das Nebelhorn soll ersetzt und ergänzt werden, ihre prägnante Lage im Ortskern bestimmt das städtebauliche und architektonische Grundkonzept des Neubauprojektes.</p>
<p>Um eine behutsame Weiterentwicklung der umgebenden kleinteiligen Bebauungsstruktur zu ermöglichen, werden die verschiedenen Funktionsbereiche auf drei Baukörper verteilt. Die bedachte Setzung der einzelnen Volumina ordnet die bestehenden Außenräume und generiert einen ortsräumlichen Mehrwert.</p>
<p>Die Bahnstation wird als selbstverständlicher Bestandteil des öffentlichen Raumes von Oberstdorf interpretiert, sie dient als zentraler Anlaufpunkt für die Besucher. Eine Reduktion der Architektur auf die reine Funktion betont ihre Bedeutung als direkte Schnittstelle zwischen Ortsgebiet und alpinem Landschaftsraum. Je nach Fahrtrichtung wird die parabelförmige Struktur als Tor in die Berge oder ins Tal wahrgenommen. Durch die abwechselnde Reihung von Holzbögen und Glaselementen entsteht ein transparent schimmerndes Volumen, das Leichtigkeit und Offenheit ausstrahlt.</p>
<p>Das langgestreckte Shopgebäude fasst den Straßenraum durch seine markante Setzung an der Wegkreuzung. Es trennt den motorisierten Verkehr und die Parkflächen von einem großzügig angelegten Platz in direkter Verlängerung der Fußgängerzone, welcher den Passanten eine optimale Orientierung ermöglicht. Der gedeckte Kassenbereich sowie die Eingänge zum Shop, den Toilettenanlagen und dem Ski-Depot sind nahe der Talstation übersichtlich und kompakt angelegt.</p>
<p>Das Verwaltungsgebäude liegt unmittelbar an die Station angebunden, um einen reibungslosen Betriebsablauf zu gewährleisten. Die Lager und Büroräume befinden sich in den oberen Etagen, während die kompakten Mitarbeiterapartments mit privaten Gartenflächen blickgeschützt im Hanggeschoss untergebracht sind.</p>

<p>Filigranes Tor in die Berge. Eingebettet in die Allgäuer Alpen entwickelte sich die Marktgemeinde Oberstdorf zu einem renommierten Sommer- und Wintersportzentrum. Die bestehende Talstation der Luftseilbahn auf das Nebelhorn soll ersetzt und ergänzt werden, ihre prägnante Lage im Ortskern bestimmt das städtebauliche und architektonische Grundkonzept des Neubauprojektes. Um eine behutsame Weiterentwicklung der umgebenden kleinteiligen Bebauungsstruktur [&hellip;]</p>
