{"id":69715,"date":"2022-10-25T17:51:26","date_gmt":"2022-10-25T15:51:26","guid":{"rendered":"https:\/\/www.hkarchitekten.at\/?post_type=projekt&#038;p=69715"},"modified":"2026-02-12T15:11:42","modified_gmt":"2026-02-12T14:11:42","slug":"bildungshaus-st-arbogast-umbau-goetzis","status":"publish","type":"projekt","link":"https:\/\/ip217-154-147-205.pbiaas.com\/v80\/de\/projekt\/bildungshaus-st-arbogast-umbau-goetzis\/","title":{"rendered":"Bildungshaus St. Arbogast &#8211; Umbau, G\u00f6tzis"},"content":{"rendered":"\n<p><strong>Raum f\u00fcr Inspiration und Begegnung<\/strong><\/p>\n\n\n\n<p>Die katholische Bildungseinrichtung St. Arbogast ist ein wohltuender Ort der Ruhe und des Austausches. An einer bewaldeten Hangkante hoch \u00fcber dem Rheintal gebaut, formen das Seminarhaus, drei G\u00e4steherbergen und die Kapelle ein sorgf\u00e4ltig komponiertes Ensemble um einen naturnah bepflanzten Innenhof.<br><br>Vor mehr als 30 Jahren entwarfen Hermann Kaufmann und Christian Lenz das L-f\u00f6rmige Hauptgeb\u00e4ude als landschaftspr\u00e4genden Bauk\u00f6rper, der die weich flie\u00dfenden Au\u00dfenr\u00e4ume fasst. Nun schlossen sich die beiden Architekten wieder zusammen, um die Anlage einer sanften Generalsanierung zu unterziehen, sie zeitgem\u00e4\u00df auszustatten und zu gestalten.<br><br>Die Umbauma\u00dfnahmen wurden sorgsam darauf ausgerichtet, dem Bestand ein hohes Ma\u00df an Offenheit, Transparenz und Behaglichkeit zu verleihen sowie zus\u00e4tzlichen Raum zu schaffen. W\u00e4hrend man im Untergescho\u00df die Personalapartments zu einem Kreativraum und lichten B\u00fcros umwandelte, erfolgte in der Erschlie\u00dfungsebene die Zusammenlegung und Umstrukturierung verschiedener Nutzungsbereiche.| Der neu positionierte Empfangstresen, ein Trinkbrunnen, die ellipsenf\u00f6rmige Bar und ein gro\u00dfz\u00fcgiger Tisch mit B\u00e4nken wurden handwerklich anspruchsvoll aus heimischer Walnuss gefertigt, die Vorarlberger K\u00fcnstlerin Anna- Amanda Steurer konzipierte einen motivisch wie farblich reduzierten Vorhang f\u00fcr die gro\u00dffl\u00e4chigen S\u00fcdfenster des Speisesaales.<br><br>Einladende Caf\u00e9- und Loungem\u00f6bel gruppieren sich locker auf den verschiedenen Ebenen der zentralen Treppenhalle, welche in die obere Etage f\u00fchrt. Dort erweiterten die Planer zwei der Seminarr\u00e4ume, indem sie das Dach anhoben und den bestehenden Balkon integrierten, wodurch den Besuchern nun zwei gro\u00dfe Veranstaltungss\u00e4le sowie 14 weitere R\u00e4ume als Begegnungsorte zur Verf\u00fcgung stehen. Auch die Haustechnik wurde modernisiert und durch den Austausch der bestehenden Hackschnitzelheizung sowie die Installation einer zus\u00e4tzlichen Luftw\u00e4rmepumpe f\u00fcr die \u00dcbergangszeit unabh\u00e4ngiger von fossilen Energietr\u00e4gern gestaltet.<\/p>\n","protected":false},"excerpt":{"rendered":"<p>Raum f\u00fcr Inspiration und Begegnung Die katholische Bildungseinrichtung St. Arbogast ist ein wohltuender Ort der Ruhe und des Austausches. An einer bewaldeten Hangkante hoch \u00fcber dem Rheintal gebaut, formen das Seminarhaus, drei G\u00e4steherbergen und die Kapelle ein sorgf\u00e4ltig komponiertes Ensemble um einen naturnah bepflanzten Innenhof. Vor mehr als 30 Jahren entwarfen Hermann Kaufmann und Christian [&hellip;]<\/p>\n","protected":false},"featured_media":72925,"template":"","tags":[],"publik":[975],"projekt-art":[958],"projekt-land":[938],"projekt-status":[943],"projekt-kategorie":[918],"projektphase":[858],"class_list":["post-69715","projekt","type-projekt","status-publish","has-post-thumbnail","hentry","publik-projektbeschreibung","projekt-art-bauen-im-bestand","projekt-land-oesterreich","projekt-status-fertiggestellt","projekt-kategorie-bildung","projektkategorie-bildung","projektkategorie-oeffentlich","projektphase-arbogast"],"acf":[],"_links":{"self":[{"href":"https:\/\/ip217-154-147-205.pbiaas.com\/v80\/de\/wp-json\/wp\/v2\/projekt\/69715","targetHints":{"allow":["GET"]}}],"collection":[{"href":"https:\/\/ip217-154-147-205.pbiaas.com\/v80\/de\/wp-json\/wp\/v2\/projekt"}],"about":[{"href":"https:\/\/ip217-154-147-205.pbiaas.com\/v80\/de\/wp-json\/wp\/v2\/types\/projekt"}],"wp:featuredmedia":[{"embeddable":true,"href":"https:\/\/ip217-154-147-205.pbiaas.com\/v80\/de\/wp-json\/wp\/v2\/media\/72925"}],"wp:attachment":[{"href":"https:\/\/ip217-154-147-205.pbiaas.com\/v80\/de\/wp-json\/wp\/v2\/media?parent=69715"}],"wp:term":[{"taxonomy":"post_tag","embeddable":true,"href":"https:\/\/ip217-154-147-205.pbiaas.com\/v80\/de\/wp-json\/wp\/v2\/tags?post=69715"},{"taxonomy":"publik","embeddable":true,"href":"https:\/\/ip217-154-147-205.pbiaas.com\/v80\/de\/wp-json\/wp\/v2\/publik?post=69715"},{"taxonomy":"projekt-art","embeddable":true,"href":"https:\/\/ip217-154-147-205.pbiaas.com\/v80\/de\/wp-json\/wp\/v2\/projekt-art?post=69715"},{"taxonomy":"projekt-land","embeddable":true,"href":"https:\/\/ip217-154-147-205.pbiaas.com\/v80\/de\/wp-json\/wp\/v2\/projekt-land?post=69715"},{"taxonomy":"projekt-status","embeddable":true,"href":"https:\/\/ip217-154-147-205.pbiaas.com\/v80\/de\/wp-json\/wp\/v2\/projekt-status?post=69715"},{"taxonomy":"projekt-kategorie","embeddable":true,"href":"https:\/\/ip217-154-147-205.pbiaas.com\/v80\/de\/wp-json\/wp\/v2\/projekt-kategorie?post=69715"},{"taxonomy":"projektphase","embeddable":true,"href":"https:\/\/ip217-154-147-205.pbiaas.com\/v80\/de\/wp-json\/wp\/v2\/projektphase?post=69715"}],"curies":[{"name":"wp","href":"https:\/\/api.w.org\/{rel}","templated":true}]}}

Bildungshaus St. Arbogast &#8211; Umbau, Götzis

<p><strong>Raum für Inspiration und Begegnung</strong></p>



<p>Die katholische Bildungseinrichtung St. Arbogast ist ein wohltuender Ort der Ruhe und des Austausches. An einer bewaldeten Hangkante hoch über dem Rheintal gebaut, formen das Seminarhaus, drei Gästeherbergen und die Kapelle ein sorgfältig komponiertes Ensemble um einen naturnah bepflanzten Innenhof.<br><br>Vor mehr als 30 Jahren entwarfen Hermann Kaufmann und Christian Lenz das L-förmige Hauptgebäude als landschaftsprägenden Baukörper, der die weich fließenden Außenräume fasst. Nun schlossen sich die beiden Architekten wieder zusammen, um die Anlage einer sanften Generalsanierung zu unterziehen, sie zeitgemäß auszustatten und zu gestalten.<br><br>Die Umbaumaßnahmen wurden sorgsam darauf ausgerichtet, dem Bestand ein hohes Maß an Offenheit, Transparenz und Behaglichkeit zu verleihen sowie zusätzlichen Raum zu schaffen. Während man im Untergeschoß die Personalapartments zu einem Kreativraum und lichten Büros umwandelte, erfolgte in der Erschließungsebene die Zusammenlegung und Umstrukturierung verschiedener Nutzungsbereiche.| Der neu positionierte Empfangstresen, ein Trinkbrunnen, die ellipsenförmige Bar und ein großzügiger Tisch mit Bänken wurden handwerklich anspruchsvoll aus heimischer Walnuss gefertigt, die Vorarlberger Künstlerin Anna- Amanda Steurer konzipierte einen motivisch wie farblich reduzierten Vorhang für die großflächigen Südfenster des Speisesaales.<br><br>Einladende Café- und Loungemöbel gruppieren sich locker auf den verschiedenen Ebenen der zentralen Treppenhalle, welche in die obere Etage führt. Dort erweiterten die Planer zwei der Seminarräume, indem sie das Dach anhoben und den bestehenden Balkon integrierten, wodurch den Besuchern nun zwei große Veranstaltungssäle sowie 14 weitere Räume als Begegnungsorte zur Verfügung stehen. Auch die Haustechnik wurde modernisiert und durch den Austausch der bestehenden Hackschnitzelheizung sowie die Installation einer zusätzlichen Luftwärmepumpe für die Übergangszeit unabhängiger von fossilen Energieträgern gestaltet.</p>

<p>Raum für Inspiration und Begegnung Die katholische Bildungseinrichtung St. Arbogast ist ein wohltuender Ort der Ruhe und des Austausches. An einer bewaldeten Hangkante hoch über dem Rheintal gebaut, formen das Seminarhaus, drei Gästeherbergen und die Kapelle ein sorgfältig komponiertes Ensemble um einen naturnah bepflanzten Innenhof. Vor mehr als 30 Jahren entwarfen Hermann Kaufmann und Christian [&hellip;]</p>
