{"id":90637,"date":"2025-09-23T11:40:22","date_gmt":"2025-09-23T09:40:22","guid":{"rendered":"https:\/\/www.hkarchitekten.at\/v74\/?post_type=projekt&#038;p=90637"},"modified":"2026-01-12T09:59:03","modified_gmt":"2026-01-12T08:59:03","slug":"kindertagesstaette-ulm","status":"publish","type":"projekt","link":"https:\/\/www.hkarchitekten.at\/v80\/de\/projekt\/kindertagesstaette-ulm\/","title":{"rendered":"Kindertagesst\u00e4tte, Ulm"},"content":{"rendered":"\n<p><br><strong>Vielschichtige Entfaltungsr\u00e4ume<\/strong><br><br>Im Nordwesten der schw\u00e4bischen Donaumetropole Ulm erstreckt sich der Medizin- und Forschungsstandort Oberer Eselsberg. Eingebettet in den Campus des Bundeswehrkrankenhauses liegt hier die Kindertagesst\u00e4tte Villa Sanigel. Innerhalb der streng orthogonalen Struktur der Spitalsanlage wird die st\u00e4dtebauliche Freiform des bestehenden Geb\u00e4udes durch den Neubau bewusst betont und r\u00e4umlich fortgeschrieben. Seine Struktur leitet sich konsequent aus der vorhandenen Setzung ab. So werden beide Volumen organisatorisch und r\u00e4umlich zu einer koh\u00e4renten Einheit verwoben und als eigenst\u00e4ndiges, klar gefasstes Ganzes wahrgenommen.<\/p>\n\n\n\n<p>Die Zug\u00e4nge organisieren sich \u00fcber einen gemeinsamen Vorplatz, um die eindeutige Adressbildung und intuitive Orientierung zu unterst\u00fctzen. Durch die Erg\u00e4nzung des Vordachs an der Westfassade und die raumbildende Wirkung eines transparenten Vorhangs aus schlanken Holzlamellen wird eine lichte Erschlie\u00dfungsspange geschaffen. Diese leitet die Nutzer und Besucher zum Eingang des Neubaus und schafft visuelle Bez\u00fcge zwischen den Innen- und Au\u00dfenr\u00e4umen. Ihre konische Form f\u00fchrt zu einer perspektivischen Verk\u00fcrzung des Verbindungsweges, wodurch die Empfangsbereiche nicht nur funktional, sondern auch architektonisch miteinander verschr\u00e4nkt werden. Hier realisierte die Vorarlberger Medienk\u00fcnstlerin Miriam Prantl ein farbenreiches \u201eKunst am Bau\u201c-Projekt. Ihre Licht- und Klanginstallation l\u00e4dt Kinder und Erwachsene zu einer atmosph\u00e4rischen Raumerfahrung ein, bei der Wahrnehmung und Bewegung vielschichtig miteinander verkn\u00fcpft werden.~<\/p>\n\n\n\n<p>Das architektonische Konzept der Erweiterung beruht auf wenigen, klar definierten Grunds\u00e4tzen. Der Bauk\u00f6rper setzt im Norden an das bestehende Volumen an und entwickelt sich Richtung S\u00fcdosten. Zwischen den beiden Geb\u00e4udefl\u00fcgeln entfaltet sich so ein gesch\u00fctzter Au\u00dfenbereich, der sowohl Verbindung als auch R\u00fcckzug erm\u00f6glicht. Die innere Erschlie\u00dfung folgt der typologischen Logik des Bestandes und \u00fcbersetzt sie in eine fein choreographierte r\u00e4umliche Sequenz. Beim Eintreten wird der Blick entlang der zentralen Sichtachse auf den Mehrzweckraum gelenkt, der sich zur dahinter liegenden Gr\u00fcnfl\u00e4che \u00f6ffnet. Der Spielflur weitet sich zu einem gro\u00dfz\u00fcgigen Essbereich, mit dem die gegen\u00fcberliegende Gemeinschaftsterrasse in r\u00e4umlicher Korrespondenz steht. Von dieser Kernzone f\u00fchrt die Bewegungslinie weiter zur Schleuse in den Gartenbereich und zu den nach S\u00fcden orientierten Gruppenr\u00e4umen, die optimal zu Tageslicht und Besonnung ausgerichtet sind.<\/p>\n\n\n\n<p>W\u00e4hrend das Geb\u00e4ude von au\u00dfen als homogener Bauk\u00f6rper wahrgenommen wird, kontrastiert die Materialisierung der neuen Innenr\u00e4ume bewusst mit dem Bestand. Hier sind W\u00e4nde, Decken und B\u00f6den in warmen Holzoberfl\u00e4chen ausgef\u00fchrt, zum Spielflur \u00f6ffnen sich gro\u00dfz\u00fcgige Glaselemente. So erleben die Kinder einen behaglichen Lern- und Erfahrungsraum, der zur kreativen Entfaltung anregt. In der konsequenten Umsetzung des Bauwerks als reine Holzkonstruktion spiegelt sich der Anspruch an Materialklarheit und architektonische Koh\u00e4renz wider. Die Ausf\u00fchrung der W\u00e4nde erfolgte aus pr\u00e4zise gefertigten Holzrahmenelementen, w\u00e4hrend die Decken als massive Brettsperrholzplatten gef\u00fcgt wurden. Die Dachfl\u00e4chen sind extensiv begr\u00fcnt und mit einer Photovoltaikanlage ausgestattet, wodurch eine nachhaltige und \u00f6kologisch verantwortungsbewusste Geb\u00e4udestrategie implementiert wird.<\/p>\n","protected":false},"excerpt":{"rendered":"<p>Vielschichtige Entfaltungsr\u00e4ume Im Nordwesten der schw\u00e4bischen Donaumetropole Ulm erstreckt sich der Medizin- und Forschungsstandort Oberer Eselsberg. Eingebettet in den Campus des Bundeswehrkrankenhauses liegt hier die Kindertagesst\u00e4tte Villa Sanigel. Innerhalb der streng orthogonalen Struktur der Spitalsanlage wird die st\u00e4dtebauliche Freiform des bestehenden Geb\u00e4udes durch den Neubau bewusst betont und r\u00e4umlich fortgeschrieben. Seine Struktur leitet sich konsequent [&hellip;]<\/p>\n","protected":false},"featured_media":90640,"template":"","tags":[],"publik":[975],"projekt-art":[958,963],"projekt-land":[939],"projekt-status":[943],"projekt-kategorie":[918],"projektphase":[],"class_list":["post-90637","projekt","type-projekt","status-publish","has-post-thumbnail","hentry","publik-projektbeschreibung","projekt-art-bauen-im-bestand","projekt-art-erweiterung","projekt-land-deutschland","projekt-status-fertiggestellt","projekt-kategorie-bildung"],"acf":[],"_links":{"self":[{"href":"https:\/\/www.hkarchitekten.at\/v80\/de\/wp-json\/wp\/v2\/projekt\/90637","targetHints":{"allow":["GET"]}}],"collection":[{"href":"https:\/\/www.hkarchitekten.at\/v80\/de\/wp-json\/wp\/v2\/projekt"}],"about":[{"href":"https:\/\/www.hkarchitekten.at\/v80\/de\/wp-json\/wp\/v2\/types\/projekt"}],"wp:featuredmedia":[{"embeddable":true,"href":"https:\/\/www.hkarchitekten.at\/v80\/de\/wp-json\/wp\/v2\/media\/90640"}],"wp:attachment":[{"href":"https:\/\/www.hkarchitekten.at\/v80\/de\/wp-json\/wp\/v2\/media?parent=90637"}],"wp:term":[{"taxonomy":"post_tag","embeddable":true,"href":"https:\/\/www.hkarchitekten.at\/v80\/de\/wp-json\/wp\/v2\/tags?post=90637"},{"taxonomy":"publik","embeddable":true,"href":"https:\/\/www.hkarchitekten.at\/v80\/de\/wp-json\/wp\/v2\/publik?post=90637"},{"taxonomy":"projekt-art","embeddable":true,"href":"https:\/\/www.hkarchitekten.at\/v80\/de\/wp-json\/wp\/v2\/projekt-art?post=90637"},{"taxonomy":"projekt-land","embeddable":true,"href":"https:\/\/www.hkarchitekten.at\/v80\/de\/wp-json\/wp\/v2\/projekt-land?post=90637"},{"taxonomy":"projekt-status","embeddable":true,"href":"https:\/\/www.hkarchitekten.at\/v80\/de\/wp-json\/wp\/v2\/projekt-status?post=90637"},{"taxonomy":"projekt-kategorie","embeddable":true,"href":"https:\/\/www.hkarchitekten.at\/v80\/de\/wp-json\/wp\/v2\/projekt-kategorie?post=90637"},{"taxonomy":"projektphase","embeddable":true,"href":"https:\/\/www.hkarchitekten.at\/v80\/de\/wp-json\/wp\/v2\/projektphase?post=90637"}],"curies":[{"name":"wp","href":"https:\/\/api.w.org\/{rel}","templated":true}]}}

Kindertagesstätte, Ulm

<p><br><strong>Vielschichtige Entfaltungsräume</strong><br><br>Im Nordwesten der schwäbischen Donaumetropole Ulm erstreckt sich der Medizin- und Forschungsstandort Oberer Eselsberg. Eingebettet in den Campus des Bundeswehrkrankenhauses liegt hier die Kindertagesstätte Villa Sanigel. Innerhalb der streng orthogonalen Struktur der Spitalsanlage wird die städtebauliche Freiform des bestehenden Gebäudes durch den Neubau bewusst betont und räumlich fortgeschrieben. Seine Struktur leitet sich konsequent aus der vorhandenen Setzung ab. So werden beide Volumen organisatorisch und räumlich zu einer kohärenten Einheit verwoben und als eigenständiges, klar gefasstes Ganzes wahrgenommen.</p>



<p>Die Zugänge organisieren sich über einen gemeinsamen Vorplatz, um die eindeutige Adressbildung und intuitive Orientierung zu unterstützen. Durch die Ergänzung des Vordachs an der Westfassade und die raumbildende Wirkung eines transparenten Vorhangs aus schlanken Holzlamellen wird eine lichte Erschließungsspange geschaffen. Diese leitet die Nutzer und Besucher zum Eingang des Neubaus und schafft visuelle Bezüge zwischen den Innen- und Außenräumen. Ihre konische Form führt zu einer perspektivischen Verkürzung des Verbindungsweges, wodurch die Empfangsbereiche nicht nur funktional, sondern auch architektonisch miteinander verschränkt werden. Hier realisierte die Vorarlberger Medienkünstlerin Miriam Prantl ein farbenreiches „Kunst am Bau“-Projekt. Ihre Licht- und Klanginstallation lädt Kinder und Erwachsene zu einer atmosphärischen Raumerfahrung ein, bei der Wahrnehmung und Bewegung vielschichtig miteinander verknüpft werden.~</p>



<p>Das architektonische Konzept der Erweiterung beruht auf wenigen, klar definierten Grundsätzen. Der Baukörper setzt im Norden an das bestehende Volumen an und entwickelt sich Richtung Südosten. Zwischen den beiden Gebäudeflügeln entfaltet sich so ein geschützter Außenbereich, der sowohl Verbindung als auch Rückzug ermöglicht. Die innere Erschließung folgt der typologischen Logik des Bestandes und übersetzt sie in eine fein choreographierte räumliche Sequenz. Beim Eintreten wird der Blick entlang der zentralen Sichtachse auf den Mehrzweckraum gelenkt, der sich zur dahinter liegenden Grünfläche öffnet. Der Spielflur weitet sich zu einem großzügigen Essbereich, mit dem die gegenüberliegende Gemeinschaftsterrasse in räumlicher Korrespondenz steht. Von dieser Kernzone führt die Bewegungslinie weiter zur Schleuse in den Gartenbereich und zu den nach Süden orientierten Gruppenräumen, die optimal zu Tageslicht und Besonnung ausgerichtet sind.</p>



<p>Während das Gebäude von außen als homogener Baukörper wahrgenommen wird, kontrastiert die Materialisierung der neuen Innenräume bewusst mit dem Bestand. Hier sind Wände, Decken und Böden in warmen Holzoberflächen ausgeführt, zum Spielflur öffnen sich großzügige Glaselemente. So erleben die Kinder einen behaglichen Lern- und Erfahrungsraum, der zur kreativen Entfaltung anregt. In der konsequenten Umsetzung des Bauwerks als reine Holzkonstruktion spiegelt sich der Anspruch an Materialklarheit und architektonische Kohärenz wider. Die Ausführung der Wände erfolgte aus präzise gefertigten Holzrahmenelementen, während die Decken als massive Brettsperrholzplatten gefügt wurden. Die Dachflächen sind extensiv begrünt und mit einer Photovoltaikanlage ausgestattet, wodurch eine nachhaltige und ökologisch verantwortungsbewusste Gebäudestrategie implementiert wird.</p>

<p>Vielschichtige Entfaltungsräume Im Nordwesten der schwäbischen Donaumetropole Ulm erstreckt sich der Medizin- und Forschungsstandort Oberer Eselsberg. Eingebettet in den Campus des Bundeswehrkrankenhauses liegt hier die Kindertagesstätte Villa Sanigel. Innerhalb der streng orthogonalen Struktur der Spitalsanlage wird die städtebauliche Freiform des bestehenden Gebäudes durch den Neubau bewusst betont und räumlich fortgeschrieben. Seine Struktur leitet sich konsequent [&hellip;]</p>
