{"id":50145,"date":"2016-05-11T12:39:45","date_gmt":"2016-05-11T10:39:45","guid":{"rendered":"http:\/\/www.hkarchitekten.at\/projekt\/sutterluety-birgit-u-paul\/"},"modified":"2025-07-28T17:56:05","modified_gmt":"2025-07-28T15:56:05","slug":"sutterluety-birgit-u-paul","status":"publish","type":"projekt","link":"https:\/\/www.hkarchitekten.at\/v80\/en\/project\/sutterluety-birgit-u-paul\/","title":{"rendered":"Sutterl\u00fcty P, Egg"},"content":{"rendered":"<p><strong>A new subversion in traditional Bregenzerwald architecture. <\/strong><\/p>\n<p>Is a flat roof right in the Bregenzerwald? This question occupied the architect and builder and all the community representatives when starting this project. After a detailed discussion process, it was finally agreed that in this situation, this roof shape is possible due to the structurally diverse neighbourhood.<\/p>\n<p>The quality of a house depends not only on the right roof shape.\u00a0 This house takes over many attributes of the Bregenzerwald house such as the elongated body, the materialisation, the relationship with the terrain and the simple and clear design that tries, despite its &#8220;strange&#8221; roof shape, to embrace dialogue with the architectural tradition.<\/p>\n","protected":false},"excerpt":{"rendered":"<p>Ist ein Flachdach im Bregenzerwald richtig? Die Frage besch\u00e4ftigte bei diesem Bau neben Architekt und Bauherrn die ganze Gemeindevertretung. Nach eingehendem Diskussionsprozess fand man schlie\u00dflich Einigung, dass in dieser Lage aufgrund der baulich heterogenen Nachbarschaft diese Dachform m\u00f6glich ist. Die Qualit\u00e4t eines Hauses h\u00e4ngt ja nicht nur an der Frage nach der richtigen Dachform.<br \/>\nSo \u00fcbernimmt dieses Haus viele Attribute des Bregenzerw\u00e4lderhauses wie:<br \/>\nL\u00e4ngsbauk\u00f6rper, Materialisierung, Umgang mit dem Gel\u00e4nde sowie die einfache und klare Gestaltung und versucht trotz \u201efremder\u201c Dachform den Dialog mit der baulichen Tradition zu f\u00fchren.<\/p>\n","protected":false},"featured_media":66732,"template":"","tags":[497],"publik":[1021],"projekt-art":[957,1017],"projekt-land":[1046,938],"projekt-status":[979],"projekt-kategorie":[932,945],"projektphase":[],"class_list":["post-50145","projekt","type-projekt","status-publish","has-post-thumbnail","hentry","tag-efh-en","publik-project-description","projekt-art-neubau","projekt-art-new-building","projekt-land-austria","projekt-land-oesterreich","projekt-status-completed","projekt-kategorie-living","projekt-kategorie-single-family-home","projektkategorie-single-family-home"],"acf":[],"_links":{"self":[{"href":"https:\/\/www.hkarchitekten.at\/v80\/en\/wp-json\/wp\/v2\/projekt\/50145","targetHints":{"allow":["GET"]}}],"collection":[{"href":"https:\/\/www.hkarchitekten.at\/v80\/en\/wp-json\/wp\/v2\/projekt"}],"about":[{"href":"https:\/\/www.hkarchitekten.at\/v80\/en\/wp-json\/wp\/v2\/types\/projekt"}],"wp:featuredmedia":[{"embeddable":true,"href":"https:\/\/www.hkarchitekten.at\/v80\/en\/wp-json\/wp\/v2\/media\/66732"}],"wp:attachment":[{"href":"https:\/\/www.hkarchitekten.at\/v80\/en\/wp-json\/wp\/v2\/media?parent=50145"}],"wp:term":[{"taxonomy":"post_tag","embeddable":true,"href":"https:\/\/www.hkarchitekten.at\/v80\/en\/wp-json\/wp\/v2\/tags?post=50145"},{"taxonomy":"publik","embeddable":true,"href":"https:\/\/www.hkarchitekten.at\/v80\/en\/wp-json\/wp\/v2\/publik?post=50145"},{"taxonomy":"projekt-art","embeddable":true,"href":"https:\/\/www.hkarchitekten.at\/v80\/en\/wp-json\/wp\/v2\/projekt-art?post=50145"},{"taxonomy":"projekt-land","embeddable":true,"href":"https:\/\/www.hkarchitekten.at\/v80\/en\/wp-json\/wp\/v2\/projekt-land?post=50145"},{"taxonomy":"projekt-status","embeddable":true,"href":"https:\/\/www.hkarchitekten.at\/v80\/en\/wp-json\/wp\/v2\/projekt-status?post=50145"},{"taxonomy":"projekt-kategorie","embeddable":true,"href":"https:\/\/www.hkarchitekten.at\/v80\/en\/wp-json\/wp\/v2\/projekt-kategorie?post=50145"},{"taxonomy":"projektphase","embeddable":true,"href":"https:\/\/www.hkarchitekten.at\/v80\/en\/wp-json\/wp\/v2\/projektphase?post=50145"}],"curies":[{"name":"wp","href":"https:\/\/api.w.org\/{rel}","templated":true}]}}

Sutterlüty P, Egg

<p>Ist ein Flachdach im Bregenzerwald richtig? Die Frage beschäftigte bei diesem Bau neben Architekt und Bauherrn die ganze Gemeindevertretung. Nach eingehendem Diskussionsprozess fand man schließlich Einigung, dass in dieser Lage aufgrund der baulich heterogenen Nachbarschaft diese Dachform möglich ist. Die Qualität eines Hauses hängt ja nicht nur an der Frage nach der richtigen Dachform.<br />
So übernimmt dieses Haus viele Attribute des Bregenzerwälderhauses wie:<br />
Längsbaukörper, Materialisierung, Umgang mit dem Gelände sowie die einfache und klare Gestaltung und versucht trotz „fremder“ Dachform den Dialog mit der baulichen Tradition zu führen.</p>
